File: /home/thehunarfound/access-logs/sendy.thehunarfoundation.org
205.210.31.129 - - [04/May/2026:13:19:28 +0000] "GET / HTTP/1.1" 200 14610 "-" "Hello from Palo Alto Networks, find out more about our scans in https://docs-cortex.paloaltonetworks.com/r/1/Cortex-Xpanse/Scanning-activity"
172.31.20.68 - - [05/May/2026:04:50:06 +0000] "GET /.well-known/acme-challenge/XC9RZ_JJ4-X7J3NGEZ6-1FH9ENC2_4WD HTTP/1.1" 200 64 "-" "Cpanel-HTTP-Client/1.0"
23.178.112.106 - - [05/May/2026:04:50:24 +0000] "GET /.well-known/acme-challenge/ZgW_lSjt0It6hbsPsWkiG8zBdAD_xaQx7VNkxu24KFY HTTP/1.1" 200 87 "-" "Mozilla/5.0 (compatible; Let's Encrypt validation server; +https://www.letsencrypt.org)"
13.214.216.246 - - [05/May/2026:04:50:24 +0000] "GET /.well-known/acme-challenge/ZgW_lSjt0It6hbsPsWkiG8zBdAD_xaQx7VNkxu24KFY HTTP/1.1" 200 87 "-" "Mozilla/5.0 (compatible; Let's Encrypt validation server; +https://www.letsencrypt.org)"
44.248.63.136 - - [05/May/2026:04:50:25 +0000] "GET /.well-known/acme-challenge/ZgW_lSjt0It6hbsPsWkiG8zBdAD_xaQx7VNkxu24KFY HTTP/1.1" 200 87 "-" "Mozilla/5.0 (compatible; Let's Encrypt validation server; +https://www.letsencrypt.org)"
16.16.56.115 - - [05/May/2026:04:50:25 +0000] "GET /.well-known/acme-challenge/ZgW_lSjt0It6hbsPsWkiG8zBdAD_xaQx7VNkxu24KFY HTTP/1.1" 200 87 "-" "Mozilla/5.0 (compatible; Let's Encrypt validation server; +https://www.letsencrypt.org)"
3.134.76.232 - - [05/May/2026:04:50:25 +0000] "GET /.well-known/acme-challenge/ZgW_lSjt0It6hbsPsWkiG8zBdAD_xaQx7VNkxu24KFY HTTP/1.1" 200 87 "-" "Mozilla/5.0 (compatible; Let's Encrypt validation server; +https://www.letsencrypt.org)"
172.31.20.68 - - [05/May/2026:04:51:02 +0000] "GET /.well-known/acme-challenge/ZID0376S0H4KRY4ABMS9RE-NIRHSCVC0 HTTP/1.1" 200 64 "-" "Cpanel-HTTP-Client/1.0"
146.190.63.48 - - [05/May/2026:04:51:53 +0000] "GET / HTTP/1.1" 200 14795 "-" "Mozilla/5.0 (l9scan/2.0.1353e2032323e2937313e24353; +https://leakix.net)"
146.190.63.48 - - [05/May/2026:04:51:54 +0000] "GET /console/ HTTP/1.1" 404 125 "-" "Mozilla/5.0 (l9scan/2.0.1353e2032323e2937313e24353; +https://leakix.net)"
57.129.16.41 - - [05/May/2026:04:51:54 +0000] "GET / HTTP/1.1" 200 14795 "-" "Go-http-client/1.1"
57.129.16.41 - - [05/May/2026:04:51:54 +0000] "HEAD /_compatibility.php.sorry HTTP/1.1" 404 - "-" "Go-http-client/1.1"
57.129.16.41 - - [05/May/2026:04:51:54 +0000] "GET /api/ HTTP/1.1" 200 1875 "-" "Go-http-client/1.1"
57.129.16.41 - - [05/May/2026:04:51:54 +0000] "HEAD /_install.php.sorry HTTP/1.1" 404 - "-" "Go-http-client/1.1"
57.129.16.41 - - [05/May/2026:04:51:55 +0000] "HEAD /api/_connect.php.sorry HTTP/1.1" 404 - "-" "Go-http-client/1.1"
146.190.63.48 - - [05/May/2026:04:51:55 +0000] "GET /server HTTP/1.1" 404 125 "-" "Mozilla/5.0 (l9scan/2.0.1353e2032323e2937313e24353; +https://leakix.net)"
57.129.16.41 - - [05/May/2026:04:51:55 +0000] "GET /api/campaigns/ HTTP/1.1" 200 804 "-" "Go-http-client/1.1"
57.129.16.41 - - [05/May/2026:04:51:55 +0000] "HEAD /api/campaigns/create.php.sorry HTTP/1.1" 404 - "-" "Go-http-client/1.1"
57.129.16.41 - - [05/May/2026:04:51:56 +0000] "HEAD /api/default.php.sorry HTTP/1.1" 404 - "-" "Go-http-client/1.1"
146.190.63.48 - - [05/May/2026:04:51:56 +0000] "GET /server-status HTTP/1.1" 404 125 "-" "Mozilla/5.0 (l9scan/2.0.1353e2032323e2937313e24353; +https://leakix.net)"
57.129.16.41 - - [05/May/2026:04:51:57 +0000] "HEAD /api/image.ico.sorry HTTP/1.1" 200 - "-" "Go-http-client/1.1"
57.129.16.41 - - [05/May/2026:04:51:57 +0000] "GET /api/image.ico.sorry HTTP/1.1" 200 4818 "-" "Go-http-client/1.1"
57.129.16.41 - - [05/May/2026:04:51:57 +0000] "HEAD /api/library.php.sorry HTTP/1.1" 404 - "-" "Go-http-client/1.1"
57.129.16.41 - - [05/May/2026:04:51:57 +0000] "GET /api/subscribers/ HTTP/1.1" 200 1212 "-" "Go-http-client/1.1"
57.129.16.41 - - [05/May/2026:04:51:57 +0000] "HEAD /api/subscribers/active-subscriber-count.php.sorry HTTP/1.1" 404 - "-" "Go-http-client/1.1"
57.129.16.41 - - [05/May/2026:04:51:58 +0000] "HEAD /api/subscribers/delete.php.sorry HTTP/1.1" 404 - "-" "Go-http-client/1.1"
146.190.63.48 - - [05/May/2026:04:51:58 +0000] "GET /about HTTP/1.1" 404 125 "-" "Mozilla/5.0 (l9scan/2.0.1353e2032323e2937313e24353; +https://leakix.net)"
57.129.16.41 - - [05/May/2026:04:51:58 +0000] "HEAD /api/subscribers/subscription-status.php.sorry HTTP/1.1" 404 - "-" "Go-http-client/1.1"
57.129.16.41 - - [05/May/2026:04:51:58 +0000] "HEAD /api/task.php.sorry HTTP/1.1" 404 - "-" "Go-http-client/1.1"
57.129.16.41 - - [05/May/2026:04:51:59 +0000] "HEAD /app.php.sorry HTTP/1.1" 404 - "-" "Go-http-client/1.1"
146.190.63.48 - - [05/May/2026:04:51:59 +0000] "GET /login.action HTTP/1.1" 404 125 "-" "Mozilla/5.0 (l9scan/2.0.1353e2032323e2937313e24353; +https://leakix.net)"
57.129.16.41 - - [05/May/2026:04:51:59 +0000] "HEAD /autoresponders-create.php.sorry HTTP/1.1" 404 - "-" "Go-http-client/1.1"
57.129.16.41 - - [05/May/2026:04:51:59 +0000] "HEAD /autoresponders-edit.php.sorry HTTP/1.1" 404 - "-" "Go-http-client/1.1"
57.129.16.41 - - [05/May/2026:04:52:00 +0000] "HEAD /autoresponders-emails.php.sorry HTTP/1.1" 404 - "-" "Go-http-client/1.1"
146.190.63.48 - - [05/May/2026:04:52:00 +0000] "GET / HTTP/1.1" 200 14795 "-" "Mozilla/5.0 (l9scan/2.0.1353e2032323e2937313e24353; +https://leakix.net)"
57.129.16.41 - - [05/May/2026:04:52:00 +0000] "HEAD /autoresponders-list.php.sorry HTTP/1.1" 404 - "-" "Go-http-client/1.1"
146.190.63.48 - - [05/May/2026:04:52:00 +0000] "GET /___proxy_subdomain_whm/login HTTP/1.1" 404 125 "-" "Mozilla/5.0 (l9scan/2.0.1353e2032323e2937313e24353; +https://leakix.net)"
57.129.16.41 - - [05/May/2026:04:52:00 +0000] "HEAD /autoresponders-report.php.sorry HTTP/1.1" 404 - "-" "Go-http-client/1.1"
146.190.63.48 - - [05/May/2026:04:52:01 +0000] "GET /___proxy_subdomain_cpanel HTTP/1.1" 404 125 "-" "Mozilla/5.0 (l9scan/2.0.1353e2032323e2937313e24353; +https://leakix.net)"
57.129.16.41 - - [05/May/2026:04:52:01 +0000] "HEAD /autoresponders.php.sorry HTTP/1.1" 404 - "-" "Go-http-client/1.1"
146.190.63.48 - - [05/May/2026:04:52:01 +0000] "GET /v2/_catalog HTTP/1.1" 404 125 "-" "Mozilla/5.0 (l9scan/2.0.1353e2032323e2937313e24353; +https://leakix.net)"
57.129.16.41 - - [05/May/2026:04:52:01 +0000] "HEAD /blacklist-blocked-domains.php.sorry HTTP/1.1" 404 - "-" "Go-http-client/1.1"
57.129.16.41 - - [05/May/2026:04:52:01 +0000] "HEAD /blacklist-suppression.php.sorry HTTP/1.1" 404 - "-" "Go-http-client/1.1"
57.129.16.41 - - [05/May/2026:04:52:02 +0000] "GET /certs/ HTTP/1.1" 200 967 "-" "Go-http-client/1.1"
57.129.16.41 - - [05/May/2026:04:52:02 +0000] "HEAD /campaigns-rss.php.sorry HTTP/1.1" 404 - "-" "Go-http-client/1.1"
146.190.63.48 - - [05/May/2026:04:52:02 +0000] "GET /.DS_Store HTTP/1.1" 404 125 "-" "Mozilla/5.0 (l9scan/2.0.1353e2032323e2937313e24353; +https://leakix.net)"
57.129.16.41 - - [05/May/2026:04:52:02 +0000] "HEAD /certs/cacert.pem.sorry HTTP/1.1" 200 - "-" "Go-http-client/1.1"
57.129.16.41 - - [05/May/2026:04:52:02 +0000] "GET /certs/cacert.pem.sorry HTTP/1.1" 200 252690 "-" "Go-http-client/1.1"
146.190.63.48 - - [05/May/2026:04:52:03 +0000] "GET /.env HTTP/1.1" 404 125 "-" "Mozilla/5.0 (l9scan/2.0.1353e2032323e2937313e24353; +https://leakix.net)"
57.129.16.41 - - [05/May/2026:04:52:03 +0000] "HEAD /certs/certs.php.sorry HTTP/1.1" 404 - "-" "Go-http-client/1.1"
57.129.16.41 - - [05/May/2026:04:52:03 +0000] "HEAD /clear-queue.php.sorry HTTP/1.1" 404 - "-" "Go-http-client/1.1"
57.129.16.41 - - [05/May/2026:04:52:04 +0000] "HEAD /confirm.php.sorry HTTP/1.1" 404 - "-" "Go-http-client/1.1"
57.129.16.41 - - [05/May/2026:04:52:04 +0000] "HEAD /create-template.php.sorry HTTP/1.1" 404 - "-" "Go-http-client/1.1"
57.129.16.41 - - [05/May/2026:04:52:04 +0000] "GET /css/ HTTP/1.1" 200 3042 "-" "Go-http-client/1.1"
57.129.16.41 - - [05/May/2026:04:52:04 +0000] "HEAD /create.php.sorry HTTP/1.1" 404 - "-" "Go-http-client/1.1"
57.129.16.41 - - [05/May/2026:04:52:05 +0000] "HEAD /css/all.css.sorry HTTP/1.1" 200 - "-" "Go-http-client/1.1"
57.129.16.41 - - [05/May/2026:04:52:05 +0000] "GET /css/all.css.sorry HTTP/1.1" 200 10608 "-" "Go-http-client/1.1"
146.190.63.48 - - [05/May/2026:04:52:05 +0000] "GET /ecp/Current/exporttool/microsoft.exchange.ediscovery.exporttool.application HTTP/1.1" 404 125 "-" "Mozilla/5.0 (l9scan/2.0.1353e2032323e2937313e24353; +https://leakix.net)"
57.129.16.41 - - [05/May/2026:04:52:05 +0000] "HEAD /css/bootstrap-responsive.css.sorry HTTP/1.1" 200 - "-" "Go-http-client/1.1"
57.129.16.41 - - [05/May/2026:04:52:05 +0000] "GET /css/bootstrap-responsive.css.sorry HTTP/1.1" 200 16840 "-" "Go-http-client/1.1"
57.129.16.41 - - [05/May/2026:04:52:05 +0000] "HEAD /css/bootstrap.css.sorry HTTP/1.1" 200 - "-" "Go-http-client/1.1"
57.129.16.41 - - [05/May/2026:04:52:06 +0000] "GET /css/dark/ HTTP/1.1" 200 1550 "-" "Go-http-client/1.1"
57.129.16.41 - - [05/May/2026:04:52:06 +0000] "GET /css/bootstrap.css.sorry HTTP/1.1" 200 100607 "-" "Go-http-client/1.1"
57.129.16.41 - - [05/May/2026:04:52:06 +0000] "HEAD /css/dark/all.css.sorry HTTP/1.1" 200 - "-" "Go-http-client/1.1"
57.129.16.41 - - [05/May/2026:04:52:06 +0000] "GET /css/dark/all.css.sorry HTTP/1.1" 200 10720 "-" "Go-http-client/1.1"
57.129.16.41 - - [05/May/2026:04:52:07 +0000] "HEAD /css/dark/bootstrap.css.sorry HTTP/1.1" 200 - "-" "Go-http-client/1.1"
57.129.16.41 - - [05/May/2026:04:52:07 +0000] "GET /css/dark/bootstrap.css.sorry HTTP/1.1" 200 100512 "-" "Go-http-client/1.1"
146.190.63.48 - - [05/May/2026:04:52:07 +0000] "GET /.git/config HTTP/1.1" 404 125 "-" "Mozilla/5.0 (l9scan/2.0.1353e2032323e2937313e24353; +https://leakix.net)"
57.129.16.41 - - [05/May/2026:04:52:07 +0000] "HEAD /css/dark/pikaday.css.sorry HTTP/1.1" 200 - "-" "Go-http-client/1.1"
57.129.16.41 - - [05/May/2026:04:52:08 +0000] "GET /css/dark/pikaday.css.sorry HTTP/1.1" 200 6890 "-" "Go-http-client/1.1"
57.129.16.41 - - [05/May/2026:04:52:08 +0000] "HEAD /css/dark/responsive-tables.css.sorry HTTP/1.1" 200 - "-" "Go-http-client/1.1"
57.129.16.41 - - [05/May/2026:04:52:08 +0000] "GET /css/dark/responsive-tables.css.sorry HTTP/1.1" 200 3951 "-" "Go-http-client/1.1"
146.190.63.48 - - [05/May/2026:04:52:08 +0000] "POST /graphql HTTP/1.1" 404 125 "-" "Mozilla/5.0 (l9scan/2.0.1353e2032323e2937313e24353; +https://leakix.net)"
57.129.16.41 - - [05/May/2026:04:52:08 +0000] "HEAD /css/dark/tablesorter.css.sorry HTTP/1.1" 200 - "-" "Go-http-client/1.1"
57.129.16.41 - - [05/May/2026:04:52:08 +0000] "GET /css/dark/tablesorter.css.sorry HTTP/1.1" 200 11111 "-" "Go-http-client/1.1"
57.129.16.41 - - [05/May/2026:04:52:09 +0000] "HEAD /css/datepicker.css.sorry HTTP/1.1" 200 - "-" "Go-http-client/1.1"
57.129.16.41 - - [05/May/2026:04:52:09 +0000] "GET /css/datepicker.css.sorry HTTP/1.1" 200 6572 "-" "Go-http-client/1.1"
146.190.63.48 - - [05/May/2026:04:52:09 +0000] "POST /api HTTP/1.1" 301 248 "-" "Mozilla/5.0 (l9scan/2.0.1353e2032323e2937313e24353; +https://leakix.net)"
57.129.16.41 - - [05/May/2026:04:52:09 +0000] "HEAD /css/font-awesome-ie7.min.css.sorry HTTP/1.1" 200 - "-" "Go-http-client/1.1"
57.129.16.41 - - [05/May/2026:04:52:09 +0000] "GET /css/font-awesome-ie7.min.css.sorry HTTP/1.1" 200 41086 "-" "Go-http-client/1.1"
57.129.16.41 - - [05/May/2026:04:52:10 +0000] "GET /css/font/ HTTP/1.1" 200 1570 "-" "Go-http-client/1.1"
57.129.16.41 - - [05/May/2026:04:52:10 +0000] "HEAD /css/font-awesome.min.css.sorry HTTP/1.1" 200 - "-" "Go-http-client/1.1"
57.129.16.41 - - [05/May/2026:04:52:10 +0000] "GET /css/font-awesome.min.css.sorry HTTP/1.1" 200 25493 "-" "Go-http-client/1.1"
146.190.63.48 - - [05/May/2026:04:52:10 +0000] "POST /api/graphql HTTP/1.1" 404 125 "-" "Mozilla/5.0 (l9scan/2.0.1353e2032323e2937313e24353; +https://leakix.net)"
57.129.16.41 - - [05/May/2026:04:52:10 +0000] "HEAD /css/font/FontAwesome.otf HTTP/1.1" 200 - "-" "Go-http-client/1.1"
57.129.16.41 - - [05/May/2026:04:52:10 +0000] "GET /css/font/FontAwesome.otf HTTP/1.1" 200 61896 "-" "Go-http-client/1.1"
146.190.63.48 - - [05/May/2026:04:52:10 +0000] "POST /graphql/api HTTP/1.1" 404 125 "-" "Mozilla/5.0 (l9scan/2.0.1353e2032323e2937313e24353; +https://leakix.net)"
57.129.16.41 - - [05/May/2026:04:52:10 +0000] "HEAD /css/font/fontawesome-webfont.eot HTTP/1.1" 200 - "-" "Go-http-client/1.1"
57.129.16.41 - - [05/May/2026:04:52:11 +0000] "GET /css/font/fontawesome-webfont.eot HTTP/1.1" 200 37405 "-" "Go-http-client/1.1"
146.190.63.48 - - [05/May/2026:04:52:11 +0000] "POST /api/gql HTTP/1.1" 404 125 "-" "Mozilla/5.0 (l9scan/2.0.1353e2032323e2937313e24353; +https://leakix.net)"
57.129.16.41 - - [05/May/2026:04:52:11 +0000] "HEAD /css/font/fontawesome-webfont.svg.sorry HTTP/1.1" 200 - "-" "Go-http-client/1.1"
57.129.16.41 - - [05/May/2026:04:52:11 +0000] "GET /css/font/fontawesome-webfont.svg.sorry HTTP/1.1" 200 200226 "-" "Go-http-client/1.1"
146.190.63.48 - - [05/May/2026:04:52:11 +0000] "GET /s/1353e2032323e2937313e24353/_/;/META-INF/maven/com.atlassian.jira/jira-webapp-dist/pom.properties HTTP/1.1" 404 125 "-" "Mozilla/5.0 (l9scan/2.0.1353e2032323e2937313e24353; +https://leakix.net)"
57.129.16.41 - - [05/May/2026:04:52:11 +0000] "HEAD /css/font/fontawesome-webfont.ttf HTTP/1.1" 200 - "-" "Go-http-client/1.1"
57.129.16.41 - - [05/May/2026:04:52:12 +0000] "GET /css/font/fontawesome-webfont.ttf HTTP/1.1" 200 79076 "-" "Go-http-client/1.1"
57.129.16.41 - - [05/May/2026:04:52:12 +0000] "HEAD /css/font/fontawesome-webfont.woff HTTP/1.1" 200 - "-" "Go-http-client/1.1"
57.129.16.41 - - [05/May/2026:04:52:12 +0000] "GET /css/font/fontawesome-webfont.woff HTTP/1.1" 200 43572 "-" "Go-http-client/1.1"
146.190.63.48 - - [05/May/2026:04:52:12 +0000] "GET /config.json HTTP/1.1" 404 125 "-" "Mozilla/5.0 (l9scan/2.0.1353e2032323e2937313e24353; +https://leakix.net)"
57.129.16.41 - - [05/May/2026:04:52:12 +0000] "HEAD /css/pikaday.css.sorry HTTP/1.1" 200 - "-" "Go-http-client/1.1"
57.129.16.41 - - [05/May/2026:04:52:12 +0000] "GET /css/pikaday.css.sorry HTTP/1.1" 200 6875 "-" "Go-http-client/1.1"
57.129.16.41 - - [05/May/2026:04:52:13 +0000] "HEAD /css/print.css.sorry HTTP/1.1" 200 - "-" "Go-http-client/1.1"
57.129.16.41 - - [05/May/2026:04:52:13 +0000] "GET /css/print.css.sorry HTTP/1.1" 200 2516 "-" "Go-http-client/1.1"
57.129.16.41 - - [05/May/2026:04:52:13 +0000] "HEAD /css/responsive-tables.css.sorry HTTP/1.1" 200 - "-" "Go-http-client/1.1"
57.129.16.41 - - [05/May/2026:04:52:13 +0000] "GET /css/responsive-tables.css.sorry HTTP/1.1" 200 3945 "-" "Go-http-client/1.1"
57.129.16.41 - - [05/May/2026:04:52:14 +0000] "HEAD /css/subscription.css.sorry HTTP/1.1" 200 - "-" "Go-http-client/1.1"
57.129.16.41 - - [05/May/2026:04:52:14 +0000] "GET /css/subscription.css.sorry HTTP/1.1" 200 7912 "-" "Go-http-client/1.1"
57.129.16.41 - - [05/May/2026:04:52:14 +0000] "HEAD /css/tablesorter.css.sorry HTTP/1.1" 200 - "-" "Go-http-client/1.1"
57.129.16.41 - - [05/May/2026:04:52:14 +0000] "GET /css/tablesorter.css.sorry HTTP/1.1" 200 11105 "-" "Go-http-client/1.1"
146.190.63.48 - - [05/May/2026:04:52:14 +0000] "GET /telescope/requests HTTP/1.1" 404 125 "-" "Mozilla/5.0 (l9scan/2.0.1353e2032323e2937313e24353; +https://leakix.net)"
57.129.16.41 - - [05/May/2026:04:52:14 +0000] "HEAD /custom-fields.php.sorry HTTP/1.1" 404 - "-" "Go-http-client/1.1"
146.190.63.48 - - [05/May/2026:04:52:15 +0000] "GET /info.php HTTP/1.1" 404 125 "-" "Mozilla/5.0 (l9scan/2.0.1353e2032323e2937313e24353; +https://leakix.net)"
57.129.16.41 - - [05/May/2026:04:52:15 +0000] "HEAD /delete-from-list.php.sorry HTTP/1.1" 404 - "-" "Go-http-client/1.1"
57.129.16.41 - - [05/May/2026:04:52:15 +0000] "HEAD /detect-table-conflicts.php.sorry HTTP/1.1" 404 - "-" "Go-http-client/1.1"
57.129.16.41 - - [05/May/2026:04:52:16 +0000] "HEAD /edit-brand.php.sorry HTTP/1.1" 404 - "-" "Go-http-client/1.1"
146.190.63.48 - - [05/May/2026:04:52:16 +0000] "GET /.well-known/security.txt HTTP/1.1" 404 125 "-" "Mozilla/5.0 (l9scan/2.0.1353e2032323e2937313e24353; +https://leakix.net)"
57.129.16.41 - - [05/May/2026:04:52:16 +0000] "HEAD /edit-list.php.sorry HTTP/1.1" 404 - "-" "Go-http-client/1.1"
57.129.16.41 - - [05/May/2026:04:52:16 +0000] "HEAD /edit-template.php.sorry HTTP/1.1" 404 - "-" "Go-http-client/1.1"
146.190.63.48 - - [05/May/2026:04:52:17 +0000] "GET /actuator/env HTTP/1.1" 404 125 "-" "Mozilla/5.0 (l9scan/2.0.1353e2032323e2937313e24353; +https://leakix.net)"
57.129.16.41 - - [05/May/2026:04:52:17 +0000] "HEAD /edit.php.sorry HTTP/1.1" 404 - "-" "Go-http-client/1.1"
57.129.16.41 - - [05/May/2026:04:52:17 +0000] "HEAD /eula.txt.sorry HTTP/1.1" 200 - "-" "Go-http-client/1.1"
57.129.16.41 - - [05/May/2026:04:52:17 +0000] "GET /eula.txt.sorry HTTP/1.1" 200 8998 "-" "Go-http-client/1.1"
57.129.16.41 - - [05/May/2026:04:52:17 +0000] "HEAD /housekeeping-inactive.php.sorry HTTP/1.1" 404 - "-" "Go-http-client/1.1"
57.129.16.41 - - [05/May/2026:04:52:18 +0000] "GET /img/ HTTP/1.1" 200 4424 "-" "Go-http-client/1.1"
57.129.16.41 - - [05/May/2026:04:52:18 +0000] "HEAD /housekeeping-unconfirmed.php.sorry HTTP/1.1" 404 - "-" "Go-http-client/1.1"
57.129.16.41 - - [05/May/2026:04:52:18 +0000] "HEAD /img/default-favicon-alt.png.sorry HTTP/1.1" 200 - "-" "Go-http-client/1.1"
57.129.16.41 - - [05/May/2026:04:52:18 +0000] "GET /img/default-favicon-alt.png.sorry HTTP/1.1" 200 4111 "-" "Go-http-client/1.1"
57.129.16.41 - - [05/May/2026:04:52:18 +0000] "HEAD /img/default-favicon.png.sorry HTTP/1.1" 200 - "-" "Go-http-client/1.1"
57.129.16.41 - - [05/May/2026:04:52:19 +0000] "GET /img/default-favicon.png.sorry HTTP/1.1" 200 3816 "-" "Go-http-client/1.1"
146.190.63.48 - - [05/May/2026:04:52:19 +0000] "GET /swagger-ui.html HTTP/1.1" 404 125 "-" "Mozilla/5.0 (l9scan/2.0.1353e2032323e2937313e24353; +https://leakix.net)"
57.129.16.41 - - [05/May/2026:04:52:19 +0000] "HEAD /img/email-icon.gif.sorry HTTP/1.1" 200 - "-" "Go-http-client/1.1"
57.129.16.41 - - [05/May/2026:04:52:19 +0000] "GET /img/email-icon.gif.sorry HTTP/1.1" 200 6059 "-" "Go-http-client/1.1"
57.129.16.41 - - [05/May/2026:04:52:19 +0000] "HEAD /img/favicon.png.sorry HTTP/1.1" 200 - "-" "Go-http-client/1.1"
57.129.16.41 - - [05/May/2026:04:52:19 +0000] "GET /img/favicon.png.sorry HTTP/1.1" 200 13519 "-" "Go-http-client/1.1"
146.190.63.48 - - [05/May/2026:04:52:20 +0000] "GET /swagger/index.html HTTP/1.1" 404 125 "-" "Mozilla/5.0 (l9scan/2.0.1353e2032323e2937313e24353; +https://leakix.net)"
57.129.16.41 - - [05/May/2026:04:52:20 +0000] "HEAD /img/glyphicons-halflings-white.png.sorry HTTP/1.1" 200 - "-" "Go-http-client/1.1"
57.129.16.41 - - [05/May/2026:04:52:20 +0000] "GET /img/glyphicons-halflings-white.png.sorry HTTP/1.1" 200 11114 "-" "Go-http-client/1.1"
57.129.16.41 - - [05/May/2026:04:52:20 +0000] "HEAD /img/glyphicons-halflings.png.sorry HTTP/1.1" 200 - "-" "Go-http-client/1.1"
57.129.16.41 - - [05/May/2026:04:52:20 +0000] "GET /img/glyphicons-halflings.png.sorry HTTP/1.1" 200 26718 "-" "Go-http-client/1.1"
57.129.16.41 - - [05/May/2026:04:52:21 +0000] "HEAD /img/google-authenticator.png.sorry HTTP/1.1" 200 - "-" "Go-http-client/1.1"
146.190.63.48 - - [05/May/2026:04:52:21 +0000] "GET /swagger/swagger-ui.html HTTP/1.1" 404 125 "-" "Mozilla/5.0 (l9scan/2.0.1353e2032323e2937313e24353; +https://leakix.net)"
57.129.16.41 - - [05/May/2026:04:52:21 +0000] "GET /img/google-authenticator.png.sorry HTTP/1.1" 200 17078 "-" "Go-http-client/1.1"
57.129.16.41 - - [05/May/2026:04:52:21 +0000] "HEAD /img/key.gif.sorry HTTP/1.1" 200 - "-" "Go-http-client/1.1"
57.129.16.41 - - [05/May/2026:04:52:21 +0000] "GET /img/key.gif.sorry HTTP/1.1" 200 5462 "-" "Go-http-client/1.1"
57.129.16.41 - - [05/May/2026:04:52:21 +0000] "HEAD /img/loader-dark.gif.sorry HTTP/1.1" 200 - "-" "Go-http-client/1.1"
57.129.16.41 - - [05/May/2026:04:52:22 +0000] "GET /img/loader-dark.gif.sorry HTTP/1.1" 200 8439 "-" "Go-http-client/1.1"
146.190.63.48 - - [05/May/2026:04:52:22 +0000] "GET /webjars/swagger-ui/index.html HTTP/1.1" 404 125 "-" "Mozilla/5.0 (l9scan/2.0.1353e2032323e2937313e24353; +https://leakix.net)"
57.129.16.41 - - [05/May/2026:04:52:22 +0000] "HEAD /img/loader-light.gif.sorry HTTP/1.1" 200 - "-" "Go-http-client/1.1"
57.129.16.41 - - [05/May/2026:04:52:22 +0000] "GET /img/loader-light.gif.sorry HTTP/1.1" 200 8834 "-" "Go-http-client/1.1"
57.129.16.41 - - [05/May/2026:04:52:22 +0000] "HEAD /img/personalizationtags.png.sorry HTTP/1.1" 200 - "-" "Go-http-client/1.1"
57.129.16.41 - - [05/May/2026:04:52:22 +0000] "GET /img/personalizationtags.png.sorry HTTP/1.1" 200 3853 "-" "Go-http-client/1.1"
146.190.63.48 - - [05/May/2026:04:52:23 +0000] "GET /swagger.json HTTP/1.1" 404 125 "-" "Mozilla/5.0 (l9scan/2.0.1353e2032323e2937313e24353; +https://leakix.net)"
57.129.16.41 - - [05/May/2026:04:52:23 +0000] "HEAD /img/scheduled.jpg.sorry HTTP/1.1" 200 - "-" "Go-http-client/1.1"
57.129.16.41 - - [05/May/2026:04:52:23 +0000] "GET /img/scheduled.jpg.sorry HTTP/1.1" 200 38933 "-" "Go-http-client/1.1"
57.129.16.41 - - [05/May/2026:04:52:23 +0000] "HEAD /img/sending.jpg.sorry HTTP/1.1" 200 - "-" "Go-http-client/1.1"
57.129.16.41 - - [05/May/2026:04:52:23 +0000] "GET /img/sending.jpg.sorry HTTP/1.1" 200 11380 "-" "Go-http-client/1.1"
57.129.16.41 - - [05/May/2026:04:52:24 +0000] "HEAD /img/sendy-avatar.png.sorry HTTP/1.1" 200 - "-" "Go-http-client/1.1"
146.190.63.48 - - [05/May/2026:04:52:24 +0000] "GET /swagger/v1/swagger.json HTTP/1.1" 404 125 "-" "Mozilla/5.0 (l9scan/2.0.1353e2032323e2937313e24353; +https://leakix.net)"
57.129.16.41 - - [05/May/2026:04:52:24 +0000] "GET /img/sendy-avatar.png.sorry HTTP/1.1" 200 5410 "-" "Go-http-client/1.1"
57.129.16.41 - - [05/May/2026:04:52:24 +0000] "HEAD /img/sendy-icon.png.sorry HTTP/1.1" 200 - "-" "Go-http-client/1.1"
57.129.16.41 - - [05/May/2026:04:52:24 +0000] "GET /img/sendy-icon.png.sorry HTTP/1.1" 200 11451 "-" "Go-http-client/1.1"
57.129.16.41 - - [05/May/2026:04:52:24 +0000] "HEAD /img/tick.jpg.sorry HTTP/1.1" 200 - "-" "Go-http-client/1.1"
57.129.16.41 - - [05/May/2026:04:52:25 +0000] "GET /img/tick.jpg.sorry HTTP/1.1" 200 12395 "-" "Go-http-client/1.1"
146.190.63.48 - - [05/May/2026:04:52:25 +0000] "GET /v2/api-docs HTTP/1.1" 404 125 "-" "Mozilla/5.0 (l9scan/2.0.1353e2032323e2937313e24353; +https://leakix.net)"
57.129.16.41 - - [05/May/2026:04:52:25 +0000] "HEAD /img/to.png.sorry HTTP/1.1" 200 - "-" "Go-http-client/1.1"
57.129.16.41 - - [05/May/2026:04:52:25 +0000] "GET /img/to.png.sorry HTTP/1.1" 200 3263 "-" "Go-http-client/1.1"
57.129.16.41 - - [05/May/2026:04:52:25 +0000] "HEAD /img/top-pattern.gif.sorry HTTP/1.1" 200 - "-" "Go-http-client/1.1"
57.129.16.41 - - [05/May/2026:04:52:25 +0000] "GET /img/top-pattern.gif.sorry HTTP/1.1" 200 3834 "-" "Go-http-client/1.1"
146.190.63.48 - - [05/May/2026:04:52:26 +0000] "GET /v3/api-docs HTTP/1.1" 404 125 "-" "Mozilla/5.0 (l9scan/2.0.1353e2032323e2937313e24353; +https://leakix.net)"
57.129.16.41 - - [05/May/2026:04:52:26 +0000] "HEAD /img/top-pattern2.gif.sorry HTTP/1.1" 200 - "-" "Go-http-client/1.1"
57.129.16.41 - - [05/May/2026:04:52:26 +0000] "GET /img/top-pattern2.gif.sorry HTTP/1.1" 200 2607 "-" "Go-http-client/1.1"
57.129.16.41 - - [05/May/2026:04:52:26 +0000] "HEAD /img/turn-off-grammarly.gif.sorry HTTP/1.1" 200 - "-" "Go-http-client/1.1"
57.129.16.41 - - [05/May/2026:04:52:26 +0000] "GET /img/turn-off-grammarly.gif.sorry HTTP/1.1" 200 79145 "-" "Go-http-client/1.1"
57.129.16.41 - - [05/May/2026:04:52:26 +0000] "HEAD /import-csv.php.sorry HTTP/1.1" 404 - "-" "Go-http-client/1.1"
146.190.63.48 - - [05/May/2026:04:52:27 +0000] "GET /api-docs/swagger.json HTTP/1.1" 404 125 "-" "Mozilla/5.0 (l9scan/2.0.1353e2032323e2937313e24353; +https://leakix.net)"
57.129.16.41 - - [05/May/2026:04:52:27 +0000] "GET /includes/ HTTP/1.1" 200 4356 "-" "Go-http-client/1.1"
57.129.16.41 - - [05/May/2026:04:52:27 +0000] "GET /includes/app/ HTTP/1.1" 200 2909 "-" "Go-http-client/1.1"
57.129.16.41 - - [05/May/2026:04:52:27 +0000] "HEAD /includes/app/check-email-verification.php.sorry HTTP/1.1" 404 - "-" "Go-http-client/1.1"
57.129.16.41 - - [05/May/2026:04:52:27 +0000] "HEAD /includes/app/create.php.sorry HTTP/1.1" 404 - "-" "Go-http-client/1.1"
146.190.63.48 - - [05/May/2026:04:52:28 +0000] "GET /api/swagger.json HTTP/1.1" 404 125 "-" "Mozilla/5.0 (l9scan/2.0.1353e2032323e2937313e24353; +https://leakix.net)"
57.129.16.41 - - [05/May/2026:04:52:28 +0000] "HEAD /includes/app/delete-logo.php.sorry HTTP/1.1" 404 - "-" "Go-http-client/1.1"
57.129.16.41 - - [05/May/2026:04:52:28 +0000] "HEAD /includes/app/delete.php.sorry HTTP/1.1" 404 - "-" "Go-http-client/1.1"
57.129.16.41 - - [05/May/2026:04:52:28 +0000] "HEAD /includes/app/download-errors-csv.php.sorry HTTP/1.1" 404 - "-" "Go-http-client/1.1"
146.190.63.48 - - [05/May/2026:04:52:29 +0000] "GET /trace.axd HTTP/1.1" 404 125 "-" "Mozilla/5.0 (l9scan/2.0.1353e2032323e2937313e24353; +https://leakix.net)"
57.129.16.41 - - [05/May/2026:04:52:29 +0000] "HEAD /includes/app/duplicate.php.sorry HTTP/1.1" 404 - "-" "Go-http-client/1.1"
57.129.16.41 - - [05/May/2026:04:52:29 +0000] "HEAD /includes/app/edit.php.sorry HTTP/1.1" 404 - "-" "Go-http-client/1.1"
57.129.16.41 - - [05/May/2026:04:52:29 +0000] "HEAD /includes/app/generate-password.php.sorry HTTP/1.1" 404 - "-" "Go-http-client/1.1"
146.190.63.48 - - [05/May/2026:04:52:30 +0000] "GET /@vite/env HTTP/1.1" 404 125 "-" "Mozilla/5.0 (l9scan/2.0.1353e2032323e2937313e24353; +https://leakix.net)"
57.129.16.41 - - [05/May/2026:04:52:30 +0000] "HEAD /includes/app/main.php.sorry HTTP/1.1" 404 - "-" "Go-http-client/1.1"
57.129.16.41 - - [05/May/2026:04:52:30 +0000] "HEAD /includes/app/progress.php.sorry HTTP/1.1" 404 - "-" "Go-http-client/1.1"
57.129.16.41 - - [05/May/2026:04:52:30 +0000] "HEAD /includes/app/verify-email.php.sorry HTTP/1.1" 404 - "-" "Go-http-client/1.1"
146.190.63.48 - - [05/May/2026:04:52:31 +0000] "GET /.vscode/sftp.json HTTP/1.1" 404 125 "-" "Mozilla/5.0 (l9scan/2.0.1353e2032323e2937313e24353; +https://leakix.net)"
57.129.16.41 - - [05/May/2026:04:52:31 +0000] "GET /includes/ares-reports/ HTTP/1.1" 200 1011 "-" "Go-http-client/1.1"
57.129.16.41 - - [05/May/2026:04:52:31 +0000] "HEAD /includes/app/verify-login-email.php.sorry HTTP/1.1" 404 - "-" "Go-http-client/1.1"
57.129.16.41 - - [05/May/2026:04:52:31 +0000] "HEAD /includes/ares-reports/export-csv.php.sorry HTTP/1.1" 404 - "-" "Go-http-client/1.1"
57.129.16.41 - - [05/May/2026:04:52:31 +0000] "GET /includes/ares/ HTTP/1.1" 200 2575 "-" "Go-http-client/1.1"
57.129.16.41 - - [05/May/2026:04:52:31 +0000] "HEAD /includes/ares-reports/main.php.sorry HTTP/1.1" 404 - "-" "Go-http-client/1.1"
57.129.16.41 - - [05/May/2026:04:52:31 +0000] "HEAD /includes/ares/add-autoresponder.php.sorry HTTP/1.1" 404 - "-" "Go-http-client/1.1"
146.190.63.48 - - [05/May/2026:04:52:32 +0000] "OPTIONS / HTTP/1.1" 200 - "-" "Mozilla/5.0 (l9scan/2.0.1353e2032323e2937313e24353; +https://leakix.net)"
57.129.16.41 - - [05/May/2026:04:52:32 +0000] "HEAD /includes/ares/delete-ares.php.sorry HTTP/1.1" 404 - "-" "Go-http-client/1.1"
57.129.16.41 - - [05/May/2026:04:52:32 +0000] "HEAD /includes/ares/delete-attachment.php.sorry HTTP/1.1" 404 - "-" "Go-http-client/1.1"
57.129.16.41 - - [05/May/2026:04:52:32 +0000] "HEAD /includes/ares/delete-email.php.sorry HTTP/1.1" 404 - "-" "Go-http-client/1.1"
146.190.63.48 - - [05/May/2026:04:52:33 +0000] "GET /?rest_route=/wp/v2/users/ HTTP/1.1" 200 14795 "-" "Mozilla/5.0 (l9scan/2.0.1353e2032323e2937313e24353; +https://leakix.net)"
57.129.16.41 - - [05/May/2026:04:52:33 +0000] "HEAD /includes/ares/duplicate-email.php.sorry HTTP/1.1" 404 - "-" "Go-http-client/1.1"
57.129.16.41 - - [05/May/2026:04:52:33 +0000] "HEAD /includes/ares/main.php.sorry HTTP/1.1" 404 - "-" "Go-http-client/1.1"
57.129.16.41 - - [05/May/2026:04:52:33 +0000] "HEAD /includes/ares/save-autoresponder-email.php.sorry HTTP/1.1" 404 - "-" "Go-http-client/1.1"
146.190.63.48 - - [05/May/2026:04:52:34 +0000] "GET /debug/default/view?panel=config HTTP/1.1" 404 125 "-" "Mozilla/5.0 (l9scan/2.0.1353e2032323e2937313e24353; +https://leakix.net)"
57.129.16.41 - - [05/May/2026:04:52:34 +0000] "HEAD /includes/ares/toggle-autoresponder.php.sorry HTTP/1.1" 404 - "-" "Go-http-client/1.1"
57.129.16.41 - - [05/May/2026:04:52:34 +0000] "HEAD /includes/ares/toggle-wysiwyg.php.sorry HTTP/1.1" 404 - "-" "Go-http-client/1.1"
57.129.16.41 - - [05/May/2026:04:52:34 +0000] "GET /includes/campaigns/ HTTP/1.1" 200 1379 "-" "Go-http-client/1.1"
57.129.16.41 - - [05/May/2026:04:52:34 +0000] "HEAD /includes/ares/update-ar-title.php.sorry HTTP/1.1" 404 - "-" "Go-http-client/1.1"
57.129.16.41 - - [05/May/2026:04:52:35 +0000] "HEAD /includes/campaigns/bounces.php.sorry HTTP/1.1" 404 - "-" "Go-http-client/1.1"
57.129.16.41 - - [05/May/2026:04:52:35 +0000] "HEAD /includes/campaigns/check_sns.php.sorry HTTP/1.1" 404 - "-" "Go-http-client/1.1"
57.129.16.41 - - [05/May/2026:04:52:35 +0000] "HEAD /includes/campaigns/complaints.php.sorry HTTP/1.1" 404 - "-" "Go-http-client/1.1"
57.129.16.41 - - [05/May/2026:04:52:36 +0000] "HEAD /includes/campaigns/delete.php.sorry HTTP/1.1" 404 - "-" "Go-http-client/1.1"
57.129.16.41 - - [05/May/2026:04:52:36 +0000] "GET /includes/create/ HTTP/1.1" 200 2523 "-" "Go-http-client/1.1"
57.129.16.41 - - [05/May/2026:04:52:36 +0000] "HEAD /includes/config.php.sorry HTTP/1.1" 404 - "-" "Go-http-client/1.1"
57.129.16.41 - - [05/May/2026:04:52:36 +0000] "HEAD /includes/create/calculate-totals.php.sorry HTTP/1.1" 404 - "-" "Go-http-client/1.1"
57.129.16.41 - - [05/May/2026:04:52:36 +0000] "HEAD /includes/create/delete-attachment.php.sorry HTTP/1.1" 404 - "-" "Go-http-client/1.1"
57.129.16.41 - - [05/May/2026:04:52:37 +0000] "HEAD /includes/create/main.php.sorry HTTP/1.1" 404 - "-" "Go-http-client/1.1"
57.129.16.41 - - [05/May/2026:04:52:37 +0000] "HEAD /includes/create/save-campaign.php.sorry HTTP/1.1" 404 - "-" "Go-http-client/1.1"
57.129.16.41 - - [05/May/2026:04:52:37 +0000] "HEAD /includes/create/send-later.php.sorry HTTP/1.1" 404 - "-" "Go-http-client/1.1"
57.129.16.41 - - [05/May/2026:04:52:38 +0000] "HEAD /includes/create/send-now.php.sorry HTTP/1.1" 404 - "-" "Go-http-client/1.1"
57.129.16.41 - - [05/May/2026:04:52:38 +0000] "HEAD /includes/create/test-send.php.sorry HTTP/1.1" 404 - "-" "Go-http-client/1.1"
57.129.16.41 - - [05/May/2026:04:52:39 +0000] "HEAD /includes/create/timezone.php.sorry HTTP/1.1" 404 - "-" "Go-http-client/1.1"
57.129.16.41 - - [05/May/2026:04:52:39 +0000] "HEAD /includes/create/toggle-wysiwyg.php.sorry HTTP/1.1" 404 - "-" "Go-http-client/1.1"
57.129.16.41 - - [05/May/2026:04:52:39 +0000] "GET /includes/dashboard/ HTTP/1.1" 200 817 "-" "Go-http-client/1.1"
57.129.16.41 - - [05/May/2026:04:52:39 +0000] "HEAD /includes/create/upload.php.sorry HTTP/1.1" 404 - "-" "Go-http-client/1.1"
57.129.16.41 - - [05/May/2026:04:52:39 +0000] "HEAD /includes/dashboard/main.php.sorry HTTP/1.1" 404 - "-" "Go-http-client/1.1"
57.129.16.41 - - [05/May/2026:04:52:40 +0000] "HEAD /includes/footer.php.sorry HTTP/1.1" 404 - "-" "Go-http-client/1.1"
57.129.16.41 - - [05/May/2026:04:52:40 +0000] "HEAD /includes/functions.php.sorry HTTP/1.1" 404 - "-" "Go-http-client/1.1"
57.129.16.41 - - [05/May/2026:04:52:40 +0000] "GET /includes/helpers/ HTTP/1.1" 200 4182 "-" "Go-http-client/1.1"
57.129.16.41 - - [05/May/2026:04:52:40 +0000] "HEAD /includes/header.php.sorry HTTP/1.1" 404 - "-" "Go-http-client/1.1"
57.129.16.41 - - [05/May/2026:04:52:41 +0000] "HEAD /includes/helpers/EmailAddressValidator.php.sorry HTTP/1.1" 404 - "-" "Go-http-client/1.1"
57.129.16.41 - - [05/May/2026:04:52:41 +0000] "HEAD /includes/helpers/PHPMailerAutoload.php.sorry HTTP/1.1" 404 - "-" "Go-http-client/1.1"
57.129.16.41 - - [05/May/2026:04:52:41 +0000] "HEAD /includes/helpers/appearance.php.sorry HTTP/1.1" 404 - "-" "Go-http-client/1.1"
57.129.16.41 - - [05/May/2026:04:52:42 +0000] "HEAD /includes/helpers/class.amazonses.php.sorry HTTP/1.1" 404 - "-" "Go-http-client/1.1"
57.129.16.41 - - [05/May/2026:04:52:42 +0000] "HEAD /includes/helpers/class.phpmailer.php.sorry HTTP/1.1" 404 - "-" "Go-http-client/1.1"
57.129.16.41 - - [05/May/2026:04:52:42 +0000] "GET /includes/helpers/geo/ HTTP/1.1" 200 1000 "-" "Go-http-client/1.1"
57.129.16.41 - - [05/May/2026:04:52:42 +0000] "HEAD /includes/helpers/class.smtp.php.sorry HTTP/1.1" 404 - "-" "Go-http-client/1.1"
57.129.16.41 - - [05/May/2026:04:52:43 +0000] "GET /includes/helpers/geo/geolite/ HTTP/1.1" 200 1027 "-" "Go-http-client/1.1"
57.129.16.41 - - [05/May/2026:04:52:43 +0000] "HEAD /includes/helpers/geo/geolite/GeoIP.dat.sorry HTTP/1.1" 200 - "-" "Go-http-client/1.1"
57.129.16.41 - - [05/May/2026:04:52:43 +0000] "GET /includes/helpers/geo/geolite/GeoIP.dat.sorry HTTP/1.1" 200 1245271 "-" "Go-http-client/1.1"
57.129.16.41 - - [05/May/2026:04:52:44 +0000] "HEAD /includes/helpers/geo/geolite/geoip.inc HTTP/1.1" 200 - "-" "Go-http-client/1.1"
57.129.16.41 - - [05/May/2026:04:52:44 +0000] "GET /includes/helpers/geo/geolite2/ HTTP/1.1" 200 1395 "-" "Go-http-client/1.1"
57.129.16.41 - - [05/May/2026:04:52:44 +0000] "GET /includes/helpers/geo/geolite/geoip.inc HTTP/1.1" 200 30806 "-" "Go-http-client/1.1"
57.129.16.41 - - [05/May/2026:04:52:45 +0000] "HEAD /includes/helpers/geo/geolite2/composer.json.sorry HTTP/1.1" 200 - "-" "Go-http-client/1.1"
57.129.16.41 - - [05/May/2026:04:52:45 +0000] "GET /includes/helpers/geo/geolite2/composer.json.sorry HTTP/1.1" 200 2534 "-" "Go-http-client/1.1"
57.129.16.41 - - [05/May/2026:04:52:45 +0000] "HEAD /includes/helpers/geo/geolite2/composer.lock HTTP/1.1" 200 - "-" "Go-http-client/1.1"
57.129.16.41 - - [05/May/2026:04:52:45 +0000] "GET /includes/helpers/geo/geolite2/composer.lock HTTP/1.1" 200 8260 "-" "Go-http-client/1.1"
57.129.16.41 - - [05/May/2026:04:52:46 +0000] "GET /includes/helpers/geo/geolite2/vendor/ HTTP/1.1" 200 1585 "-" "Go-http-client/1.1"
57.129.16.41 - - [05/May/2026:04:52:46 +0000] "HEAD /includes/helpers/geo/geolite2/index.php.sorry HTTP/1.1" 404 - "-" "Go-http-client/1.1"
57.129.16.41 - - [05/May/2026:04:52:46 +0000] "HEAD /includes/helpers/geo/geolite2/vendor/autoload.php.sorry HTTP/1.1" 404 - "-" "Go-http-client/1.1"
57.129.16.41 - - [05/May/2026:04:52:46 +0000] "GET /includes/helpers/geo/geolite2/vendor/composer/ HTTP/1.1" 200 2423 "-" "Go-http-client/1.1"
57.129.16.41 - - [05/May/2026:04:52:46 +0000] "HEAD /includes/helpers/geo/geolite2/vendor/composer/ClassLoader.php.sorry HTTP/1.1" 404 - "-" "Go-http-client/1.1"
57.129.16.41 - - [05/May/2026:04:52:47 +0000] "HEAD /includes/helpers/geo/geolite2/vendor/composer/LICENSE HTTP/1.1" 200 - "-" "Go-http-client/1.1"
57.129.16.41 - - [05/May/2026:04:52:47 +0000] "GET /includes/helpers/geo/geolite2/vendor/composer/LICENSE HTTP/1.1" 200 1070 "-" "Go-http-client/1.1"
57.129.16.41 - - [05/May/2026:04:52:47 +0000] "HEAD /includes/helpers/geo/geolite2/vendor/composer/autoload_classmap.php.sorry HTTP/1.1" 404 - "-" "Go-http-client/1.1"
57.129.16.41 - - [05/May/2026:04:52:47 +0000] "HEAD /includes/helpers/geo/geolite2/vendor/composer/autoload_namespaces.php.sorry HTTP/1.1" 404 - "-" "Go-http-client/1.1"
57.129.16.41 - - [05/May/2026:04:52:48 +0000] "HEAD /includes/helpers/geo/geolite2/vendor/composer/autoload_psr4.php.sorry HTTP/1.1" 404 - "-" "Go-http-client/1.1"
57.129.16.41 - - [05/May/2026:04:52:48 +0000] "HEAD /includes/helpers/geo/geolite2/vendor/composer/autoload_real.php.sorry HTTP/1.1" 404 - "-" "Go-http-client/1.1"
57.129.16.41 - - [05/May/2026:04:52:48 +0000] "GET /includes/helpers/geo/geolite2/vendor/composer/ca-bundle/ HTTP/1.1" 200 1452 "-" "Go-http-client/1.1"
57.129.16.41 - - [05/May/2026:04:52:48 +0000] "HEAD /includes/helpers/geo/geolite2/vendor/composer/autoload_static.php.sorry HTTP/1.1" 404 - "-" "Go-http-client/1.1"
57.129.16.41 - - [05/May/2026:04:52:49 +0000] "HEAD /includes/helpers/geo/geolite2/vendor/composer/ca-bundle/LICENSE HTTP/1.1" 200 - "-" "Go-http-client/1.1"
57.129.16.41 - - [05/May/2026:04:52:49 +0000] "GET /includes/helpers/geo/geolite2/vendor/composer/ca-bundle/LICENSE HTTP/1.1" 200 1052 "-" "Go-http-client/1.1"
57.129.16.41 - - [05/May/2026:04:52:49 +0000] "HEAD /includes/helpers/geo/geolite2/vendor/composer/ca-bundle/composer.json.sorry HTTP/1.1" 200 - "-" "Go-http-client/1.1"
57.129.16.41 - - [05/May/2026:04:52:49 +0000] "GET /includes/helpers/geo/geolite2/vendor/composer/ca-bundle/res/ HTTP/1.1" 200 948 "-" "Go-http-client/1.1"
57.129.16.41 - - [05/May/2026:04:52:49 +0000] "GET /includes/helpers/geo/geolite2/vendor/composer/ca-bundle/composer.json.sorry HTTP/1.1" 200 3599 "-" "Go-http-client/1.1"
57.129.16.41 - - [05/May/2026:04:52:49 +0000] "HEAD /includes/helpers/geo/geolite2/vendor/composer/ca-bundle/res/cacert.pem.sorry HTTP/1.1" 200 - "-" "Go-http-client/1.1"
57.129.16.41 - - [05/May/2026:04:52:49 +0000] "GET /includes/helpers/geo/geolite2/vendor/composer/ca-bundle/src/ HTTP/1.1" 200 950 "-" "Go-http-client/1.1"
57.129.16.41 - - [05/May/2026:04:52:50 +0000] "GET /includes/helpers/geo/geolite2/vendor/composer/ca-bundle/res/cacert.pem.sorry HTTP/1.1" 200 211706 "-" "Go-http-client/1.1"
57.129.16.41 - - [05/May/2026:04:52:50 +0000] "HEAD /includes/helpers/geo/geolite2/vendor/composer/ca-bundle/src/CaBundle.php.sorry HTTP/1.1" 404 - "-" "Go-http-client/1.1"
57.129.16.41 - - [05/May/2026:04:52:51 +0000] "HEAD /includes/helpers/geo/geolite2/vendor/composer/installed.json.sorry HTTP/1.1" 200 - "-" "Go-http-client/1.1"
57.129.16.41 - - [05/May/2026:04:52:51 +0000] "GET /includes/helpers/geo/geolite2/vendor/geoip2/ HTTP/1.1" 200 888 "-" "Go-http-client/1.1"
57.129.16.41 - - [05/May/2026:04:52:51 +0000] "GET /includes/helpers/geo/geolite2/vendor/composer/installed.json.sorry HTTP/1.1" 200 9540 "-" "Go-http-client/1.1"
57.129.16.41 - - [05/May/2026:04:52:51 +0000] "GET /includes/helpers/geo/geolite2/vendor/geoip2/geoip2/ HTTP/1.1" 200 1633 "-" "Go-http-client/1.1"
57.129.16.41 - - [05/May/2026:04:52:51 +0000] "HEAD /includes/helpers/geo/geolite2/vendor/geoip2/geoip2/CHANGELOG.md.sorry HTTP/1.1" 200 - "-" "Go-http-client/1.1"
57.129.16.41 - - [05/May/2026:04:52:51 +0000] "GET /includes/helpers/geo/geolite2/vendor/geoip2/geoip2/CHANGELOG.md.sorry HTTP/1.1" 200 10687 "-" "Go-http-client/1.1"
57.129.16.41 - - [05/May/2026:04:52:52 +0000] "HEAD /includes/helpers/geo/geolite2/vendor/geoip2/geoip2/LICENSE HTTP/1.1" 200 - "-" "Go-http-client/1.1"
57.129.16.41 - - [05/May/2026:04:52:52 +0000] "GET /includes/helpers/geo/geolite2/vendor/geoip2/geoip2/LICENSE HTTP/1.1" 200 11358 "-" "Go-http-client/1.1"
57.129.16.41 - - [05/May/2026:04:52:52 +0000] "HEAD /includes/helpers/geo/geolite2/vendor/geoip2/geoip2/composer.json.sorry HTTP/1.1" 200 - "-" "Go-http-client/1.1"
57.129.16.41 - - [05/May/2026:04:52:52 +0000] "GET /includes/helpers/geo/geolite2/vendor/geoip2/geoip2/maxmind-db/ HTTP/1.1" 200 952 "-" "Go-http-client/1.1"
57.129.16.41 - - [05/May/2026:04:52:52 +0000] "GET /includes/helpers/geo/geolite2/vendor/geoip2/geoip2/composer.json.sorry HTTP/1.1" 200 3138 "-" "Go-http-client/1.1"
57.129.16.41 - - [05/May/2026:04:52:52 +0000] "HEAD /includes/helpers/geo/geolite2/vendor/geoip2/geoip2/maxmind-db/GeoLite2-Country.mmdb HTTP/1.1" 200 - "-" "Go-http-client/1.1"
57.129.16.41 - - [05/May/2026:04:52:52 +0000] "GET /includes/helpers/geo/geolite2/vendor/geoip2/geoip2/src/ HTTP/1.1" 200 1830 "-" "Go-http-client/1.1"
57.129.16.41 - - [05/May/2026:04:52:53 +0000] "GET /includes/helpers/geo/geolite2/vendor/geoip2/geoip2/src/Database/ HTTP/1.1" 200 955 "-" "Go-http-client/1.1"
57.129.16.41 - - [05/May/2026:04:52:53 +0000] "GET /includes/helpers/geo/geolite2/vendor/geoip2/geoip2/maxmind-db/GeoLite2-Country.mmdb HTTP/1.1" 200 5886338 "-" "Go-http-client/1.1"
57.129.16.41 - - [05/May/2026:04:52:54 +0000] "GET /includes/helpers/geo/geolite2/vendor/geoip2/geoip2/src/Exception/ HTTP/1.1" 200 1975 "-" "Go-http-client/1.1"
57.129.16.41 - - [05/May/2026:04:52:54 +0000] "HEAD /includes/helpers/geo/geolite2/vendor/geoip2/geoip2/src/Database/Reader.php.sorry HTTP/1.1" 404 - "-" "Go-http-client/1.1"
57.129.16.41 - - [05/May/2026:04:52:54 +0000] "HEAD /includes/helpers/geo/geolite2/vendor/geoip2/geoip2/src/Exception/AddressNotFoundException.php.sorry HTTP/1.1" 404 - "-" "Go-http-client/1.1"
57.129.16.41 - - [05/May/2026:04:52:55 +0000] "HEAD /includes/helpers/geo/geolite2/vendor/geoip2/geoip2/src/Exception/AuthenticationException.php.sorry HTTP/1.1" 404 - "-" "Go-http-client/1.1"
57.129.16.41 - - [05/May/2026:04:52:55 +0000] "HEAD /includes/helpers/geo/geolite2/vendor/geoip2/geoip2/src/Exception/GeoIp2Exception.php.sorry HTTP/1.1" 404 - "-" "Go-http-client/1.1"
57.129.16.41 - - [05/May/2026:04:52:55 +0000] "HEAD /includes/helpers/geo/geolite2/vendor/geoip2/geoip2/src/Exception/HttpException.php.sorry HTTP/1.1" 404 - "-" "Go-http-client/1.1"
57.129.16.41 - - [05/May/2026:04:52:56 +0000] "HEAD /includes/helpers/geo/geolite2/vendor/geoip2/geoip2/src/Exception/InvalidRequestException.php.sorry HTTP/1.1" 404 - "-" "Go-http-client/1.1"
57.129.16.41 - - [05/May/2026:04:52:56 +0000] "GET /includes/helpers/geo/geolite2/vendor/geoip2/geoip2/src/Model/ HTTP/1.1" 200 2627 "-" "Go-http-client/1.1"
57.129.16.41 - - [05/May/2026:04:52:56 +0000] "HEAD /includes/helpers/geo/geolite2/vendor/geoip2/geoip2/src/Exception/OutOfQueriesException.php.sorry HTTP/1.1" 404 - "-" "Go-http-client/1.1"
57.129.16.41 - - [05/May/2026:04:52:56 +0000] "HEAD /includes/helpers/geo/geolite2/vendor/geoip2/geoip2/src/Model/AbstractModel.php.sorry HTTP/1.1" 404 - "-" "Go-http-client/1.1"
57.129.16.41 - - [05/May/2026:04:52:56 +0000] "HEAD /includes/helpers/geo/geolite2/vendor/geoip2/geoip2/src/Model/AnonymousIp.php.sorry HTTP/1.1" 404 - "-" "Go-http-client/1.1"
57.129.16.41 - - [05/May/2026:04:52:57 +0000] "HEAD /includes/helpers/geo/geolite2/vendor/geoip2/geoip2/src/Model/Asn.php.sorry HTTP/1.1" 404 - "-" "Go-http-client/1.1"
57.129.16.41 - - [05/May/2026:04:52:57 +0000] "HEAD /includes/helpers/geo/geolite2/vendor/geoip2/geoip2/src/Model/City.php.sorry HTTP/1.1" 404 - "-" "Go-http-client/1.1"
57.129.16.41 - - [05/May/2026:04:52:57 +0000] "HEAD /includes/helpers/geo/geolite2/vendor/geoip2/geoip2/src/Model/ConnectionType.php.sorry HTTP/1.1" 404 - "-" "Go-http-client/1.1"
57.129.16.41 - - [05/May/2026:04:52:58 +0000] "HEAD /includes/helpers/geo/geolite2/vendor/geoip2/geoip2/src/Model/Country.php.sorry HTTP/1.1" 404 - "-" "Go-http-client/1.1"
57.129.16.41 - - [05/May/2026:04:52:58 +0000] "HEAD /includes/helpers/geo/geolite2/vendor/geoip2/geoip2/src/Model/Domain.php.sorry HTTP/1.1" 404 - "-" "Go-http-client/1.1"
57.129.16.41 - - [05/May/2026:04:52:59 +0000] "HEAD /includes/helpers/geo/geolite2/vendor/geoip2/geoip2/src/Model/Enterprise.php.sorry HTTP/1.1" 404 - "-" "Go-http-client/1.1"
57.129.16.41 - - [05/May/2026:04:52:59 +0000] "HEAD /includes/helpers/geo/geolite2/vendor/geoip2/geoip2/src/Model/Insights.php.sorry HTTP/1.1" 404 - "-" "Go-http-client/1.1"
57.129.16.41 - - [05/May/2026:04:52:59 +0000] "HEAD /includes/helpers/geo/geolite2/vendor/geoip2/geoip2/src/Model/Isp.php.sorry HTTP/1.1" 404 - "-" "Go-http-client/1.1"
57.129.16.41 - - [05/May/2026:04:53:00 +0000] "GET /includes/helpers/geo/geolite2/vendor/geoip2/geoip2/src/Record/ HTTP/1.1" 200 2843 "-" "Go-http-client/1.1"
57.129.16.41 - - [05/May/2026:04:53:00 +0000] "HEAD /includes/helpers/geo/geolite2/vendor/geoip2/geoip2/src/ProviderInterface.php.sorry HTTP/1.1" 404 - "-" "Go-http-client/1.1"
57.129.16.41 - - [05/May/2026:04:53:00 +0000] "HEAD /includes/helpers/geo/geolite2/vendor/geoip2/geoip2/src/Record/AbstractPlaceRecord.php.sorry HTTP/1.1" 404 - "-" "Go-http-client/1.1"
57.129.16.41 - - [05/May/2026:04:53:00 +0000] "HEAD /includes/helpers/geo/geolite2/vendor/geoip2/geoip2/src/Record/AbstractRecord.php.sorry HTTP/1.1" 404 - "-" "Go-http-client/1.1"
57.129.16.41 - - [05/May/2026:04:53:00 +0000] "HEAD /includes/helpers/geo/geolite2/vendor/geoip2/geoip2/src/Record/City.php.sorry HTTP/1.1" 404 - "-" "Go-http-client/1.1"
57.129.16.41 - - [05/May/2026:04:53:01 +0000] "HEAD /includes/helpers/geo/geolite2/vendor/geoip2/geoip2/src/Record/Continent.php.sorry HTTP/1.1" 404 - "-" "Go-http-client/1.1"
57.129.16.41 - - [05/May/2026:04:53:01 +0000] "HEAD /includes/helpers/geo/geolite2/vendor/geoip2/geoip2/src/Record/Country.php.sorry HTTP/1.1" 404 - "-" "Go-http-client/1.1"
57.129.16.41 - - [05/May/2026:04:53:01 +0000] "HEAD /includes/helpers/geo/geolite2/vendor/geoip2/geoip2/src/Record/Location.php.sorry HTTP/1.1" 404 - "-" "Go-http-client/1.1"
57.129.16.41 - - [05/May/2026:04:53:02 +0000] "HEAD /includes/helpers/geo/geolite2/vendor/geoip2/geoip2/src/Record/MaxMind.php.sorry HTTP/1.1" 404 - "-" "Go-http-client/1.1"
57.129.16.41 - - [05/May/2026:04:53:02 +0000] "HEAD /includes/helpers/geo/geolite2/vendor/geoip2/geoip2/src/Record/Postal.php.sorry HTTP/1.1" 404 - "-" "Go-http-client/1.1"
57.129.16.41 - - [05/May/2026:04:53:02 +0000] "HEAD /includes/helpers/geo/geolite2/vendor/geoip2/geoip2/src/Record/RepresentedCountry.php.sorry HTTP/1.1" 404 - "-" "Go-http-client/1.1"
57.129.16.41 - - [05/May/2026:04:53:03 +0000] "HEAD /includes/helpers/geo/geolite2/vendor/geoip2/geoip2/src/Record/Subdivision.php.sorry HTTP/1.1" 404 - "-" "Go-http-client/1.1"
57.129.16.41 - - [05/May/2026:04:53:03 +0000] "GET /includes/helpers/geo/geolite2/vendor/geoip2/geoip2/src/WebService/ HTTP/1.1" 200 959 "-" "Go-http-client/1.1"
57.129.16.41 - - [05/May/2026:04:53:03 +0000] "HEAD /includes/helpers/geo/geolite2/vendor/geoip2/geoip2/src/Record/Traits.php.sorry HTTP/1.1" 404 - "-" "Go-http-client/1.1"
57.129.16.41 - - [05/May/2026:04:53:03 +0000] "HEAD /includes/helpers/geo/geolite2/vendor/geoip2/geoip2/src/WebService/Client.php.sorry HTTP/1.1" 404 - "-" "Go-http-client/1.1"
57.129.16.41 - - [05/May/2026:04:53:04 +0000] "GET /includes/helpers/geo/geolite2/vendor/maxmind-db/ HTTP/1.1" 200 896 "-" "Go-http-client/1.1"
57.129.16.41 - - [05/May/2026:04:53:04 +0000] "GET /includes/helpers/geo/geolite2/vendor/maxmind-db/reader/ HTTP/1.1" 200 1824 "-" "Go-http-client/1.1"
57.129.16.41 - - [05/May/2026:04:53:04 +0000] "HEAD /includes/helpers/geo/geolite2/vendor/maxmind-db/reader/CHANGELOG.md.sorry HTTP/1.1" 200 - "-" "Go-http-client/1.1"
57.129.16.41 - - [05/May/2026:04:53:04 +0000] "GET /includes/helpers/geo/geolite2/vendor/maxmind-db/reader/CHANGELOG.md.sorry HTTP/1.1" 200 7262 "-" "Go-http-client/1.1"
57.129.16.41 - - [05/May/2026:04:53:04 +0000] "HEAD /includes/helpers/geo/geolite2/vendor/maxmind-db/reader/LICENSE HTTP/1.1" 200 - "-" "Go-http-client/1.1"
57.129.16.41 - - [05/May/2026:04:53:04 +0000] "GET /includes/helpers/geo/geolite2/vendor/maxmind-db/reader/LICENSE HTTP/1.1" 200 11358 "-" "Go-http-client/1.1"
57.129.16.41 - - [05/May/2026:04:53:05 +0000] "HEAD /includes/helpers/geo/geolite2/vendor/maxmind-db/reader/autoload.php.sorry HTTP/1.1" 404 - "-" "Go-http-client/1.1"
57.129.16.41 - - [05/May/2026:04:53:05 +0000] "GET /includes/helpers/geo/geolite2/vendor/maxmind-db/reader/ext/ HTTP/1.1" 200 1486 "-" "Go-http-client/1.1"
57.129.16.41 - - [05/May/2026:04:53:05 +0000] "HEAD /includes/helpers/geo/geolite2/vendor/maxmind-db/reader/composer.json.sorry HTTP/1.1" 200 - "-" "Go-http-client/1.1"
57.129.16.41 - - [05/May/2026:04:53:05 +0000] "GET /includes/helpers/geo/geolite2/vendor/maxmind-db/reader/composer.json.sorry HTTP/1.1" 200 3471 "-" "Go-http-client/1.1"
57.129.16.41 - - [05/May/2026:04:53:05 +0000] "HEAD /includes/helpers/geo/geolite2/vendor/maxmind-db/reader/ext/config.m4 HTTP/1.1" 200 - "-" "Go-http-client/1.1"
57.129.16.41 - - [05/May/2026:04:53:06 +0000] "GET /includes/helpers/geo/geolite2/vendor/maxmind-db/reader/ext/config.m4 HTTP/1.1" 200 1601 "-" "Go-http-client/1.1"
57.129.16.41 - - [05/May/2026:04:53:06 +0000] "HEAD /includes/helpers/geo/geolite2/vendor/maxmind-db/reader/ext/maxminddb.c.sorry HTTP/1.1" 200 - "-" "Go-http-client/1.1"
57.129.16.41 - - [05/May/2026:04:53:06 +0000] "GET /includes/helpers/geo/geolite2/vendor/maxmind-db/reader/ext/maxminddb.c.sorry HTTP/1.1" 200 21815 "-" "Go-http-client/1.1"
57.129.16.41 - - [05/May/2026:04:53:06 +0000] "GET /includes/helpers/geo/geolite2/vendor/maxmind-db/reader/ext/tests/ HTTP/1.1" 200 1329 "-" "Go-http-client/1.1"
57.129.16.41 - - [05/May/2026:04:53:06 +0000] "HEAD /includes/helpers/geo/geolite2/vendor/maxmind-db/reader/ext/php_maxminddb.h.sorry HTTP/1.1" 200 - "-" "Go-http-client/1.1"
57.129.16.41 - - [05/May/2026:04:53:07 +0000] "GET /includes/helpers/geo/geolite2/vendor/maxmind-db/reader/ext/php_maxminddb.h.sorry HTTP/1.1" 200 3198 "-" "Go-http-client/1.1"
57.129.16.41 - - [05/May/2026:04:53:07 +0000] "HEAD /includes/helpers/geo/geolite2/vendor/maxmind-db/reader/ext/tests/001-load.phpt HTTP/1.1" 200 - "-" "Go-http-client/1.1"
57.129.16.41 - - [05/May/2026:04:53:07 +0000] "GET /includes/helpers/geo/geolite2/vendor/maxmind-db/reader/ext/tests/001-load.phpt HTTP/1.1" 200 218 "-" "Go-http-client/1.1"
57.129.16.41 - - [05/May/2026:04:53:07 +0000] "HEAD /includes/helpers/geo/geolite2/vendor/maxmind-db/reader/ext/tests/002-final.phpt HTTP/1.1" 200 - "-" "Go-http-client/1.1"
57.129.16.41 - - [05/May/2026:04:53:07 +0000] "GET /includes/helpers/geo/geolite2/vendor/maxmind-db/reader/ext/tests/002-final.phpt HTTP/1.1" 200 265 "-" "Go-http-client/1.1"
57.129.16.41 - - [05/May/2026:04:53:08 +0000] "GET /includes/helpers/geo/geolite2/vendor/maxmind-db/reader/src/ HTTP/1.1" 200 937 "-" "Go-http-client/1.1"
57.129.16.41 - - [05/May/2026:04:53:08 +0000] "HEAD /includes/helpers/geo/geolite2/vendor/maxmind-db/reader/ext/tests/003-open-basedir.phpt HTTP/1.1" 200 - "-" "Go-http-client/1.1"
57.129.16.41 - - [05/May/2026:04:53:08 +0000] "GET /includes/helpers/geo/geolite2/vendor/maxmind-db/reader/src/MaxMind/ HTTP/1.1" 200 952 "-" "Go-http-client/1.1"
57.129.16.41 - - [05/May/2026:04:53:08 +0000] "GET /includes/helpers/geo/geolite2/vendor/maxmind-db/reader/ext/tests/003-open-basedir.phpt HTTP/1.1" 200 226 "-" "Go-http-client/1.1"
57.129.16.41 - - [05/May/2026:04:53:08 +0000] "GET /includes/helpers/geo/geolite2/vendor/maxmind-db/reader/src/MaxMind/Db/ HTTP/1.1" 200 1154 "-" "Go-http-client/1.1"
57.129.16.41 - - [05/May/2026:04:53:08 +0000] "GET /includes/helpers/geo/geolite2/vendor/maxmind/ HTTP/1.1" 200 902 "-" "Go-http-client/1.1"
