74.7.227.152 - - [04/May/2026:14:46:58 +0000] "GET /hunar-canada/wp-content/plugins/elementor/assets/lib/eicons/fonts/?C=M;O=A HTTP/1.1" 200 1673 "https://www.thehunarfoundation.org/hunar-canada/wp-content/plugins/elementor/assets/lib/eicons/fonts/" "Mozilla/5.0 AppleWebKit/537.36 (KHTML, like Gecko; compatible; GPTBot/1.3; +https://openai.com/gptbot)"
74.7.227.152 - - [04/May/2026:14:46:59 +0000] "GET /hunar-usa/wp-content/plugins/elementor/core/common/modules/finder/?C=D;O=A HTTP/1.1" 200 1718 "https://www.thehunarfoundation.org/hunar-usa/wp-content/plugins/elementor/core/common/modules/finder/" "Mozilla/5.0 AppleWebKit/537.36 (KHTML, like Gecko; compatible; GPTBot/1.3; +https://openai.com/gptbot)"
74.7.241.42 - - [04/May/2026:14:46:59 +0000] "GET /hunar-canada/wp-content/plugins/rselements/widgets/testimonial-slider/img/4.5.png.sorry HTTP/1.1" 200 3949 "https://thehunarfoundation.org/hunar-canada/wp-content/plugins/rselements/widgets/testimonial-slider/img/" "Mozilla/5.0 AppleWebKit/537.36 (KHTML, like Gecko; compatible; GPTBot/1.3; +https://openai.com/gptbot)"
74.7.227.152 - - [04/May/2026:14:47:00 +0000] "GET /hunar-usa/wp-content/plugins/elementor/core/common/modules/finder/?C=M;O=D HTTP/1.1" 200 1718 "https://www.thehunarfoundation.org/hunar-usa/wp-content/plugins/elementor/core/common/modules/finder/?C=M;O=A" "Mozilla/5.0 AppleWebKit/537.36 (KHTML, like Gecko; compatible; GPTBot/1.3; +https://openai.com/gptbot)"
74.7.227.152 - - [04/May/2026:14:47:00 +0000] "GET /hunar-usa/wp-content/plugins/forminator/addons/pro/hubspot/assets/?C=D;O=D HTTP/1.1" 200 1125 "https://www.thehunarfoundation.org/hunar-usa/wp-content/plugins/forminator/addons/pro/hubspot/assets/?C=D;O=A" "Mozilla/5.0 AppleWebKit/537.36 (KHTML, like Gecko; compatible; GPTBot/1.3; +https://openai.com/gptbot)"
74.7.227.152 - - [04/May/2026:14:47:01 +0000] "GET /hunar-usa/wp-content/plugins/theplus_elementor_addon/assets/js/main/plus-extra-adv/?C=N;O=D HTTP/1.1" 200 1224 "https://www.thehunarfoundation.org/hunar-usa/wp-content/plugins/theplus_elementor_addon/assets/js/main/plus-extra-adv/" "Mozilla/5.0 AppleWebKit/537.36 (KHTML, like Gecko; compatible; GPTBot/1.3; +https://openai.com/gptbot)"
74.7.227.152 - - [04/May/2026:14:47:01 +0000] "GET /hunar-usa/wp-content/plugins/theplus_elementor_addon/assets/js/main/plus-extra-adv/?C=S;O=A HTTP/1.1" 200 1224 "https://www.thehunarfoundation.org/hunar-usa/wp-content/plugins/theplus_elementor_addon/assets/js/main/plus-extra-adv/" "Mozilla/5.0 AppleWebKit/537.36 (KHTML, like Gecko; compatible; GPTBot/1.3; +https://openai.com/gptbot)"
74.7.227.152 - - [04/May/2026:14:47:02 +0000] "GET /hunar-usa/wp-content/plugins/theplus_elementor_addon/assets/js/main/plus-extra-adv/?C=D;O=A HTTP/1.1" 200 1224 "https://www.thehunarfoundation.org/hunar-usa/wp-content/plugins/theplus_elementor_addon/assets/js/main/plus-extra-adv/" "Mozilla/5.0 AppleWebKit/537.36 (KHTML, like Gecko; compatible; GPTBot/1.3; +https://openai.com/gptbot)"
74.7.227.152 - - [04/May/2026:14:47:02 +0000] "GET /hunar-usa/wp-content/plugins/theplus_elementor_addon/assets/js/main/plus-extra-adv/?C=M;O=A HTTP/1.1" 200 1224 "https://www.thehunarfoundation.org/hunar-usa/wp-content/plugins/theplus_elementor_addon/assets/js/main/plus-extra-adv/" "Mozilla/5.0 AppleWebKit/537.36 (KHTML, like Gecko; compatible; GPTBot/1.3; +https://openai.com/gptbot)"
74.7.227.152 - - [04/May/2026:14:47:03 +0000] "GET /hunar-usa/wp-content/plugins/forminator/addons/pro/hubspot/assets/?C=S;O=D HTTP/1.1" 200 1125 "https://www.thehunarfoundation.org/hunar-usa/wp-content/plugins/forminator/addons/pro/hubspot/assets/?C=S;O=A" "Mozilla/5.0 AppleWebKit/537.36 (KHTML, like Gecko; compatible; GPTBot/1.3; +https://openai.com/gptbot)"
74.7.227.152 - - [04/May/2026:14:47:03 +0000] "GET /hunar-canada/wp-content/plugins/elementskit-lite/widgets/init/assets/fonts/?C=S;O=A HTTP/1.1" 200 2862 "https://www.thehunarfoundation.org/hunar-canada/wp-content/plugins/elementskit-lite/widgets/init/assets/fonts/" "Mozilla/5.0 AppleWebKit/537.36 (KHTML, like Gecko; compatible; GPTBot/1.3; +https://openai.com/gptbot)"
74.7.227.152 - - [04/May/2026:14:47:04 +0000] "GET /hunar-canada/wp-content/plugins/elementskit-lite/widgets/init/assets/fonts/?C=M;O=A HTTP/1.1" 200 2862 "https://www.thehunarfoundation.org/hunar-canada/wp-content/plugins/elementskit-lite/widgets/init/assets/fonts/" "Mozilla/5.0 AppleWebKit/537.36 (KHTML, like Gecko; compatible; GPTBot/1.3; +https://openai.com/gptbot)"
74.7.227.152 - - [04/May/2026:14:47:04 +0000] "GET /hunar-canada/wp-content/plugins/elementor/assets/lib/eicons/fonts/?C=M;O=D HTTP/1.1" 200 1673 "https://www.thehunarfoundation.org/hunar-canada/wp-content/plugins/elementor/assets/lib/eicons/fonts/?C=M;O=A" "Mozilla/5.0 AppleWebKit/537.36 (KHTML, like Gecko; compatible; GPTBot/1.3; +https://openai.com/gptbot)"
74.7.227.152 - - [04/May/2026:14:47:05 +0000] "GET /hunar-usa/wp-content/plugins/elementor/core/common/modules/finder/?C=D;O=D HTTP/1.1" 200 1718 "https://www.thehunarfoundation.org/hunar-usa/wp-content/plugins/elementor/core/common/modules/finder/?C=D;O=A" "Mozilla/5.0 AppleWebKit/537.36 (KHTML, like Gecko; compatible; GPTBot/1.3; +https://openai.com/gptbot)"
74.7.227.152 - - [04/May/2026:14:47:05 +0000] "GET /hunar-canada/wp-content/plugins/elementskit-lite/widgets/init/assets/fonts/?C=N;O=D HTTP/1.1" 200 2862 "https://www.thehunarfoundation.org/hunar-canada/wp-content/plugins/elementskit-lite/widgets/init/assets/fonts/" "Mozilla/5.0 AppleWebKit/537.36 (KHTML, like Gecko; compatible; GPTBot/1.3; +https://openai.com/gptbot)"
74.7.227.152 - - [04/May/2026:14:47:06 +0000] "GET /hunar-canada/wp-content/plugins/elementskit-lite/widgets/init/assets/fonts/?C=D;O=A HTTP/1.1" 200 2862 "https://www.thehunarfoundation.org/hunar-canada/wp-content/plugins/elementskit-lite/widgets/init/assets/fonts/" "Mozilla/5.0 AppleWebKit/537.36 (KHTML, like Gecko; compatible; GPTBot/1.3; +https://openai.com/gptbot)"
74.7.227.152 - - [04/May/2026:14:47:06 +0000] "GET /hunar-usa/wp-content/plugins/theplus_elementor_addon/assets/js/main/plus-extra-adv/?C=N;O=A HTTP/1.1" 200 1224 "https://www.thehunarfoundation.org/hunar-usa/wp-content/plugins/theplus_elementor_addon/assets/js/main/plus-extra-adv/?C=N;O=D" "Mozilla/5.0 AppleWebKit/537.36 (KHTML, like Gecko; compatible; GPTBot/1.3; +https://openai.com/gptbot)"
74.7.227.152 - - [04/May/2026:14:47:07 +0000] "GET /hunar-usa/wp-content/plugins/theplus_elementor_addon/assets/js/main/plus-extra-adv/?C=S;O=D HTTP/1.1" 200 1224 "https://www.thehunarfoundation.org/hunar-usa/wp-content/plugins/theplus_elementor_addon/assets/js/main/plus-extra-adv/?C=S;O=A" "Mozilla/5.0 AppleWebKit/537.36 (KHTML, like Gecko; compatible; GPTBot/1.3; +https://openai.com/gptbot)"
74.7.227.152 - - [04/May/2026:14:47:07 +0000] "GET /hunar-usa/wp-content/plugins/theplus_elementor_addon/assets/js/main/plus-extra-adv/?C=D;O=D HTTP/1.1" 200 1224 "https://www.thehunarfoundation.org/hunar-usa/wp-content/plugins/theplus_elementor_addon/assets/js/main/plus-extra-adv/?C=D;O=A" "Mozilla/5.0 AppleWebKit/537.36 (KHTML, like Gecko; compatible; GPTBot/1.3; +https://openai.com/gptbot)"
74.7.227.152 - - [04/May/2026:14:47:08 +0000] "GET /hunar-usa/wp-content/plugins/theplus_elementor_addon/assets/js/main/plus-extra-adv/?C=M;O=D HTTP/1.1" 200 1224 "https://www.thehunarfoundation.org/hunar-usa/wp-content/plugins/theplus_elementor_addon/assets/js/main/plus-extra-adv/?C=M;O=A" "Mozilla/5.0 AppleWebKit/537.36 (KHTML, like Gecko; compatible; GPTBot/1.3; +https://openai.com/gptbot)"
74.7.227.152 - - [04/May/2026:14:47:09 +0000] "GET /hunar-usa/wp-includes/images/media/?C=N;O=A HTTP/1.1" 200 2351 "https://www.thehunarfoundation.org/hunar-usa/wp-includes/images/media/?C=S;O=A" "Mozilla/5.0 AppleWebKit/537.36 (KHTML, like Gecko; compatible; GPTBot/1.3; +https://openai.com/gptbot)"
74.7.227.152 - - [04/May/2026:14:47:09 +0000] "GET /hunar-canada/wp-content/plugins/elementskit-lite/widgets/init/assets/fonts/?C=N;O=A HTTP/1.1" 200 2862 "https://www.thehunarfoundation.org/hunar-canada/wp-content/plugins/elementskit-lite/widgets/init/assets/fonts/?C=S;O=A" "Mozilla/5.0 AppleWebKit/537.36 (KHTML, like Gecko; compatible; GPTBot/1.3; +https://openai.com/gptbot)"
74.7.227.152 - - [04/May/2026:14:47:10 +0000] "GET /hunar-canada/wp-content/plugins/elementskit-lite/widgets/init/assets/fonts/?C=S;O=D HTTP/1.1" 200 2862 "https://www.thehunarfoundation.org/hunar-canada/wp-content/plugins/elementskit-lite/widgets/init/assets/fonts/?C=S;O=A" "Mozilla/5.0 AppleWebKit/537.36 (KHTML, like Gecko; compatible; GPTBot/1.3; +https://openai.com/gptbot)"
74.7.227.152 - - [04/May/2026:14:47:10 +0000] "GET /hunar-canada/wp-content/plugins/elementskit-lite/widgets/init/assets/fonts/?C=M;O=D HTTP/1.1" 200 2862 "https://www.thehunarfoundation.org/hunar-canada/wp-content/plugins/elementskit-lite/widgets/init/assets/fonts/?C=M;O=A" "Mozilla/5.0 AppleWebKit/537.36 (KHTML, like Gecko; compatible; GPTBot/1.3; +https://openai.com/gptbot)"
74.7.227.152 - - [04/May/2026:14:47:11 +0000] "GET /hunar-usa/wp-includes/images/media/?C=D;O=A HTTP/1.1" 200 2351 "https://www.thehunarfoundation.org/hunar-usa/wp-includes/images/media/" "Mozilla/5.0 AppleWebKit/537.36 (KHTML, like Gecko; compatible; GPTBot/1.3; +https://openai.com/gptbot)"
74.7.227.152 - - [04/May/2026:14:47:11 +0000] "GET /hunar-canada/wp-includes/js/jcrop/?C=S;O=A HTTP/1.1" 200 1260 "https://www.thehunarfoundation.org/hunar-canada/wp-includes/js/jcrop/" "Mozilla/5.0 AppleWebKit/537.36 (KHTML, like Gecko; compatible; GPTBot/1.3; +https://openai.com/gptbot)"
74.7.227.152 - - [04/May/2026:14:47:12 +0000] "GET /hunar-canada/wp-content/plugins/elementskit-lite/widgets/init/assets/fonts/?C=D;O=D HTTP/1.1" 200 2862 "https://www.thehunarfoundation.org/hunar-canada/wp-content/plugins/elementskit-lite/widgets/init/assets/fonts/?C=D;O=A" "Mozilla/5.0 AppleWebKit/537.36 (KHTML, like Gecko; compatible; GPTBot/1.3; +https://openai.com/gptbot)"
74.7.227.152 - - [04/May/2026:14:47:12 +0000] "GET /hunar-usa/wp-includes/images/media/?C=M;O=A HTTP/1.1" 200 2351 "https://www.thehunarfoundation.org/hunar-usa/wp-includes/images/media/" "Mozilla/5.0 AppleWebKit/537.36 (KHTML, like Gecko; compatible; GPTBot/1.3; +https://openai.com/gptbot)"
74.7.227.152 - - [04/May/2026:14:47:13 +0000] "GET /hunar-usa/wp-includes/images/media/?C=S;O=D HTTP/1.1" 200 2351 "https://www.thehunarfoundation.org/hunar-usa/wp-includes/images/media/?C=S;O=A" "Mozilla/5.0 AppleWebKit/537.36 (KHTML, like Gecko; compatible; GPTBot/1.3; +https://openai.com/gptbot)"
74.7.227.152 - - [04/May/2026:14:47:13 +0000] "GET /hunar-canada/wp-includes/images/wlw/?C=D;O=A HTTP/1.1" 200 1256 "https://www.thehunarfoundation.org/hunar-canada/wp-includes/images/wlw/" "Mozilla/5.0 AppleWebKit/537.36 (KHTML, like Gecko; compatible; GPTBot/1.3; +https://openai.com/gptbot)"
74.7.227.152 - - [04/May/2026:14:47:14 +0000] "GET /hunar-canada/wp-includes/images/wlw/?C=N;O=D HTTP/1.1" 200 1256 "https://www.thehunarfoundation.org/hunar-canada/wp-includes/images/wlw/" "Mozilla/5.0 AppleWebKit/537.36 (KHTML, like Gecko; compatible; GPTBot/1.3; +https://openai.com/gptbot)"
74.7.227.152 - - [04/May/2026:14:47:14 +0000] "GET /hunar-canada/wp-includes/js/jcrop/?C=N;O=D HTTP/1.1" 200 1260 "https://www.thehunarfoundation.org/hunar-canada/wp-includes/js/jcrop/" "Mozilla/5.0 AppleWebKit/537.36 (KHTML, like Gecko; compatible; GPTBot/1.3; +https://openai.com/gptbot)"
74.7.227.152 - - [04/May/2026:14:47:15 +0000] "GET /hunar-usa/wp-includes/images/wlw/?C=N;O=D HTTP/1.1" 200 1247 "https://www.thehunarfoundation.org/hunar-usa/wp-includes/images/wlw/" "Mozilla/5.0 AppleWebKit/537.36 (KHTML, like Gecko; compatible; GPTBot/1.3; +https://openai.com/gptbot)"
74.7.227.152 - - [04/May/2026:14:47:16 +0000] "GET /hunar-canada/wp-includes/images/wlw/?C=S;O=A HTTP/1.1" 200 1256 "https://www.thehunarfoundation.org/hunar-canada/wp-includes/images/wlw/" "Mozilla/5.0 AppleWebKit/537.36 (KHTML, like Gecko; compatible; GPTBot/1.3; +https://openai.com/gptbot)"
74.7.227.152 - - [04/May/2026:14:47:16 +0000] "GET /hunar-usa/wp-includes/images/wlw/?C=S;O=A HTTP/1.1" 200 1247 "https://www.thehunarfoundation.org/hunar-usa/wp-includes/images/wlw/" "Mozilla/5.0 AppleWebKit/537.36 (KHTML, like Gecko; compatible; GPTBot/1.3; +https://openai.com/gptbot)"
74.7.227.152 - - [04/May/2026:14:47:17 +0000] "GET /hunar-usa/wp-includes/images/media/?C=D;O=D HTTP/1.1" 200 2351 "https://www.thehunarfoundation.org/hunar-usa/wp-includes/images/media/?C=D;O=A" "Mozilla/5.0 AppleWebKit/537.36 (KHTML, like Gecko; compatible; GPTBot/1.3; +https://openai.com/gptbot)"
74.7.227.152 - - [04/May/2026:14:47:17 +0000] "GET /hunar-canada/wp-includes/js/jcrop/?C=S;O=D HTTP/1.1" 200 1260 "https://www.thehunarfoundation.org/hunar-canada/wp-includes/js/jcrop/?C=S;O=A" "Mozilla/5.0 AppleWebKit/537.36 (KHTML, like Gecko; compatible; GPTBot/1.3; +https://openai.com/gptbot)"
74.7.227.152 - - [04/May/2026:14:47:18 +0000] "GET /hunar-canada/wp-includes/js/jcrop/?C=N;O=A HTTP/1.1" 200 1260 "https://www.thehunarfoundation.org/hunar-canada/wp-includes/js/jcrop/?C=S;O=A" "Mozilla/5.0 AppleWebKit/537.36 (KHTML, like Gecko; compatible; GPTBot/1.3; +https://openai.com/gptbot)"
74.7.227.152 - - [04/May/2026:14:47:18 +0000] "GET /hunar-usa/wp-includes/images/media/?C=M;O=D HTTP/1.1" 200 2351 "https://www.thehunarfoundation.org/hunar-usa/wp-includes/images/media/?C=M;O=A" "Mozilla/5.0 AppleWebKit/537.36 (KHTML, like Gecko; compatible; GPTBot/1.3; +https://openai.com/gptbot)"
74.7.227.152 - - [04/May/2026:14:47:19 +0000] "GET /hunar-canada/wp-includes/js/jcrop/?C=M;O=A HTTP/1.1" 200 1260 "https://www.thehunarfoundation.org/hunar-canada/wp-includes/js/jcrop/" "Mozilla/5.0 AppleWebKit/537.36 (KHTML, like Gecko; compatible; GPTBot/1.3; +https://openai.com/gptbot)"
74.7.227.152 - - [04/May/2026:14:47:19 +0000] "GET /hunar-canada/wp-includes/images/wlw/?C=D;O=D HTTP/1.1" 200 1256 "https://www.thehunarfoundation.org/hunar-canada/wp-includes/images/wlw/?C=D;O=A" "Mozilla/5.0 AppleWebKit/537.36 (KHTML, like Gecko; compatible; GPTBot/1.3; +https://openai.com/gptbot)"
74.7.227.152 - - [04/May/2026:14:47:20 +0000] "GET /hunar-canada/wp-includes/js/jcrop/?C=D;O=A HTTP/1.1" 200 1260 "https://www.thehunarfoundation.org/hunar-canada/wp-includes/js/jcrop/" "Mozilla/5.0 AppleWebKit/537.36 (KHTML, like Gecko; compatible; GPTBot/1.3; +https://openai.com/gptbot)"
74.7.227.152 - - [04/May/2026:14:47:20 +0000] "GET /hunar-canada/wp-includes/images/wlw/?C=N;O=A HTTP/1.1" 200 1256 "https://www.thehunarfoundation.org/hunar-canada/wp-includes/images/wlw/?C=D;O=A" "Mozilla/5.0 AppleWebKit/537.36 (KHTML, like Gecko; compatible; GPTBot/1.3; +https://openai.com/gptbot)"
74.7.227.152 - - [04/May/2026:14:47:21 +0000] "GET /hunar-usa/wp-includes/images/wlw/?C=N;O=A HTTP/1.1" 200 1247 "https://www.thehunarfoundation.org/hunar-usa/wp-includes/images/wlw/?C=N;O=D" "Mozilla/5.0 AppleWebKit/537.36 (KHTML, like Gecko; compatible; GPTBot/1.3; +https://openai.com/gptbot)"
74.7.227.152 - - [04/May/2026:14:47:21 +0000] "GET /hunar-canada/wp-includes/images/wlw/?C=S;O=D HTTP/1.1" 200 1256 "https://www.thehunarfoundation.org/hunar-canada/wp-includes/images/wlw/?C=S;O=A" "Mozilla/5.0 AppleWebKit/537.36 (KHTML, like Gecko; compatible; GPTBot/1.3; +https://openai.com/gptbot)"
74.7.227.152 - - [04/May/2026:14:47:22 +0000] "GET /hunar-usa/wp-includes/images/wlw/?C=S;O=D HTTP/1.1" 200 1247 "https://www.thehunarfoundation.org/hunar-usa/wp-includes/images/wlw/?C=S;O=A" "Mozilla/5.0 AppleWebKit/537.36 (KHTML, like Gecko; compatible; GPTBot/1.3; +https://openai.com/gptbot)"
74.7.227.152 - - [04/May/2026:14:47:22 +0000] "GET /hunar-usa/wp-includes/images/wlw/?C=M;O=A HTTP/1.1" 200 1247 "https://www.thehunarfoundation.org/hunar-usa/wp-includes/images/wlw/" "Mozilla/5.0 AppleWebKit/537.36 (KHTML, like Gecko; compatible; GPTBot/1.3; +https://openai.com/gptbot)"
74.7.227.152 - - [04/May/2026:14:47:23 +0000] "GET /hunar-canada/wp-includes/images/wlw/?C=M;O=A HTTP/1.1" 200 1256 "https://www.thehunarfoundation.org/hunar-canada/wp-includes/images/wlw/" "Mozilla/5.0 AppleWebKit/537.36 (KHTML, like Gecko; compatible; GPTBot/1.3; +https://openai.com/gptbot)"
74.7.227.152 - - [04/May/2026:14:47:23 +0000] "GET /hunar-usa/wp-includes/images/wlw/?C=D;O=A HTTP/1.1" 200 1247 "https://www.thehunarfoundation.org/hunar-usa/wp-includes/images/wlw/" "Mozilla/5.0 AppleWebKit/537.36 (KHTML, like Gecko; compatible; GPTBot/1.3; +https://openai.com/gptbot)"
74.7.227.152 - - [04/May/2026:14:47:24 +0000] "GET /hunar-usa/wp-includes/images/media/?C=N;O=D HTTP/1.1" 200 2351 "https://www.thehunarfoundation.org/hunar-usa/wp-includes/images/media/" "Mozilla/5.0 AppleWebKit/537.36 (KHTML, like Gecko; compatible; GPTBot/1.3; +https://openai.com/gptbot)"
74.7.227.152 - - [04/May/2026:14:47:25 +0000] "GET /hunar-canada/wp-includes/js/jcrop/?C=M;O=D HTTP/1.1" 200 1260 "https://www.thehunarfoundation.org/hunar-canada/wp-includes/js/jcrop/?C=M;O=A" "Mozilla/5.0 AppleWebKit/537.36 (KHTML, like Gecko; compatible; GPTBot/1.3; +https://openai.com/gptbot)"
74.7.227.152 - - [04/May/2026:14:47:25 +0000] "GET /hunar-canada/wp-content/plugins/redux-framework/redux-templates/src/modal-library/view-collection/?C=S;O=A HTTP/1.1" 200 1409 "https://www.thehunarfoundation.org/hunar-canada/wp-content/plugins/redux-framework/redux-templates/src/modal-library/view-collection/" "Mozilla/5.0 AppleWebKit/537.36 (KHTML, like Gecko; compatible; GPTBot/1.3; +https://openai.com/gptbot)"
74.7.227.152 - - [04/May/2026:14:47:26 +0000] "GET /hunar-canada/wp-includes/js/jcrop/?C=D;O=D HTTP/1.1" 200 1260 "https://www.thehunarfoundation.org/hunar-canada/wp-includes/js/jcrop/?C=D;O=A" "Mozilla/5.0 AppleWebKit/537.36 (KHTML, like Gecko; compatible; GPTBot/1.3; +https://openai.com/gptbot)"
74.7.227.152 - - [04/May/2026:14:47:26 +0000] "GET /hunar-canada/wp-content/plugins/redux-framework/redux-templates/src/modal-library/view-collection/?C=M;O=A HTTP/1.1" 200 1409 "https://www.thehunarfoundation.org/hunar-canada/wp-content/plugins/redux-framework/redux-templates/src/modal-library/view-collection/" "Mozilla/5.0 AppleWebKit/537.36 (KHTML, like Gecko; compatible; GPTBot/1.3; +https://openai.com/gptbot)"
74.7.227.152 - - [04/May/2026:14:47:27 +0000] "GET /hunar-canada/wp-content/plugins/redux-framework/redux-templates/src/modal-library/view-collection/?C=N;O=D HTTP/1.1" 200 1409 "https://www.thehunarfoundation.org/hunar-canada/wp-content/plugins/redux-framework/redux-templates/src/modal-library/view-collection/" "Mozilla/5.0 AppleWebKit/537.36 (KHTML, like Gecko; compatible; GPTBot/1.3; +https://openai.com/gptbot)"
74.7.227.152 - - [04/May/2026:14:47:27 +0000] "GET /hunar-canada/wp-content/plugins/redux-framework/redux-templates/src/modal-library/view-collection/?C=D;O=A HTTP/1.1" 200 1409 "https://www.thehunarfoundation.org/hunar-canada/wp-content/plugins/redux-framework/redux-templates/src/modal-library/view-collection/" "Mozilla/5.0 AppleWebKit/537.36 (KHTML, like Gecko; compatible; GPTBot/1.3; +https://openai.com/gptbot)"
74.7.227.152 - - [04/May/2026:14:47:28 +0000] "GET /hunar-canada/wp-content/plugins/redux-framework/redux-templates/src/blocks/import/components/?C=M;O=A HTTP/1.1" 200 1037 "https://www.thehunarfoundation.org/hunar-canada/wp-content/plugins/redux-framework/redux-templates/src/blocks/import/components/" "Mozilla/5.0 AppleWebKit/537.36 (KHTML, like Gecko; compatible; GPTBot/1.3; +https://openai.com/gptbot)"
74.7.227.152 - - [04/May/2026:14:47:28 +0000] "GET /hunar-usa/wp-includes/images/wlw/?C=M;O=D HTTP/1.1" 200 1247 "https://www.thehunarfoundation.org/hunar-usa/wp-includes/images/wlw/?C=M;O=A" "Mozilla/5.0 AppleWebKit/537.36 (KHTML, like Gecko; compatible; GPTBot/1.3; +https://openai.com/gptbot)"
74.7.227.152 - - [04/May/2026:14:47:29 +0000] "GET /hunar-canada/wp-includes/images/wlw/?C=M;O=D HTTP/1.1" 200 1256 "https://www.thehunarfoundation.org/hunar-canada/wp-includes/images/wlw/?C=M;O=A" "Mozilla/5.0 AppleWebKit/537.36 (KHTML, like Gecko; compatible; GPTBot/1.3; +https://openai.com/gptbot)"
74.7.227.152 - - [04/May/2026:14:47:29 +0000] "GET /hunar-usa/wp-includes/images/wlw/?C=D;O=D HTTP/1.1" 200 1247 "https://www.thehunarfoundation.org/hunar-usa/wp-includes/images/wlw/?C=D;O=A" "Mozilla/5.0 AppleWebKit/537.36 (KHTML, like Gecko; compatible; GPTBot/1.3; +https://openai.com/gptbot)"
74.7.227.152 - - [04/May/2026:14:47:30 +0000] "GET /hunar-canada/wp-content/plugins/redux-framework/redux-templates/src/blocks/import/components/?C=D;O=A HTTP/1.1" 200 1037 "https://www.thehunarfoundation.org/hunar-canada/wp-content/plugins/redux-framework/redux-templates/src/blocks/import/components/" "Mozilla/5.0 AppleWebKit/537.36 (KHTML, like Gecko; compatible; GPTBot/1.3; +https://openai.com/gptbot)"
74.7.241.42 - - [04/May/2026:14:47:30 +0000] "GET /hunar-canada/wp-content/plugins/rselements/widgets/course-category-slider/tutor/ HTTP/1.1" 200 1393 "https://thehunarfoundation.org/hunar-canada/wp-content/plugins/rselements/widgets/course-category-slider/" "Mozilla/5.0 AppleWebKit/537.36 (KHTML, like Gecko; compatible; GPTBot/1.3; +https://openai.com/gptbot)"
74.7.227.152 - - [04/May/2026:14:47:30 +0000] "GET /hunar-canada/wp-content/plugins/redux-framework/redux-templates/src/blocks/import/components/?C=N;O=D HTTP/1.1" 200 1037 "https://www.thehunarfoundation.org/hunar-canada/wp-content/plugins/redux-framework/redux-templates/src/blocks/import/components/" "Mozilla/5.0 AppleWebKit/537.36 (KHTML, like Gecko; compatible; GPTBot/1.3; +https://openai.com/gptbot)"
74.7.227.152 - - [04/May/2026:14:47:31 +0000] "GET /hunar-canada/wp-content/plugins/redux-framework/redux-templates/src/modal-library/view-collection/?C=N;O=A HTTP/1.1" 200 1409 "https://www.thehunarfoundation.org/hunar-canada/wp-content/plugins/redux-framework/redux-templates/src/modal-library/view-collection/?C=S;O=A" "Mozilla/5.0 AppleWebKit/537.36 (KHTML, like Gecko; compatible; GPTBot/1.3; +https://openai.com/gptbot)"
74.7.227.152 - - [04/May/2026:14:47:31 +0000] "GET /hunar-canada/wp-content/plugins/redux-framework/redux-templates/src/modal-library/view-collection/?C=S;O=D HTTP/1.1" 200 1409 "https://www.thehunarfoundation.org/hunar-canada/wp-content/plugins/redux-framework/redux-templates/src/modal-library/view-collection/?C=S;O=A" "Mozilla/5.0 AppleWebKit/537.36 (KHTML, like Gecko; compatible; GPTBot/1.3; +https://openai.com/gptbot)"
74.7.227.152 - - [04/May/2026:14:47:32 +0000] "GET /hunar-canada/wp-content/plugins/redux-framework/redux-templates/src/modal-library/view-collection/?C=M;O=D HTTP/1.1" 200 1409 "https://www.thehunarfoundation.org/hunar-canada/wp-content/plugins/redux-framework/redux-templates/src/modal-library/view-collection/?C=M;O=A" "Mozilla/5.0 AppleWebKit/537.36 (KHTML, like Gecko; compatible; GPTBot/1.3; +https://openai.com/gptbot)"
74.7.227.152 - - [04/May/2026:14:47:32 +0000] "GET /hunar-canada/wp-content/plugins/rs_framework/inc/widgets/rs-theme-widget/languages/?C=M;O=D HTTP/1.1" 200 12999 "https://www.thehunarfoundation.org/hunar-canada/wp-content/plugins/rs_framework/inc/widgets/rs-theme-widget/languages/?C=M;O=A" "Mozilla/5.0 AppleWebKit/537.36 (KHTML, like Gecko; compatible; GPTBot/1.3; +https://openai.com/gptbot)"
74.7.227.152 - - [04/May/2026:14:47:33 +0000] "GET /hunar-canada/wp-content/plugins/redux-framework/redux-templates/src/modal-library/view-collection/?C=D;O=D HTTP/1.1" 200 1409 "https://www.thehunarfoundation.org/hunar-canada/wp-content/plugins/redux-framework/redux-templates/src/modal-library/view-collection/?C=D;O=A" "Mozilla/5.0 AppleWebKit/537.36 (KHTML, like Gecko; compatible; GPTBot/1.3; +https://openai.com/gptbot)"
74.7.227.152 - - [04/May/2026:14:47:33 +0000] "GET /hunar-canada/wp-content/plugins/redux-framework/redux-templates/src/blocks/import/components/?C=N;O=A HTTP/1.1" 200 1037 "https://www.thehunarfoundation.org/hunar-canada/wp-content/plugins/redux-framework/redux-templates/src/blocks/import/components/?C=M;O=A" "Mozilla/5.0 AppleWebKit/537.36 (KHTML, like Gecko; compatible; GPTBot/1.3; +https://openai.com/gptbot)"
74.7.227.152 - - [04/May/2026:14:47:34 +0000] "GET /hunar-canada/wp-content/plugins/rs_framework/inc/widgets/rs-theme-widget/languages/?C=S;O=A HTTP/1.1" 200 12999 "https://www.thehunarfoundation.org/hunar-canada/wp-content/plugins/rs_framework/inc/widgets/rs-theme-widget/languages/" "Mozilla/5.0 AppleWebKit/537.36 (KHTML, like Gecko; compatible; GPTBot/1.3; +https://openai.com/gptbot)"
74.7.227.152 - - [04/May/2026:14:47:34 +0000] "GET /hunar-canada/wp-content/plugins/the-plus-addons-for-elementor-page-builder/includes/gallery/?C=S;O=A HTTP/1.1" 200 1806 "https://www.thehunarfoundation.org/hunar-canada/wp-content/plugins/the-plus-addons-for-elementor-page-builder/includes/gallery/" "Mozilla/5.0 AppleWebKit/537.36 (KHTML, like Gecko; compatible; GPTBot/1.3; +https://openai.com/gptbot)"
74.7.227.152 - - [04/May/2026:14:47:35 +0000] "GET /hunar-canada/wp-content/plugins/the-plus-addons-for-elementor-page-builder/includes/gallery/?C=D;O=A HTTP/1.1" 200 1806 "https://www.thehunarfoundation.org/hunar-canada/wp-content/plugins/the-plus-addons-for-elementor-page-builder/includes/gallery/" "Mozilla/5.0 AppleWebKit/537.36 (KHTML, like Gecko; compatible; GPTBot/1.3; +https://openai.com/gptbot)"
74.7.227.152 - - [04/May/2026:14:47:35 +0000] "GET /hunar-canada/wp-content/plugins/redux-framework/redux-templates/src/blocks/import/components/?C=D;O=D HTTP/1.1" 200 1037 "https://www.thehunarfoundation.org/hunar-canada/wp-content/plugins/redux-framework/redux-templates/src/blocks/import/components/?C=D;O=A" "Mozilla/5.0 AppleWebKit/537.36 (KHTML, like Gecko; compatible; GPTBot/1.3; +https://openai.com/gptbot)"
74.7.227.152 - - [04/May/2026:14:47:36 +0000] "GET /hunar-canada/wp-content/plugins/the-plus-addons-for-elementor-page-builder/includes/gallery/?C=M;O=A HTTP/1.1" 200 1806 "https://www.thehunarfoundation.org/hunar-canada/wp-content/plugins/the-plus-addons-for-elementor-page-builder/includes/gallery/" "Mozilla/5.0 AppleWebKit/537.36 (KHTML, like Gecko; compatible; GPTBot/1.3; +https://openai.com/gptbot)"
74.7.227.152 - - [04/May/2026:14:47:37 +0000] "GET /hunar-canada/wp-content/plugins/the-plus-addons-for-elementor-page-builder/includes/gallery/?C=N;O=D HTTP/1.1" 200 1806 "https://www.thehunarfoundation.org/hunar-canada/wp-content/plugins/the-plus-addons-for-elementor-page-builder/includes/gallery/" "Mozilla/5.0 AppleWebKit/537.36 (KHTML, like Gecko; compatible; GPTBot/1.3; +https://openai.com/gptbot)"
74.7.227.152 - - [04/May/2026:14:47:37 +0000] "GET /sendy/includes/helpers/geo/geolite2/vendor/maxmind-db/reader/src/MaxMind/Db/Reader/?C=N;O=D HTTP/1.1" 200 1588 "https://www.thehunarfoundation.org/sendy/includes/helpers/geo/geolite2/vendor/maxmind-db/reader/src/MaxMind/Db/Reader/" "Mozilla/5.0 AppleWebKit/537.36 (KHTML, like Gecko; compatible; GPTBot/1.3; +https://openai.com/gptbot)"
74.7.227.152 - - [04/May/2026:14:47:38 +0000] "GET /sendy/includes/helpers/geo/geolite2/vendor/maxmind-db/reader/src/MaxMind/Db/Reader/?C=D;O=A HTTP/1.1" 200 1588 "https://www.thehunarfoundation.org/sendy/includes/helpers/geo/geolite2/vendor/maxmind-db/reader/src/MaxMind/Db/Reader/" "Mozilla/5.0 AppleWebKit/537.36 (KHTML, like Gecko; compatible; GPTBot/1.3; +https://openai.com/gptbot)"
74.7.227.152 - - [04/May/2026:14:47:38 +0000] "GET /sendy/includes/helpers/geo/geolite2/vendor/maxmind-db/reader/src/MaxMind/Db/Reader/?C=M;O=A HTTP/1.1" 200 1588 "https://www.thehunarfoundation.org/sendy/includes/helpers/geo/geolite2/vendor/maxmind-db/reader/src/MaxMind/Db/Reader/" "Mozilla/5.0 AppleWebKit/537.36 (KHTML, like Gecko; compatible; GPTBot/1.3; +https://openai.com/gptbot)"
74.7.227.152 - - [04/May/2026:14:47:39 +0000] "GET /sendy/includes/helpers/geo/geolite2/vendor/maxmind-db/reader/src/MaxMind/Db/Reader/?C=S;O=A HTTP/1.1" 200 1588 "https://www.thehunarfoundation.org/sendy/includes/helpers/geo/geolite2/vendor/maxmind-db/reader/src/MaxMind/Db/Reader/" "Mozilla/5.0 AppleWebKit/537.36 (KHTML, like Gecko; compatible; GPTBot/1.3; +https://openai.com/gptbot)"
74.7.227.152 - - [04/May/2026:14:47:39 +0000] "GET /hunar-canada/wp-includes/blocks/social-links/?C=D;O=A HTTP/1.1" 200 2397 "https://www.thehunarfoundation.org/hunar-canada/wp-includes/blocks/social-links/" "Mozilla/5.0 AppleWebKit/537.36 (KHTML, like Gecko; compatible; GPTBot/1.3; +https://openai.com/gptbot)"
74.7.227.152 - - [04/May/2026:14:47:40 +0000] "GET /hunar-canada/wp-content/plugins/rs_framework/inc/widgets/rs-theme-widget/languages/?C=S;O=D HTTP/1.1" 200 12999 "https://www.thehunarfoundation.org/hunar-canada/wp-content/plugins/rs_framework/inc/widgets/rs-theme-widget/languages/?C=S;O=A" "Mozilla/5.0 AppleWebKit/537.36 (KHTML, like Gecko; compatible; GPTBot/1.3; +https://openai.com/gptbot)"
74.7.227.152 - - [04/May/2026:14:47:40 +0000] "GET /hunar-canada/wp-content/plugins/the-plus-addons-for-elementor-page-builder/includes/gallery/?C=S;O=D HTTP/1.1" 200 1806 "https://www.thehunarfoundation.org/hunar-canada/wp-content/plugins/the-plus-addons-for-elementor-page-builder/includes/gallery/?C=S;O=A" "Mozilla/5.0 AppleWebKit/537.36 (KHTML, like Gecko; compatible; GPTBot/1.3; +https://openai.com/gptbot)"
74.7.227.152 - - [04/May/2026:14:47:41 +0000] "GET /hunar-canada/wp-content/plugins/the-plus-addons-for-elementor-page-builder/includes/gallery/?C=D;O=D HTTP/1.1" 200 1806 "https://www.thehunarfoundation.org/hunar-canada/wp-content/plugins/the-plus-addons-for-elementor-page-builder/includes/gallery/?C=D;O=A" "Mozilla/5.0 AppleWebKit/537.36 (KHTML, like Gecko; compatible; GPTBot/1.3; +https://openai.com/gptbot)"
74.7.227.152 - - [04/May/2026:14:47:42 +0000] "GET /hunar-canada/wp-content/plugins/the-plus-addons-for-elementor-page-builder/includes/gallery/?C=N;O=A HTTP/1.1" 200 1806 "https://www.thehunarfoundation.org/hunar-canada/wp-content/plugins/the-plus-addons-for-elementor-page-builder/includes/gallery/?C=S;O=A" "Mozilla/5.0 AppleWebKit/537.36 (KHTML, like Gecko; compatible; GPTBot/1.3; +https://openai.com/gptbot)"
74.7.227.152 - - [04/May/2026:14:47:42 +0000] "GET /hunar-canada/wp-content/plugins/the-plus-addons-for-elementor-page-builder/includes/gallery/?C=M;O=D HTTP/1.1" 200 1806 "https://www.thehunarfoundation.org/hunar-canada/wp-content/plugins/the-plus-addons-for-elementor-page-builder/includes/gallery/?C=M;O=A" "Mozilla/5.0 AppleWebKit/537.36 (KHTML, like Gecko; compatible; GPTBot/1.3; +https://openai.com/gptbot)"
74.7.227.152 - - [04/May/2026:14:47:43 +0000] "GET /hunar-canada/wp-includes/blocks/social-links/?C=M;O=A HTTP/1.1" 200 2397 "https://www.thehunarfoundation.org/hunar-canada/wp-includes/blocks/social-links/" "Mozilla/5.0 AppleWebKit/537.36 (KHTML, like Gecko; compatible; GPTBot/1.3; +https://openai.com/gptbot)"
74.7.227.152 - - [04/May/2026:14:47:43 +0000] "GET /sendy/includes/helpers/geo/geolite2/vendor/maxmind-db/reader/src/MaxMind/Db/Reader/?C=N;O=A HTTP/1.1" 200 1588 "https://www.thehunarfoundation.org/sendy/includes/helpers/geo/geolite2/vendor/maxmind-db/reader/src/MaxMind/Db/Reader/?C=N;O=D" "Mozilla/5.0 AppleWebKit/537.36 (KHTML, like Gecko; compatible; GPTBot/1.3; +https://openai.com/gptbot)"
74.7.227.152 - - [04/May/2026:14:47:44 +0000] "GET /sendy/includes/helpers/geo/geolite2/vendor/maxmind-db/reader/src/MaxMind/Db/Reader/?C=D;O=D HTTP/1.1" 200 1588 "https://www.thehunarfoundation.org/sendy/includes/helpers/geo/geolite2/vendor/maxmind-db/reader/src/MaxMind/Db/Reader/?C=D;O=A" "Mozilla/5.0 AppleWebKit/537.36 (KHTML, like Gecko; compatible; GPTBot/1.3; +https://openai.com/gptbot)"
74.7.227.152 - - [04/May/2026:14:47:44 +0000] "GET /sendy/includes/helpers/geo/geolite2/vendor/maxmind-db/reader/src/MaxMind/Db/Reader/?C=M;O=D HTTP/1.1" 200 1588 "https://www.thehunarfoundation.org/sendy/includes/helpers/geo/geolite2/vendor/maxmind-db/reader/src/MaxMind/Db/Reader/?C=M;O=A" "Mozilla/5.0 AppleWebKit/537.36 (KHTML, like Gecko; compatible; GPTBot/1.3; +https://openai.com/gptbot)"
74.7.227.152 - - [04/May/2026:14:47:45 +0000] "GET /sendy/includes/helpers/geo/geolite2/vendor/maxmind-db/reader/src/MaxMind/Db/Reader/?C=S;O=D HTTP/1.1" 200 1588 "https://www.thehunarfoundation.org/sendy/includes/helpers/geo/geolite2/vendor/maxmind-db/reader/src/MaxMind/Db/Reader/?C=S;O=A" "Mozilla/5.0 AppleWebKit/537.36 (KHTML, like Gecko; compatible; GPTBot/1.3; +https://openai.com/gptbot)"
74.7.227.152 - - [04/May/2026:14:47:45 +0000] "GET /hunar-canada/wp-includes/blocks/social-links/?C=N;O=A HTTP/1.1" 200 2397 "https://www.thehunarfoundation.org/hunar-canada/wp-includes/blocks/social-links/?C=D;O=A" "Mozilla/5.0 AppleWebKit/537.36 (KHTML, like Gecko; compatible; GPTBot/1.3; +https://openai.com/gptbot)"
74.7.227.152 - - [04/May/2026:14:47:46 +0000] "GET /hunar-canada/wp-includes/blocks/social-links/?C=N;O=D HTTP/1.1" 200 2397 "https://www.thehunarfoundation.org/hunar-canada/wp-includes/blocks/social-links/" "Mozilla/5.0 AppleWebKit/537.36 (KHTML, like Gecko; compatible; GPTBot/1.3; +https://openai.com/gptbot)"
74.7.227.152 - - [04/May/2026:14:47:46 +0000] "GET /hunar-canada/wp-includes/blocks/social-links/?C=S;O=A HTTP/1.1" 200 2397 "https://www.thehunarfoundation.org/hunar-canada/wp-includes/blocks/social-links/" "Mozilla/5.0 AppleWebKit/537.36 (KHTML, like Gecko; compatible; GPTBot/1.3; +https://openai.com/gptbot)"
74.7.227.152 - - [04/May/2026:14:47:47 +0000] "GET /hunar-canada/wp-admin/includes/?C=N;O=D HTTP/1.1" 200 21713 "https://www.thehunarfoundation.org/hunar-canada/wp-admin/includes/" "Mozilla/5.0 AppleWebKit/537.36 (KHTML, like Gecko; compatible; GPTBot/1.3; +https://openai.com/gptbot)"
74.7.227.152 - - [04/May/2026:14:47:47 +0000] "GET /hunar-canada/wp-admin/network/?C=M;O=A HTTP/1.1" 200 6067 "https://www.thehunarfoundation.org/hunar-canada/wp-admin/network/" "Mozilla/5.0 AppleWebKit/537.36 (KHTML, like Gecko; compatible; GPTBot/1.3; +https://openai.com/gptbot)"
74.7.227.152 - - [04/May/2026:14:47:48 +0000] "GET /hunar-canada/wp-admin/includes/?C=D;O=A HTTP/1.1" 200 21713 "https://www.thehunarfoundation.org/hunar-canada/wp-admin/includes/" "Mozilla/5.0 AppleWebKit/537.36 (KHTML, like Gecko; compatible; GPTBot/1.3; +https://openai.com/gptbot)"
74.7.227.152 - - [04/May/2026:14:47:48 +0000] "GET /hunar-canada/wp-includes/blocks/social-links/?C=M;O=D HTTP/1.1" 200 2397 "https://www.thehunarfoundation.org/hunar-canada/wp-includes/blocks/social-links/?C=M;O=A" "Mozilla/5.0 AppleWebKit/537.36 (KHTML, like Gecko; compatible; GPTBot/1.3; +https://openai.com/gptbot)"
74.7.227.152 - - [04/May/2026:14:47:49 +0000] "GET /hunar-canada/wp-admin/network/?C=D;O=A HTTP/1.1" 200 6067 "https://www.thehunarfoundation.org/hunar-canada/wp-admin/network/" "Mozilla/5.0 AppleWebKit/537.36 (KHTML, like Gecko; compatible; GPTBot/1.3; +https://openai.com/gptbot)"
74.7.227.152 - - [04/May/2026:14:47:50 +0000] "GET /hunar-canada/wp-admin/includes/?C=S;O=A HTTP/1.1" 200 21713 "https://www.thehunarfoundation.org/hunar-canada/wp-admin/includes/" "Mozilla/5.0 AppleWebKit/537.36 (KHTML, like Gecko; compatible; GPTBot/1.3; +https://openai.com/gptbot)"
74.7.227.152 - - [04/May/2026:14:47:50 +0000] "GET /hunar-canada/wp-admin/network/?C=S;O=A HTTP/1.1" 200 6067 "https://www.thehunarfoundation.org/hunar-canada/wp-admin/network/" "Mozilla/5.0 AppleWebKit/537.36 (KHTML, like Gecko; compatible; GPTBot/1.3; +https://openai.com/gptbot)"
74.7.227.152 - - [04/May/2026:14:47:51 +0000] "GET /hunar-canada/wp-admin/network/?C=N;O=D HTTP/1.1" 200 6067 "https://www.thehunarfoundation.org/hunar-canada/wp-admin/network/" "Mozilla/5.0 AppleWebKit/537.36 (KHTML, like Gecko; compatible; GPTBot/1.3; +https://openai.com/gptbot)"
74.7.227.152 - - [04/May/2026:14:47:51 +0000] "GET /hunar-canada/wp-admin/includes/?C=M;O=A HTTP/1.1" 200 21713 "https://www.thehunarfoundation.org/hunar-canada/wp-admin/includes/" "Mozilla/5.0 AppleWebKit/537.36 (KHTML, like Gecko; compatible; GPTBot/1.3; +https://openai.com/gptbot)"
74.7.227.152 - - [04/May/2026:14:47:52 +0000] "GET /hunar-canada/wp-content/plugins/elementor/core/utils/import-export/parsers/?C=N;O=D HTTP/1.1" 200 1587 "https://www.thehunarfoundation.org/hunar-canada/wp-content/plugins/elementor/core/utils/import-export/parsers/" "Mozilla/5.0 AppleWebKit/537.36 (KHTML, like Gecko; compatible; GPTBot/1.3; +https://openai.com/gptbot)"
74.7.227.152 - - [04/May/2026:14:47:52 +0000] "GET /hunar-canada/wp-includes/blocks/social-links/?C=S;O=D HTTP/1.1" 200 2397 "https://www.thehunarfoundation.org/hunar-canada/wp-includes/blocks/social-links/?C=S;O=A" "Mozilla/5.0 AppleWebKit/537.36 (KHTML, like Gecko; compatible; GPTBot/1.3; +https://openai.com/gptbot)"
74.7.227.152 - - [04/May/2026:14:47:53 +0000] "GET /hunar-canada/wp-admin/includes/class-wp-privacy-policy-content.php.sorry HTTP/1.1" 500 - "https://www.thehunarfoundation.org/hunar-canada/wp-admin/includes/?C=N;O=D" "Mozilla/5.0 AppleWebKit/537.36 (KHTML, like Gecko; compatible; GPTBot/1.3; +https://openai.com/gptbot)"
74.7.227.152 - - [04/May/2026:14:47:54 +0000] "GET /hunar-canada/wp-admin/includes/privacy-tools.php.sorry HTTP/1.1" 500 - "https://www.thehunarfoundation.org/hunar-canada/wp-admin/includes/?C=N;O=D" "Mozilla/5.0 AppleWebKit/537.36 (KHTML, like Gecko; compatible; GPTBot/1.3; +https://openai.com/gptbot)"
74.7.227.152 - - [04/May/2026:14:47:55 +0000] "GET /hunar-canada/wp-admin/includes/post.php.sorry HTTP/1.1" 500 - "https://www.thehunarfoundation.org/hunar-canada/wp-admin/includes/?C=N;O=D" "Mozilla/5.0 AppleWebKit/537.36 (KHTML, like Gecko; compatible; GPTBot/1.3; +https://openai.com/gptbot)"
74.7.241.42 - - [04/May/2026:14:47:56 +0000] "GET /hunar-canada/wp-content/plugins/rselements/widgets/course-category-slider/learndash/ HTTP/1.1" 200 1401 "https://thehunarfoundation.org/hunar-canada/wp-content/plugins/rselements/widgets/course-category-slider/" "Mozilla/5.0 AppleWebKit/537.36 (KHTML, like Gecko; compatible; GPTBot/1.3; +https://openai.com/gptbot)"
74.7.227.152 - - [04/May/2026:14:48:00 +0000] "GET /hunar-canada/wp-admin/includes/class-pclzip.php.sorry HTTP/1.1" 500 - "https://www.thehunarfoundation.org/hunar-canada/wp-admin/includes/?C=N;O=D" "Mozilla/5.0 AppleWebKit/537.36 (KHTML, like Gecko; compatible; GPTBot/1.3; +https://openai.com/gptbot)"
74.7.227.152 - - [04/May/2026:14:48:14 +0000] "GET /hunar-canada/wp-admin/includes/ajax-actions.php.sorry HTTP/1.1" 500 - "https://www.thehunarfoundation.org/hunar-canada/wp-admin/includes/?C=N;O=D" "Mozilla/5.0 AppleWebKit/537.36 (KHTML, like Gecko; compatible; GPTBot/1.3; +https://openai.com/gptbot)"
74.7.241.42 - - [04/May/2026:14:48:21 +0000] "GET /hunar-canada/wp-content/plugins/rselements/widgets/testimonial-slider/img/2.5.png.sorry HTTP/1.1" 200 4185 "https://thehunarfoundation.org/hunar-canada/wp-content/plugins/rselements/widgets/testimonial-slider/img/" "Mozilla/5.0 AppleWebKit/537.36 (KHTML, like Gecko; compatible; GPTBot/1.3; +https://openai.com/gptbot)"
74.7.241.42 - - [04/May/2026:14:48:43 +0000] "GET /hunar-canada/wp-content/plugins/rselements/widgets/testimonial-slider/img/3.5.png.sorry HTTP/1.1" 200 4135 "https://thehunarfoundation.org/hunar-canada/wp-content/plugins/rselements/widgets/testimonial-slider/img/" "Mozilla/5.0 AppleWebKit/537.36 (KHTML, like Gecko; compatible; GPTBot/1.3; +https://openai.com/gptbot)"
74.7.227.152 - - [04/May/2026:14:48:58 +0000] "GET /hunar-canada/wp-admin/includes/image-edit.php.sorry HTTP/1.1" 500 - "https://www.thehunarfoundation.org/hunar-canada/wp-admin/includes/?C=N;O=D" "Mozilla/5.0 AppleWebKit/537.36 (KHTML, like Gecko; compatible; GPTBot/1.3; +https://openai.com/gptbot)"
74.7.241.42 - - [04/May/2026:14:49:03 +0000] "GET /hunar-canada/wp-content/plugins/rselements/widgets/courses-search/courses-search-tutor.php.sorry HTTP/1.1" 500 - "https://thehunarfoundation.org/hunar-canada/wp-content/plugins/rselements/widgets/courses-search/" "Mozilla/5.0 AppleWebKit/537.36 (KHTML, like Gecko; compatible; GPTBot/1.3; +https://openai.com/gptbot)"
74.7.241.42 - - [04/May/2026:14:49:21 +0000] "GET /hunar-canada/wp-content/plugins/rselements/widgets/courses-search/courses-search-dash.php.sorry HTTP/1.1" 500 - "https://thehunarfoundation.org/hunar-canada/wp-content/plugins/rselements/widgets/courses-search/" "Mozilla/5.0 AppleWebKit/537.36 (KHTML, like Gecko; compatible; GPTBot/1.3; +https://openai.com/gptbot)"
74.7.227.152 - - [04/May/2026:14:49:59 +0000] "GET /hunar-canada/wp-admin/includes/upgrade.php.sorry HTTP/1.1" 500 - "https://www.thehunarfoundation.org/hunar-canada/wp-admin/includes/?C=N;O=D" "Mozilla/5.0 AppleWebKit/537.36 (KHTML, like Gecko; compatible; GPTBot/1.3; +https://openai.com/gptbot)"
74.7.241.42 - - [04/May/2026:14:50:12 +0000] "GET /hunar-canada/wp-content/plugins/rselements/widgets/portfolio-grid/style1.php.sorry HTTP/1.1" 500 - "https://thehunarfoundation.org/hunar-canada/wp-content/plugins/rselements/widgets/portfolio-grid/" "Mozilla/5.0 AppleWebKit/537.36 (KHTML, like Gecko; compatible; GPTBot/1.3; +https://openai.com/gptbot)"
74.7.227.152 - - [04/May/2026:14:51:03 +0000] "GET /hunar-canada/wp-admin/includes/theme.php.sorry HTTP/1.1" 500 - "https://www.thehunarfoundation.org/hunar-canada/wp-admin/includes/?C=N;O=D" "Mozilla/5.0 AppleWebKit/537.36 (KHTML, like Gecko; compatible; GPTBot/1.3; +https://openai.com/gptbot)"
74.7.241.42 - - [04/May/2026:14:51:13 +0000] "GET /hunar-canada/wp-content/plugins/rselements/widgets/portfolio-grid/style2.php.sorry HTTP/1.1" 500 - "https://thehunarfoundation.org/hunar-canada/wp-content/plugins/rselements/widgets/portfolio-grid/" "Mozilla/5.0 AppleWebKit/537.36 (KHTML, like Gecko; compatible; GPTBot/1.3; +https://openai.com/gptbot)"
74.7.227.152 - - [04/May/2026:14:52:08 +0000] "GET /hunar-canada/wp-admin/network/themes.php.sorry HTTP/1.1" 500 - "https://www.thehunarfoundation.org/hunar-canada/wp-admin/network/?C=M;O=A" "Mozilla/5.0 AppleWebKit/537.36 (KHTML, like Gecko; compatible; GPTBot/1.3; +https://openai.com/gptbot)"
74.7.241.42 - - [04/May/2026:14:52:15 +0000] "GET /hunar-canada/wp-content/plugins/rselements/widgets/portfolio-grid/style3.php.sorry HTTP/1.1" 500 - "https://thehunarfoundation.org/hunar-canada/wp-content/plugins/rselements/widgets/portfolio-grid/" "Mozilla/5.0 AppleWebKit/537.36 (KHTML, like Gecko; compatible; GPTBot/1.3; +https://openai.com/gptbot)"
74.7.227.152 - - [04/May/2026:14:53:12 +0000] "GET /hunar-canada/wp-content/plugins/elementor/core/utils/import-export/parsers/wxr-parser-regex.php.sorry HTTP/1.1" 500 - "https://www.thehunarfoundation.org/hunar-canada/wp-content/plugins/elementor/core/utils/import-export/parsers/?C=N;O=D" "Mozilla/5.0 AppleWebKit/537.36 (KHTML, like Gecko; compatible; GPTBot/1.3; +https://openai.com/gptbot)"
74.7.241.42 - - [04/May/2026:14:53:18 +0000] "GET /hunar-canada/wp-content/plugins/rselements/widgets/portfolio-grid/style4.php.sorry HTTP/1.1" 500 - "https://thehunarfoundation.org/hunar-canada/wp-content/plugins/rselements/widgets/portfolio-grid/" "Mozilla/5.0 AppleWebKit/537.36 (KHTML, like Gecko; compatible; GPTBot/1.3; +https://openai.com/gptbot)"
74.7.227.152 - - [04/May/2026:14:54:16 +0000] "GET /hunar-canada/wp-admin/includes/misc.php.sorry HTTP/1.1" 500 - "https://www.thehunarfoundation.org/hunar-canada/wp-admin/includes/?C=N;O=D" "Mozilla/5.0 AppleWebKit/537.36 (KHTML, like Gecko; compatible; GPTBot/1.3; +https://openai.com/gptbot)"
74.7.241.42 - - [04/May/2026:14:54:20 +0000] "GET /hunar-canada/wp-content/plugins/rselements/widgets/countdown/countdown.php.sorry HTTP/1.1" 500 - "https://thehunarfoundation.org/hunar-canada/wp-content/plugins/rselements/widgets/countdown/" "Mozilla/5.0 AppleWebKit/537.36 (KHTML, like Gecko; compatible; GPTBot/1.3; +https://openai.com/gptbot)"
74.7.227.152 - - [04/May/2026:14:55:18 +0000] "GET /hunar-canada/wp-admin/includes/media.php.sorry HTTP/1.1" 500 - "https://www.thehunarfoundation.org/hunar-canada/wp-admin/includes/?C=N;O=D" "Mozilla/5.0 AppleWebKit/537.36 (KHTML, like Gecko; compatible; GPTBot/1.3; +https://openai.com/gptbot)"
74.7.241.42 - - [04/May/2026:14:55:25 +0000] "GET /hunar-canada/wp-content/plugins/rselements/widgets/course-category-slider/tutor/style2.php.sorry HTTP/1.1" 500 - "https://thehunarfoundation.org/hunar-canada/wp-content/plugins/rselements/widgets/course-category-slider/tutor/" "Mozilla/5.0 AppleWebKit/537.36 (KHTML, like Gecko; compatible; GPTBot/1.3; +https://openai.com/gptbot)"
74.7.227.152 - - [04/May/2026:14:56:19 +0000] "GET / HTTP/1.1" 500 - "-" "Mozilla/5.0 AppleWebKit/537.36 (KHTML, like Gecko; compatible; GPTBot/1.3; +https://openai.com/gptbot)"
74.7.241.42 - - [04/May/2026:14:56:26 +0000] "GET /hunar-canada/wp-content/plugins/rselements/widgets/course-category-slider/tutor/style1.php.sorry HTTP/1.1" 500 - "https://thehunarfoundation.org/hunar-canada/wp-content/plugins/rselements/widgets/course-category-slider/tutor/" "Mozilla/5.0 AppleWebKit/537.36 (KHTML, like Gecko; compatible; GPTBot/1.3; +https://openai.com/gptbot)"
74.7.227.152 - - [04/May/2026:14:57:21 +0000] "GET /hunar-canada/wp-admin/includes/file.php.sorry HTTP/1.1" 500 - "https://www.thehunarfoundation.org/hunar-canada/wp-admin/includes/?C=N;O=D" "Mozilla/5.0 AppleWebKit/537.36 (KHTML, like Gecko; compatible; GPTBot/1.3; +https://openai.com/gptbot)"
74.7.241.42 - - [04/May/2026:14:57:28 +0000] "GET /hunar-canada/wp-content/plugins/rselements/widgets/course-category-slider/learndash/style1.php.sorry HTTP/1.1" 500 - "https://thehunarfoundation.org/hunar-canada/wp-content/plugins/rselements/widgets/course-category-slider/learndash/" "Mozilla/5.0 AppleWebKit/537.36 (KHTML, like Gecko; compatible; GPTBot/1.3; +https://openai.com/gptbot)"
74.7.241.42 - - [04/May/2026:14:58:30 +0000] "GET /hunar-canada/wp-content/plugins/rselements/widgets/course-category-slider/learndash/style2.php.sorry HTTP/1.1" 500 - "https://thehunarfoundation.org/hunar-canada/wp-content/plugins/rselements/widgets/course-category-slider/learndash/" "Mozilla/5.0 AppleWebKit/537.36 (KHTML, like Gecko; compatible; GPTBot/1.3; +https://openai.com/gptbot)"
95.173.222.19 - - [04/May/2026:14:59:12 +0000] "GET /z.php HTTP/1.1" 500 - "-" "Mozilla/5.0 (Macintosh; Intel Mac OS X 10_15_7) AppleWebKit/537.36 (KHTML, like Gecko) Chrome/146.0.0.0 Safari/537.36"
95.173.222.19 - - [04/May/2026:14:59:13 +0000] "GET /favicon.ico HTTP/1.1" 500 - "https://thehunarfoundation.org/z.php" "Mozilla/5.0 (Macintosh; Intel Mac OS X 10_15_7) AppleWebKit/537.36 (KHTML, like Gecko) Chrome/146.0.0.0 Safari/537.36"
74.7.227.152 - - [04/May/2026:14:59:27 +0000] "GET /hunar-canada/wp-admin/includes/nav-menu.php.sorry HTTP/1.1" 500 - "https://www.thehunarfoundation.org/hunar-canada/wp-admin/includes/?C=N;O=D" "Mozilla/5.0 AppleWebKit/537.36 (KHTML, like Gecko; compatible; GPTBot/1.3; +https://openai.com/gptbot)"
74.7.241.42 - - [04/May/2026:14:59:35 +0000] "GET /hunar-canada/wp-content/plugins/rselements/widgets/course-category-slider/tutor/category-slider-widget.php.sorry HTTP/1.1" 500 - "https://thehunarfoundation.org/hunar-canada/wp-content/plugins/rselements/widgets/course-category-slider/tutor/" "Mozilla/5.0 AppleWebKit/537.36 (KHTML, like Gecko; compatible; GPTBot/1.3; +https://openai.com/gptbot)"
74.7.227.152 - - [04/May/2026:15:01:32 +0000] "GET /hunar-canada/wp-admin/includes/plugin.php.sorry HTTP/1.1" 500 - "https://www.thehunarfoundation.org/hunar-canada/wp-admin/includes/?C=N;O=D" "Mozilla/5.0 AppleWebKit/537.36 (KHTML, like Gecko; compatible; GPTBot/1.3; +https://openai.com/gptbot)"
74.7.241.42 - - [04/May/2026:15:01:40 +0000] "GET /hunar-canada/wp-content/plugins/rselements/widgets/instagram/instagram.php.sorry HTTP/1.1" 500 - "https://thehunarfoundation.org/hunar-canada/wp-content/plugins/rselements/widgets/instagram/" "Mozilla/5.0 AppleWebKit/537.36 (KHTML, like Gecko; compatible; GPTBot/1.3; +https://openai.com/gptbot)"
74.7.227.152 - - [04/May/2026:15:02:32 +0000] "GET /hunar-canada/wp-admin/includes/dashboard.php.sorry HTTP/1.1" 500 - "https://www.thehunarfoundation.org/hunar-canada/wp-admin/includes/?C=N;O=D" "Mozilla/5.0 AppleWebKit/537.36 (KHTML, like Gecko; compatible; GPTBot/1.3; +https://openai.com/gptbot)"
74.7.241.42 - - [04/May/2026:15:02:41 +0000] "GET /hunar-canada/wp-content/plugins/rselements/widgets/image-widget/ HTTP/1.1" 200 950 "https://thehunarfoundation.org/hunar-canada/wp-content/plugins/rselements/widgets/" "Mozilla/5.0 AppleWebKit/537.36 (KHTML, like Gecko; compatible; GPTBot/1.3; +https://openai.com/gptbot)"
74.7.227.152 - - [04/May/2026:15:03:34 +0000] "GET /hunar-canada/wp-admin/includes/update-core.php.sorry HTTP/1.1" 500 - "https://www.thehunarfoundation.org/hunar-canada/wp-admin/includes/?C=N;O=D" "Mozilla/5.0 AppleWebKit/537.36 (KHTML, like Gecko; compatible; GPTBot/1.3; +https://openai.com/gptbot)"
74.7.241.42 - - [04/May/2026:15:03:44 +0000] "GET /hunar-canada/wp-content/plugins/rselements/widgets/iconbox/rs-iconbox.php.sorry HTTP/1.1" 500 - "https://thehunarfoundation.org/hunar-canada/wp-content/plugins/rselements/widgets/iconbox/" "Mozilla/5.0 AppleWebKit/537.36 (KHTML, like Gecko; compatible; GPTBot/1.3; +https://openai.com/gptbot)"
74.7.227.152 - - [04/May/2026:15:04:35 +0000] "GET /hunar-canada/wp-content/plugins/elementor/core/utils/import-export/parsers/wxr-parser-xml.php.sorry HTTP/1.1" 500 - "https://www.thehunarfoundation.org/hunar-canada/wp-content/plugins/elementor/core/utils/import-export/parsers/?C=N;O=D" "Mozilla/5.0 AppleWebKit/537.36 (KHTML, like Gecko; compatible; GPTBot/1.3; +https://openai.com/gptbot)"
74.7.241.42 - - [04/May/2026:15:04:39 +0000] "GET /hunar-canada/wp-content/plugins/rselements/widgets/dual-heading/ HTTP/1.1" 200 957 "https://thehunarfoundation.org/hunar-canada/wp-content/plugins/rselements/widgets/" "Mozilla/5.0 AppleWebKit/537.36 (KHTML, like Gecko; compatible; GPTBot/1.3; +https://openai.com/gptbot)"
74.7.227.152 - - [04/May/2026:15:05:36 +0000] "GET /hunar-canada/wp-admin/includes/class-theme-upgrader.php.sorry HTTP/1.1" 500 - "https://www.thehunarfoundation.org/hunar-canada/wp-admin/includes/?C=N;O=D" "Mozilla/5.0 AppleWebKit/537.36 (KHTML, like Gecko; compatible; GPTBot/1.3; +https://openai.com/gptbot)"
