185.231.100.76 - - [04/May/2026:13:58:44 +0000] "GET /well-known/acme-challenge/j/g/?C=D;O=A HTTP/1.1" 200 2546 "-" "Mozilla/5.0 (compatible; MJ12bot/v1.4.8; http://mj12bot.com/)"
185.231.100.76 - - [04/May/2026:13:58:46 +0000] "GET /well-known/acme-challenge/j/g/?C=M;O=A HTTP/1.1" 200 2546 "-" "Mozilla/5.0 (compatible; MJ12bot/v1.4.8; http://mj12bot.com/)"
185.231.100.76 - - [04/May/2026:13:58:48 +0000] "GET /well-known/acme-challenge/j/g/?C=N;O=D HTTP/1.1" 200 2546 "-" "Mozilla/5.0 (compatible; MJ12bot/v1.4.8; http://mj12bot.com/)"
74.7.227.152 - - [04/May/2026:13:58:48 +0000] "GET /hunar-canada/wp-content/plugins/forminator/addons/pro/aweber/lib/?C=N;O=D HTTP/1.1" 200 1652 "https://www.thehunarfoundation.org/hunar-canada/wp-content/plugins/forminator/addons/pro/aweber/lib/" "Mozilla/5.0 AppleWebKit/537.36 (KHTML, like Gecko; compatible; GPTBot/1.3; +https://openai.com/gptbot)"
185.231.100.76 - - [04/May/2026:13:58:49 +0000] "GET /well-known/acme-challenge/j/g/?C=S;O=A HTTP/1.1" 200 2546 "-" "Mozilla/5.0 (compatible; MJ12bot/v1.4.8; http://mj12bot.com/)"
185.231.100.76 - - [04/May/2026:13:58:51 +0000] "GET /well-known/acme-challenge/j/h/?C=D;O=A HTTP/1.1" 200 2546 "-" "Mozilla/5.0 (compatible; MJ12bot/v1.4.8; http://mj12bot.com/)"
185.231.100.76 - - [04/May/2026:13:58:53 +0000] "GET /well-known/acme-challenge/j/h/?C=M;O=A HTTP/1.1" 200 2546 "-" "Mozilla/5.0 (compatible; MJ12bot/v1.4.8; http://mj12bot.com/)"
74.7.227.152 - - [04/May/2026:13:58:53 +0000] "GET /hunar-usa/wp-content/plugins/forminator/addons/pro/mailchimp/lib/?C=M;O=A HTTP/1.1" 200 1451 "https://www.thehunarfoundation.org/hunar-usa/wp-content/plugins/forminator/addons/pro/mailchimp/lib/" "Mozilla/5.0 AppleWebKit/537.36 (KHTML, like Gecko; compatible; GPTBot/1.3; +https://openai.com/gptbot)"
185.231.100.76 - - [04/May/2026:13:58:55 +0000] "GET /well-known/acme-challenge/j/h/?C=N;O=D HTTP/1.1" 200 2546 "-" "Mozilla/5.0 (compatible; MJ12bot/v1.4.8; http://mj12bot.com/)"
185.231.100.76 - - [04/May/2026:13:58:56 +0000] "GET /well-known/acme-challenge/j/h/?C=S;O=A HTTP/1.1" 200 2546 "-" "Mozilla/5.0 (compatible; MJ12bot/v1.4.8; http://mj12bot.com/)"
74.7.227.152 - - [04/May/2026:13:58:57 +0000] "GET /hunar-canada/wp-content/plugins/forminator/addons/pro/aweber/lib/?C=D;O=A HTTP/1.1" 200 1652 "https://www.thehunarfoundation.org/hunar-canada/wp-content/plugins/forminator/addons/pro/aweber/lib/" "Mozilla/5.0 AppleWebKit/537.36 (KHTML, like Gecko; compatible; GPTBot/1.3; +https://openai.com/gptbot)"
185.231.100.76 - - [04/May/2026:13:58:58 +0000] "GET /well-known/acme-challenge/j/i/?C=D;O=A HTTP/1.1" 200 2546 "-" "Mozilla/5.0 (compatible; MJ12bot/v1.4.8; http://mj12bot.com/)"
185.231.100.76 - - [04/May/2026:13:59:00 +0000] "GET /well-known/acme-challenge/j/i/?C=M;O=A HTTP/1.1" 200 2546 "-" "Mozilla/5.0 (compatible; MJ12bot/v1.4.8; http://mj12bot.com/)"
185.231.100.76 - - [04/May/2026:13:59:01 +0000] "GET /well-known/acme-challenge/j/i/?C=N;O=D HTTP/1.1" 200 2546 "-" "Mozilla/5.0 (compatible; MJ12bot/v1.4.8; http://mj12bot.com/)"
74.7.227.152 - - [04/May/2026:13:59:02 +0000] "GET /hunar-canada/wp-content/plugins/forminator/addons/pro/aweber/lib/?C=S;O=D HTTP/1.1" 200 1652 "https://www.thehunarfoundation.org/hunar-canada/wp-content/plugins/forminator/addons/pro/aweber/lib/?C=S;O=A" "Mozilla/5.0 AppleWebKit/537.36 (KHTML, like Gecko; compatible; GPTBot/1.3; +https://openai.com/gptbot)"
185.231.100.76 - - [04/May/2026:13:59:03 +0000] "GET /well-known/acme-challenge/j/i/?C=S;O=A HTTP/1.1" 200 2546 "-" "Mozilla/5.0 (compatible; MJ12bot/v1.4.8; http://mj12bot.com/)"
185.231.100.76 - - [04/May/2026:13:59:05 +0000] "GET /well-known/acme-challenge/j/j/?C=D;O=A HTTP/1.1" 200 2546 "-" "Mozilla/5.0 (compatible; MJ12bot/v1.4.8; http://mj12bot.com/)"
74.7.227.152 - - [04/May/2026:13:59:05 +0000] "GET /hunar-usa/wp-content/plugins/forminator/addons/pro/hubspot/views/?C=M;O=A HTTP/1.1" 200 1495 "https://www.thehunarfoundation.org/hunar-usa/wp-content/plugins/forminator/addons/pro/hubspot/views/" "Mozilla/5.0 AppleWebKit/537.36 (KHTML, like Gecko; compatible; GPTBot/1.3; +https://openai.com/gptbot)"
185.231.100.76 - - [04/May/2026:13:59:06 +0000] "GET /well-known/acme-challenge/j/j/?C=M;O=A HTTP/1.1" 200 2546 "-" "Mozilla/5.0 (compatible; MJ12bot/v1.4.8; http://mj12bot.com/)"
185.231.100.76 - - [04/May/2026:13:59:08 +0000] "GET /well-known/acme-challenge/j/j/?C=N;O=D HTTP/1.1" 200 2546 "-" "Mozilla/5.0 (compatible; MJ12bot/v1.4.8; http://mj12bot.com/)"
74.7.227.152 - - [04/May/2026:13:59:09 +0000] "GET /hunar-usa/wp-content/plugins/forminator/addons/pro/mailchimp/lib/?C=D;O=A HTTP/1.1" 200 1451 "https://www.thehunarfoundation.org/hunar-usa/wp-content/plugins/forminator/addons/pro/mailchimp/lib/" "Mozilla/5.0 AppleWebKit/537.36 (KHTML, like Gecko; compatible; GPTBot/1.3; +https://openai.com/gptbot)"
185.231.100.76 - - [04/May/2026:13:59:10 +0000] "GET /well-known/acme-challenge/j/j/?C=S;O=A HTTP/1.1" 200 2546 "-" "Mozilla/5.0 (compatible; MJ12bot/v1.4.8; http://mj12bot.com/)"
185.231.100.76 - - [04/May/2026:13:59:11 +0000] "GET /well-known/acme-challenge/j/k/?C=D;O=A HTTP/1.1" 200 2546 "-" "Mozilla/5.0 (compatible; MJ12bot/v1.4.8; http://mj12bot.com/)"
74.7.227.152 - - [04/May/2026:13:59:12 +0000] "GET /hunar-canada/wp-content/plugins/forminator/addons/pro/zapier/lib/?C=D;O=A HTTP/1.1" 200 1442 "https://www.thehunarfoundation.org/hunar-canada/wp-content/plugins/forminator/addons/pro/zapier/lib/" "Mozilla/5.0 AppleWebKit/537.36 (KHTML, like Gecko; compatible; GPTBot/1.3; +https://openai.com/gptbot)"
74.7.227.152 - - [04/May/2026:13:59:14 +0000] "GET /hunar-usa/wp-content/plugins/forminator/addons/pro/mailchimp/lib/?C=N;O=D HTTP/1.1" 200 1451 "https://www.thehunarfoundation.org/hunar-usa/wp-content/plugins/forminator/addons/pro/mailchimp/lib/" "Mozilla/5.0 AppleWebKit/537.36 (KHTML, like Gecko; compatible; GPTBot/1.3; +https://openai.com/gptbot)"
74.7.227.152 - - [04/May/2026:13:59:17 +0000] "GET /hunar-canada/wp-content/plugins/forminator/addons/pro/aweber/lib/?C=N;O=A HTTP/1.1" 200 1652 "https://www.thehunarfoundation.org/hunar-canada/wp-content/plugins/forminator/addons/pro/aweber/lib/?C=M;O=A" "Mozilla/5.0 AppleWebKit/537.36 (KHTML, like Gecko; compatible; GPTBot/1.3; +https://openai.com/gptbot)"
74.7.227.152 - - [04/May/2026:13:59:19 +0000] "GET /hunar-usa/wp-content/plugins/forminator/addons/pro/mailchimp/lib/?C=S;O=D HTTP/1.1" 200 1451 "https://www.thehunarfoundation.org/hunar-usa/wp-content/plugins/forminator/addons/pro/mailchimp/lib/?C=S;O=A" "Mozilla/5.0 AppleWebKit/537.36 (KHTML, like Gecko; compatible; GPTBot/1.3; +https://openai.com/gptbot)"
74.7.227.152 - - [04/May/2026:13:59:21 +0000] "GET /hunar-usa/wp-content/plugins/forminator/addons/pro/hubspot/views/?C=N;O=A HTTP/1.1" 200 1495 "https://www.thehunarfoundation.org/hunar-usa/wp-content/plugins/forminator/addons/pro/hubspot/views/?C=S;O=A" "Mozilla/5.0 AppleWebKit/537.36 (KHTML, like Gecko; compatible; GPTBot/1.3; +https://openai.com/gptbot)"
74.7.227.152 - - [04/May/2026:13:59:23 +0000] "GET /hunar-canada/wp-content/plugins/the-plus-addons-for-elementor-page-builder/includes/team-member/?C=N;O=D HTTP/1.1" 200 1450 "https://www.thehunarfoundation.org/hunar-canada/wp-content/plugins/the-plus-addons-for-elementor-page-builder/includes/team-member/" "Mozilla/5.0 AppleWebKit/537.36 (KHTML, like Gecko; compatible; GPTBot/1.3; +https://openai.com/gptbot)"
74.7.227.152 - - [04/May/2026:13:59:24 +0000] "GET /hunar-usa/wp-content/plugins/forminator/addons/pro/mailchimp/lib/?C=M;O=D HTTP/1.1" 200 1451 "https://www.thehunarfoundation.org/hunar-usa/wp-content/plugins/forminator/addons/pro/mailchimp/lib/?C=M;O=A" "Mozilla/5.0 AppleWebKit/537.36 (KHTML, like Gecko; compatible; GPTBot/1.3; +https://openai.com/gptbot)"
74.7.227.152 - - [04/May/2026:13:59:26 +0000] "GET /hunar-canada/wp-content/plugins/forminator/addons/pro/aweber/lib/?C=D;O=D HTTP/1.1" 200 1652 "https://www.thehunarfoundation.org/hunar-canada/wp-content/plugins/forminator/addons/pro/aweber/lib/?C=D;O=A" "Mozilla/5.0 AppleWebKit/537.36 (KHTML, like Gecko; compatible; GPTBot/1.3; +https://openai.com/gptbot)"
74.7.227.152 - - [04/May/2026:13:59:27 +0000] "GET /hunar-canada/wp-content/plugins/the-plus-addons-for-elementor-page-builder/includes/team-member/?C=M;O=A HTTP/1.1" 200 1450 "https://www.thehunarfoundation.org/hunar-canada/wp-content/plugins/the-plus-addons-for-elementor-page-builder/includes/team-member/" "Mozilla/5.0 AppleWebKit/537.36 (KHTML, like Gecko; compatible; GPTBot/1.3; +https://openai.com/gptbot)"
74.7.227.152 - - [04/May/2026:13:59:28 +0000] "GET /hunar-usa/wp-content/plugins/forminator/addons/pro/hubspot/views/?C=M;O=D HTTP/1.1" 200 1495 "https://www.thehunarfoundation.org/hunar-usa/wp-content/plugins/forminator/addons/pro/hubspot/views/?C=M;O=A" "Mozilla/5.0 AppleWebKit/537.36 (KHTML, like Gecko; compatible; GPTBot/1.3; +https://openai.com/gptbot)"
74.7.227.152 - - [04/May/2026:13:59:29 +0000] "GET /hunar-usa/wp-content/plugins/forminator/addons/pro/mailchimp/lib/?C=D;O=D HTTP/1.1" 200 1451 "https://www.thehunarfoundation.org/hunar-usa/wp-content/plugins/forminator/addons/pro/mailchimp/lib/?C=D;O=A" "Mozilla/5.0 AppleWebKit/537.36 (KHTML, like Gecko; compatible; GPTBot/1.3; +https://openai.com/gptbot)"
74.7.227.152 - - [04/May/2026:13:59:30 +0000] "GET /hunar-canada/wp-content/plugins/forminator/addons/pro/zapier/lib/?C=D;O=D HTTP/1.1" 200 1442 "https://www.thehunarfoundation.org/hunar-canada/wp-content/plugins/forminator/addons/pro/zapier/lib/?C=D;O=A" "Mozilla/5.0 AppleWebKit/537.36 (KHTML, like Gecko; compatible; GPTBot/1.3; +https://openai.com/gptbot)"
74.7.227.152 - - [04/May/2026:13:59:31 +0000] "GET /hunar-canada/wp-content/plugins/the-plus-addons-for-elementor-page-builder/includes/team-member/?C=S;O=A HTTP/1.1" 200 1450 "https://www.thehunarfoundation.org/hunar-canada/wp-content/plugins/the-plus-addons-for-elementor-page-builder/includes/team-member/" "Mozilla/5.0 AppleWebKit/537.36 (KHTML, like Gecko; compatible; GPTBot/1.3; +https://openai.com/gptbot)"
74.7.227.152 - - [04/May/2026:13:59:32 +0000] "GET /hunar-canada/wp-content/plugins/the-plus-addons-for-elementor-page-builder/includes/team-member/?C=D;O=A HTTP/1.1" 200 1450 "https://www.thehunarfoundation.org/hunar-canada/wp-content/plugins/the-plus-addons-for-elementor-page-builder/includes/team-member/" "Mozilla/5.0 AppleWebKit/537.36 (KHTML, like Gecko; compatible; GPTBot/1.3; +https://openai.com/gptbot)"
74.7.227.152 - - [04/May/2026:13:59:32 +0000] "GET /hunar-usa/wp-content/plugins/forminator/addons/pro/fortressdb/assets/?C=S;O=A HTTP/1.1" 200 963 "https://www.thehunarfoundation.org/hunar-usa/wp-content/plugins/forminator/addons/pro/fortressdb/assets/" "Mozilla/5.0 AppleWebKit/537.36 (KHTML, like Gecko; compatible; GPTBot/1.3; +https://openai.com/gptbot)"
74.7.227.152 - - [04/May/2026:13:59:33 +0000] "GET /hunar-usa/wp-content/plugins/forminator/addons/pro/fortressdb/assets/?C=N;O=D HTTP/1.1" 200 963 "https://www.thehunarfoundation.org/hunar-usa/wp-content/plugins/forminator/addons/pro/fortressdb/assets/" "Mozilla/5.0 AppleWebKit/537.36 (KHTML, like Gecko; compatible; GPTBot/1.3; +https://openai.com/gptbot)"
74.7.227.152 - - [04/May/2026:13:59:33 +0000] "GET /hunar-canada/wp-content/plugins/the-plus-addons-for-elementor-page-builder/includes/team-member/?C=N;O=A HTTP/1.1" 200 1450 "https://www.thehunarfoundation.org/hunar-canada/wp-content/plugins/the-plus-addons-for-elementor-page-builder/includes/team-member/?C=N;O=D" "Mozilla/5.0 AppleWebKit/537.36 (KHTML, like Gecko; compatible; GPTBot/1.3; +https://openai.com/gptbot)"
74.7.227.152 - - [04/May/2026:13:59:34 +0000] "GET /hunar-usa/wp-content/plugins/forminator/addons/pro/fortressdb/assets/?C=M;O=A HTTP/1.1" 200 963 "https://www.thehunarfoundation.org/hunar-usa/wp-content/plugins/forminator/addons/pro/fortressdb/assets/" "Mozilla/5.0 AppleWebKit/537.36 (KHTML, like Gecko; compatible; GPTBot/1.3; +https://openai.com/gptbot)"
74.7.227.152 - - [04/May/2026:13:59:35 +0000] "GET /hunar-usa/wp-content/plugins/forminator/addons/pro/fortressdb/assets/?C=D;O=A HTTP/1.1" 200 963 "https://www.thehunarfoundation.org/hunar-usa/wp-content/plugins/forminator/addons/pro/fortressdb/assets/" "Mozilla/5.0 AppleWebKit/537.36 (KHTML, like Gecko; compatible; GPTBot/1.3; +https://openai.com/gptbot)"
74.7.227.152 - - [04/May/2026:13:59:35 +0000] "GET /hunar-canada/wp-content/plugins/the-plus-addons-for-elementor-page-builder/includes/team-member/?C=M;O=D HTTP/1.1" 200 1450 "https://www.thehunarfoundation.org/hunar-canada/wp-content/plugins/the-plus-addons-for-elementor-page-builder/includes/team-member/?C=M;O=A" "Mozilla/5.0 AppleWebKit/537.36 (KHTML, like Gecko; compatible; GPTBot/1.3; +https://openai.com/gptbot)"
74.7.227.152 - - [04/May/2026:13:59:36 +0000] "GET /hunar-canada/wp-content/plugins/rs_framework/inc/widgets/rs-theme-widget/languages/?C=D;O=A HTTP/1.1" 200 12999 "https://www.thehunarfoundation.org/hunar-canada/wp-content/plugins/rs_framework/inc/widgets/rs-theme-widget/languages/" "Mozilla/5.0 AppleWebKit/537.36 (KHTML, like Gecko; compatible; GPTBot/1.3; +https://openai.com/gptbot)"
74.7.227.152 - - [04/May/2026:13:59:36 +0000] "GET /hunar-canada/wp-content/plugins/rs_framework/inc/widgets/rs-theme-widget/languages/?C=N;O=D HTTP/1.1" 200 12999 "https://www.thehunarfoundation.org/hunar-canada/wp-content/plugins/rs_framework/inc/widgets/rs-theme-widget/languages/" "Mozilla/5.0 AppleWebKit/537.36 (KHTML, like Gecko; compatible; GPTBot/1.3; +https://openai.com/gptbot)"
74.7.227.152 - - [04/May/2026:13:59:37 +0000] "GET /hunar-canada/wp-content/plugins/rs_framework/inc/widgets/rs-theme-widget/languages/?C=M;O=A HTTP/1.1" 200 12999 "https://www.thehunarfoundation.org/hunar-canada/wp-content/plugins/rs_framework/inc/widgets/rs-theme-widget/languages/" "Mozilla/5.0 AppleWebKit/537.36 (KHTML, like Gecko; compatible; GPTBot/1.3; +https://openai.com/gptbot)"
74.7.227.152 - - [04/May/2026:13:59:37 +0000] "GET /hunar-canada/wp-content/plugins/the-plus-addons-for-elementor-page-builder/includes/team-member/?C=S;O=D HTTP/1.1" 200 1450 "https://www.thehunarfoundation.org/hunar-canada/wp-content/plugins/the-plus-addons-for-elementor-page-builder/includes/team-member/?C=S;O=A" "Mozilla/5.0 AppleWebKit/537.36 (KHTML, like Gecko; compatible; GPTBot/1.3; +https://openai.com/gptbot)"
74.7.241.42 - - [04/May/2026:13:59:38 +0000] "GET /hunar-canada/wp-content/plugins/the-plus-addons-for-elementor-page-builder/modules/enqueue/plus-library.php.sorry HTTP/1.1" 200 9603 "https://thehunarfoundation.org/hunar-canada/wp-content/plugins/the-plus-addons-for-elementor-page-builder/modules/enqueue/" "Mozilla/5.0 AppleWebKit/537.36 (KHTML, like Gecko; compatible; GPTBot/1.3; +https://openai.com/gptbot)"
74.7.227.152 - - [04/May/2026:13:59:38 +0000] "GET /hunar-canada/wp-content/plugins/the-plus-addons-for-elementor-page-builder/includes/team-member/?C=D;O=D HTTP/1.1" 200 1450 "https://www.thehunarfoundation.org/hunar-canada/wp-content/plugins/the-plus-addons-for-elementor-page-builder/includes/team-member/?C=D;O=A" "Mozilla/5.0 AppleWebKit/537.36 (KHTML, like Gecko; compatible; GPTBot/1.3; +https://openai.com/gptbot)"
74.7.227.152 - - [04/May/2026:13:59:38 +0000] "GET /hunar-usa/wp-content/plugins/forminator/addons/pro/fortressdb/assets/?C=N;O=A HTTP/1.1" 200 963 "https://www.thehunarfoundation.org/hunar-usa/wp-content/plugins/forminator/addons/pro/fortressdb/assets/?C=S;O=A" "Mozilla/5.0 AppleWebKit/537.36 (KHTML, like Gecko; compatible; GPTBot/1.3; +https://openai.com/gptbot)"
74.7.227.152 - - [04/May/2026:13:59:39 +0000] "GET /hunar-usa/wp-content/plugins/forminator/addons/pro/fortressdb/assets/?C=S;O=D HTTP/1.1" 200 963 "https://www.thehunarfoundation.org/hunar-usa/wp-content/plugins/forminator/addons/pro/fortressdb/assets/?C=S;O=A" "Mozilla/5.0 AppleWebKit/537.36 (KHTML, like Gecko; compatible; GPTBot/1.3; +https://openai.com/gptbot)"
74.7.227.152 - - [04/May/2026:13:59:39 +0000] "GET /hunar-usa/wp-content/plugins/elementor/core/page-assets/managers/font-icon-svg/?C=D;O=A HTTP/1.1" 200 1368 "https://www.thehunarfoundation.org/hunar-usa/wp-content/plugins/elementor/core/page-assets/managers/font-icon-svg/" "Mozilla/5.0 AppleWebKit/537.36 (KHTML, like Gecko; compatible; GPTBot/1.3; +https://openai.com/gptbot)"
74.7.227.152 - - [04/May/2026:13:59:40 +0000] "GET /hunar-usa/wp-content/plugins/forminator/addons/pro/fortressdb/assets/?C=M;O=D HTTP/1.1" 200 963 "https://www.thehunarfoundation.org/hunar-usa/wp-content/plugins/forminator/addons/pro/fortressdb/assets/?C=M;O=A" "Mozilla/5.0 AppleWebKit/537.36 (KHTML, like Gecko; compatible; GPTBot/1.3; +https://openai.com/gptbot)"
74.7.227.152 - - [04/May/2026:13:59:40 +0000] "GET /hunar-usa/wp-content/plugins/forminator/addons/pro/fortressdb/assets/?C=D;O=D HTTP/1.1" 200 963 "https://www.thehunarfoundation.org/hunar-usa/wp-content/plugins/forminator/addons/pro/fortressdb/assets/?C=D;O=A" "Mozilla/5.0 AppleWebKit/537.36 (KHTML, like Gecko; compatible; GPTBot/1.3; +https://openai.com/gptbot)"
74.7.227.152 - - [04/May/2026:13:59:41 +0000] "GET /hunar-usa/wp-content/plugins/elementor/core/page-assets/managers/font-icon-svg/?C=N;O=D HTTP/1.1" 200 1368 "https://www.thehunarfoundation.org/hunar-usa/wp-content/plugins/elementor/core/page-assets/managers/font-icon-svg/" "Mozilla/5.0 AppleWebKit/537.36 (KHTML, like Gecko; compatible; GPTBot/1.3; +https://openai.com/gptbot)"
74.7.227.152 - - [04/May/2026:13:59:41 +0000] "GET /hunar-canada/wp-content/plugins/rs_framework/inc/widgets/rs-theme-widget/languages/?C=N;O=A HTTP/1.1" 200 12999 "https://www.thehunarfoundation.org/hunar-canada/wp-content/plugins/rs_framework/inc/widgets/rs-theme-widget/languages/?C=D;O=A" "Mozilla/5.0 AppleWebKit/537.36 (KHTML, like Gecko; compatible; GPTBot/1.3; +https://openai.com/gptbot)"
74.7.227.152 - - [04/May/2026:13:59:42 +0000] "GET /hunar-canada/wp-content/plugins/rs_framework/inc/widgets/rs-theme-widget/languages/?C=D;O=D HTTP/1.1" 200 12999 "https://www.thehunarfoundation.org/hunar-canada/wp-content/plugins/rs_framework/inc/widgets/rs-theme-widget/languages/?C=D;O=A" "Mozilla/5.0 AppleWebKit/537.36 (KHTML, like Gecko; compatible; GPTBot/1.3; +https://openai.com/gptbot)"
74.7.227.152 - - [04/May/2026:13:59:42 +0000] "GET /hunar-usa/wp-content/plugins/elementor/core/page-assets/managers/font-icon-svg/?C=S;O=A HTTP/1.1" 200 1368 "https://www.thehunarfoundation.org/hunar-usa/wp-content/plugins/elementor/core/page-assets/managers/font-icon-svg/" "Mozilla/5.0 AppleWebKit/537.36 (KHTML, like Gecko; compatible; GPTBot/1.3; +https://openai.com/gptbot)"
74.7.227.152 - - [04/May/2026:13:59:43 +0000] "GET /hunar-usa/wp-content/plugins/elementor/core/page-assets/managers/font-icon-svg/?C=M;O=A HTTP/1.1" 200 1368 "https://www.thehunarfoundation.org/hunar-usa/wp-content/plugins/elementor/core/page-assets/managers/font-icon-svg/" "Mozilla/5.0 AppleWebKit/537.36 (KHTML, like Gecko; compatible; GPTBot/1.3; +https://openai.com/gptbot)"
74.7.227.152 - - [04/May/2026:13:59:43 +0000] "GET /hunar-canada/wp-includes/images/?C=N;O=D HTTP/1.1" 200 6150 "https://www.thehunarfoundation.org/hunar-canada/wp-includes/images/" "Mozilla/5.0 AppleWebKit/537.36 (KHTML, like Gecko; compatible; GPTBot/1.3; +https://openai.com/gptbot)"
74.7.227.152 - - [04/May/2026:13:59:44 +0000] "GET /hunar-canada/wp-includes/images/?C=S;O=A HTTP/1.1" 200 6150 "https://www.thehunarfoundation.org/hunar-canada/wp-includes/images/" "Mozilla/5.0 AppleWebKit/537.36 (KHTML, like Gecko; compatible; GPTBot/1.3; +https://openai.com/gptbot)"
74.7.227.152 - - [04/May/2026:13:59:44 +0000] "GET /hunar-canada/wp-includes/images/?C=D;O=A HTTP/1.1" 200 6150 "https://www.thehunarfoundation.org/hunar-canada/wp-includes/images/" "Mozilla/5.0 AppleWebKit/537.36 (KHTML, like Gecko; compatible; GPTBot/1.3; +https://openai.com/gptbot)"
74.7.227.152 - - [04/May/2026:13:59:45 +0000] "GET /hunar-usa/wp-content/plugins/elementor/core/page-assets/managers/font-icon-svg/?C=D;O=D HTTP/1.1" 200 1368 "https://www.thehunarfoundation.org/hunar-usa/wp-content/plugins/elementor/core/page-assets/managers/font-icon-svg/?C=D;O=A" "Mozilla/5.0 AppleWebKit/537.36 (KHTML, like Gecko; compatible; GPTBot/1.3; +https://openai.com/gptbot)"
74.7.227.152 - - [04/May/2026:13:59:46 +0000] "GET /hunar-usa/wp-content/plugins/elementor/core/page-assets/managers/font-icon-svg/?C=N;O=A HTTP/1.1" 200 1368 "https://www.thehunarfoundation.org/hunar-usa/wp-content/plugins/elementor/core/page-assets/managers/font-icon-svg/?C=D;O=A" "Mozilla/5.0 AppleWebKit/537.36 (KHTML, like Gecko; compatible; GPTBot/1.3; +https://openai.com/gptbot)"
74.7.227.152 - - [04/May/2026:13:59:46 +0000] "GET /hunar-canada/wp-includes/images/?C=M;O=A HTTP/1.1" 200 6150 "https://www.thehunarfoundation.org/hunar-canada/wp-includes/images/" "Mozilla/5.0 AppleWebKit/537.36 (KHTML, like Gecko; compatible; GPTBot/1.3; +https://openai.com/gptbot)"
74.7.227.152 - - [04/May/2026:13:59:47 +0000] "GET /hunar-usa/wp-content/plugins/elementor/core/admin/notices/?C=D;O=A HTTP/1.1" 200 1144 "https://www.thehunarfoundation.org/hunar-usa/wp-content/plugins/elementor/core/admin/notices/" "Mozilla/5.0 AppleWebKit/537.36 (KHTML, like Gecko; compatible; GPTBot/1.3; +https://openai.com/gptbot)"
74.7.227.152 - - [04/May/2026:13:59:47 +0000] "GET /hunar-canada/wp-content/plugins/elementor/core/admin/ui/?C=D;O=A HTTP/1.1" 200 932 "https://www.thehunarfoundation.org/hunar-canada/wp-content/plugins/elementor/core/admin/ui/" "Mozilla/5.0 AppleWebKit/537.36 (KHTML, like Gecko; compatible; GPTBot/1.3; +https://openai.com/gptbot)"
185.231.100.76 - - [04/May/2026:13:59:47 +0000] "GET /well-known/acme-challenge/k/d/?C=S;O=A HTTP/1.1" 200 2546 "-" "Mozilla/5.0 (compatible; MJ12bot/v1.4.8; http://mj12bot.com/)"
74.7.227.152 - - [04/May/2026:13:59:48 +0000] "GET /hunar-usa/wp-content/plugins/elementor/core/admin/notices/?C=M;O=D HTTP/1.1" 200 1144 "https://www.thehunarfoundation.org/hunar-usa/wp-content/plugins/elementor/core/admin/notices/?C=M;O=A" "Mozilla/5.0 AppleWebKit/537.36 (KHTML, like Gecko; compatible; GPTBot/1.3; +https://openai.com/gptbot)"
74.7.227.152 - - [04/May/2026:13:59:48 +0000] "GET /hunar-usa/wp-content/plugins/elementor/core/page-assets/managers/font-icon-svg/?C=S;O=D HTTP/1.1" 200 1368 "https://www.thehunarfoundation.org/hunar-usa/wp-content/plugins/elementor/core/page-assets/managers/font-icon-svg/?C=S;O=A" "Mozilla/5.0 AppleWebKit/537.36 (KHTML, like Gecko; compatible; GPTBot/1.3; +https://openai.com/gptbot)"
74.7.227.152 - - [04/May/2026:13:59:49 +0000] "GET /hunar-usa/wp-content/plugins/elementor/core/page-assets/managers/font-icon-svg/?C=M;O=D HTTP/1.1" 200 1368 "https://www.thehunarfoundation.org/hunar-usa/wp-content/plugins/elementor/core/page-assets/managers/font-icon-svg/?C=M;O=A" "Mozilla/5.0 AppleWebKit/537.36 (KHTML, like Gecko; compatible; GPTBot/1.3; +https://openai.com/gptbot)"
185.231.100.76 - - [04/May/2026:13:59:49 +0000] "GET /well-known/acme-challenge/k/e/?C=D;O=A HTTP/1.1" 200 2546 "-" "Mozilla/5.0 (compatible; MJ12bot/v1.4.8; http://mj12bot.com/)"
74.7.227.152 - - [04/May/2026:13:59:49 +0000] "GET /hunar-canada/wp-includes/images/?C=N;O=A HTTP/1.1" 200 6150 "https://www.thehunarfoundation.org/hunar-canada/wp-includes/images/?C=N;O=D" "Mozilla/5.0 AppleWebKit/537.36 (KHTML, like Gecko; compatible; GPTBot/1.3; +https://openai.com/gptbot)"
74.7.227.152 - - [04/May/2026:13:59:50 +0000] "GET /hunar-canada/wp-includes/images/?C=S;O=D HTTP/1.1" 200 6150 "https://www.thehunarfoundation.org/hunar-canada/wp-includes/images/?C=S;O=A" "Mozilla/5.0 AppleWebKit/537.36 (KHTML, like Gecko; compatible; GPTBot/1.3; +https://openai.com/gptbot)"
74.7.227.152 - - [04/May/2026:13:59:50 +0000] "GET /hunar-canada/wp-includes/images/?C=D;O=D HTTP/1.1" 200 6150 "https://www.thehunarfoundation.org/hunar-canada/wp-includes/images/?C=D;O=A" "Mozilla/5.0 AppleWebKit/537.36 (KHTML, like Gecko; compatible; GPTBot/1.3; +https://openai.com/gptbot)"
185.231.100.76 - - [04/May/2026:13:59:51 +0000] "GET /well-known/acme-challenge/k/e/?C=M;O=A HTTP/1.1" 200 2546 "-" "Mozilla/5.0 (compatible; MJ12bot/v1.4.8; http://mj12bot.com/)"
74.7.227.152 - - [04/May/2026:13:59:51 +0000] "GET /hunar-canada/wp-content/plugins/elementor/core/admin/ui/?C=N;O=D HTTP/1.1" 200 932 "https://www.thehunarfoundation.org/hunar-canada/wp-content/plugins/elementor/core/admin/ui/" "Mozilla/5.0 AppleWebKit/537.36 (KHTML, like Gecko; compatible; GPTBot/1.3; +https://openai.com/gptbot)"
74.7.227.152 - - [04/May/2026:13:59:51 +0000] "GET /hunar-usa/wp-content/plugins/revslider/admin/assets/videos/?C=D;O=D HTTP/1.1" 200 953 "https://www.thehunarfoundation.org/hunar-usa/wp-content/plugins/revslider/admin/assets/videos/?C=D;O=A" "Mozilla/5.0 AppleWebKit/537.36 (KHTML, like Gecko; compatible; GPTBot/1.3; +https://openai.com/gptbot)"
74.7.227.152 - - [04/May/2026:13:59:52 +0000] "GET /hunar-canada/wp-includes/images/?C=M;O=D HTTP/1.1" 200 6150 "https://www.thehunarfoundation.org/hunar-canada/wp-includes/images/?C=M;O=A" "Mozilla/5.0 AppleWebKit/537.36 (KHTML, like Gecko; compatible; GPTBot/1.3; +https://openai.com/gptbot)"
185.231.100.76 - - [04/May/2026:13:59:52 +0000] "GET /well-known/acme-challenge/k/e/?C=N;O=D HTTP/1.1" 200 2546 "-" "Mozilla/5.0 (compatible; MJ12bot/v1.4.8; http://mj12bot.com/)"
74.7.227.152 - - [04/May/2026:13:59:53 +0000] "GET /hunar-usa/wp-content/plugins/elementor/core/admin/notices/?C=D;O=D HTTP/1.1" 200 1144 "https://www.thehunarfoundation.org/hunar-usa/wp-content/plugins/elementor/core/admin/notices/?C=D;O=A" "Mozilla/5.0 AppleWebKit/537.36 (KHTML, like Gecko; compatible; GPTBot/1.3; +https://openai.com/gptbot)"
74.7.227.152 - - [04/May/2026:13:59:53 +0000] "GET /hunar-canada/wp-content/plugins/elementor/core/admin/ui/?C=D;O=D HTTP/1.1" 200 932 "https://www.thehunarfoundation.org/hunar-canada/wp-content/plugins/elementor/core/admin/ui/?C=D;O=A" "Mozilla/5.0 AppleWebKit/537.36 (KHTML, like Gecko; compatible; GPTBot/1.3; +https://openai.com/gptbot)"
74.7.227.152 - - [04/May/2026:13:59:53 +0000] "GET /hunar-canada/wp-content/plugins/elementor/core/admin/ui/?C=S;O=A HTTP/1.1" 200 932 "https://www.thehunarfoundation.org/hunar-canada/wp-content/plugins/elementor/core/admin/ui/" "Mozilla/5.0 AppleWebKit/537.36 (KHTML, like Gecko; compatible; GPTBot/1.3; +https://openai.com/gptbot)"
74.7.227.152 - - [04/May/2026:13:59:54 +0000] "GET /hunar-usa/wp-content/plugins/elementor/core/admin/notices/?C=N;O=A HTTP/1.1" 200 1144 "https://www.thehunarfoundation.org/hunar-usa/wp-content/plugins/elementor/core/admin/notices/?C=M;O=A" "Mozilla/5.0 AppleWebKit/537.36 (KHTML, like Gecko; compatible; GPTBot/1.3; +https://openai.com/gptbot)"
185.231.100.76 - - [04/May/2026:13:59:54 +0000] "GET /well-known/acme-challenge/k/e/?C=S;O=A HTTP/1.1" 200 2546 "-" "Mozilla/5.0 (compatible; MJ12bot/v1.4.8; http://mj12bot.com/)"
74.7.227.152 - - [04/May/2026:13:59:54 +0000] "GET /hunar-canada/wp-content/plugins/elementor/core/admin/ui/?C=N;O=A HTTP/1.1" 200 932 "https://www.thehunarfoundation.org/hunar-canada/wp-content/plugins/elementor/core/admin/ui/?C=D;O=A" "Mozilla/5.0 AppleWebKit/537.36 (KHTML, like Gecko; compatible; GPTBot/1.3; +https://openai.com/gptbot)"
74.7.227.152 - - [04/May/2026:13:59:55 +0000] "GET /hunar-canada/wp-content/plugins/elementor/core/admin/ui/?C=M;O=A HTTP/1.1" 200 932 "https://www.thehunarfoundation.org/hunar-canada/wp-content/plugins/elementor/core/admin/ui/" "Mozilla/5.0 AppleWebKit/537.36 (KHTML, like Gecko; compatible; GPTBot/1.3; +https://openai.com/gptbot)"
74.7.227.152 - - [04/May/2026:13:59:55 +0000] "GET /hunar-usa/wp-content/plugins/elementor/core/admin/notices/?C=S;O=A HTTP/1.1" 200 1144 "https://www.thehunarfoundation.org/hunar-usa/wp-content/plugins/elementor/core/admin/notices/" "Mozilla/5.0 AppleWebKit/537.36 (KHTML, like Gecko; compatible; GPTBot/1.3; +https://openai.com/gptbot)"
185.231.100.76 - - [04/May/2026:13:59:56 +0000] "GET /well-known/acme-challenge/k/f/?C=D;O=A HTTP/1.1" 200 2546 "-" "Mozilla/5.0 (compatible; MJ12bot/v1.4.8; http://mj12bot.com/)"
74.7.227.152 - - [04/May/2026:13:59:56 +0000] "GET /hunar-usa/wp-content/plugins/elementor/core/admin/notices/?C=N;O=D HTTP/1.1" 200 1144 "https://www.thehunarfoundation.org/hunar-usa/wp-content/plugins/elementor/core/admin/notices/" "Mozilla/5.0 AppleWebKit/537.36 (KHTML, like Gecko; compatible; GPTBot/1.3; +https://openai.com/gptbot)"
74.7.227.152 - - [04/May/2026:13:59:57 +0000] "GET /hunar-usa/wp-content/plugins/elementor/assets/images/app/site-editor/?C=S;O=A HTTP/1.1" 200 2467 "https://www.thehunarfoundation.org/hunar-usa/wp-content/plugins/elementor/assets/images/app/site-editor/" "Mozilla/5.0 AppleWebKit/537.36 (KHTML, like Gecko; compatible; GPTBot/1.3; +https://openai.com/gptbot)"
74.7.227.152 - - [04/May/2026:13:59:57 +0000] "GET /hunar-usa/wp-content/plugins/elementskit-lite/widgets/init/assets/js/?C=D;O=A HTTP/1.1" 200 2295 "https://www.thehunarfoundation.org/hunar-usa/wp-content/plugins/elementskit-lite/widgets/init/assets/js/" "Mozilla/5.0 AppleWebKit/537.36 (KHTML, like Gecko; compatible; GPTBot/1.3; +https://openai.com/gptbot)"
185.231.100.76 - - [04/May/2026:13:59:57 +0000] "GET /well-known/acme-challenge/k/f/?C=M;O=A HTTP/1.1" 200 2546 "-" "Mozilla/5.0 (compatible; MJ12bot/v1.4.8; http://mj12bot.com/)"
74.7.227.152 - - [04/May/2026:13:59:58 +0000] "GET /hunar-usa/wp-content/plugins/elementor/assets/images/app/site-editor/?C=D;O=A HTTP/1.1" 200 2467 "https://www.thehunarfoundation.org/hunar-usa/wp-content/plugins/elementor/assets/images/app/site-editor/" "Mozilla/5.0 AppleWebKit/537.36 (KHTML, like Gecko; compatible; GPTBot/1.3; +https://openai.com/gptbot)"
74.7.227.152 - - [04/May/2026:13:59:58 +0000] "GET /hunar-usa/wp-content/plugins/elementskit-lite/widgets/init/assets/js/?C=N;O=D HTTP/1.1" 200 2295 "https://www.thehunarfoundation.org/hunar-usa/wp-content/plugins/elementskit-lite/widgets/init/assets/js/" "Mozilla/5.0 AppleWebKit/537.36 (KHTML, like Gecko; compatible; GPTBot/1.3; +https://openai.com/gptbot)"
74.7.227.152 - - [04/May/2026:13:59:59 +0000] "GET /hunar-usa/wp-content/plugins/elementskit-lite/widgets/init/assets/js/?C=M;O=A HTTP/1.1" 200 2295 "https://www.thehunarfoundation.org/hunar-usa/wp-content/plugins/elementskit-lite/widgets/init/assets/js/" "Mozilla/5.0 AppleWebKit/537.36 (KHTML, like Gecko; compatible; GPTBot/1.3; +https://openai.com/gptbot)"
74.7.227.152 - - [04/May/2026:13:59:59 +0000] "GET /hunar-canada/wp-content/plugins/elementor/core/admin/ui/?C=S;O=D HTTP/1.1" 200 932 "https://www.thehunarfoundation.org/hunar-canada/wp-content/plugins/elementor/core/admin/ui/?C=S;O=A" "Mozilla/5.0 AppleWebKit/537.36 (KHTML, like Gecko; compatible; GPTBot/1.3; +https://openai.com/gptbot)"
185.231.100.76 - - [04/May/2026:13:59:59 +0000] "GET /well-known/acme-challenge/k/f/?C=N;O=D HTTP/1.1" 200 2546 "-" "Mozilla/5.0 (compatible; MJ12bot/v1.4.8; http://mj12bot.com/)"
74.7.227.152 - - [04/May/2026:14:00:00 +0000] "GET /hunar-usa/wp-content/plugins/elementor/assets/images/app/site-editor/?C=N;O=D HTTP/1.1" 200 2467 "https://www.thehunarfoundation.org/hunar-usa/wp-content/plugins/elementor/assets/images/app/site-editor/" "Mozilla/5.0 AppleWebKit/537.36 (KHTML, like Gecko; compatible; GPTBot/1.3; +https://openai.com/gptbot)"
74.7.227.152 - - [04/May/2026:14:00:00 +0000] "GET /hunar-usa/wp-content/plugins/elementskit-lite/widgets/init/assets/js/?C=S;O=A HTTP/1.1" 200 2295 "https://www.thehunarfoundation.org/hunar-usa/wp-content/plugins/elementskit-lite/widgets/init/assets/js/" "Mozilla/5.0 AppleWebKit/537.36 (KHTML, like Gecko; compatible; GPTBot/1.3; +https://openai.com/gptbot)"
74.7.227.152 - - [04/May/2026:14:00:01 +0000] "GET /hunar-canada/wp-content/plugins/elementor/core/admin/ui/?C=M;O=D HTTP/1.1" 200 932 "https://www.thehunarfoundation.org/hunar-canada/wp-content/plugins/elementor/core/admin/ui/?C=M;O=A" "Mozilla/5.0 AppleWebKit/537.36 (KHTML, like Gecko; compatible; GPTBot/1.3; +https://openai.com/gptbot)"
185.231.100.76 - - [04/May/2026:14:00:01 +0000] "GET /well-known/acme-challenge/k/f/?C=S;O=A HTTP/1.1" 200 2546 "-" "Mozilla/5.0 (compatible; MJ12bot/v1.4.8; http://mj12bot.com/)"
74.7.227.152 - - [04/May/2026:14:00:01 +0000] "GET /hunar-usa/wp-content/plugins/elementor/core/admin/notices/?C=S;O=D HTTP/1.1" 200 1144 "https://www.thehunarfoundation.org/hunar-usa/wp-content/plugins/elementor/core/admin/notices/?C=S;O=A" "Mozilla/5.0 AppleWebKit/537.36 (KHTML, like Gecko; compatible; GPTBot/1.3; +https://openai.com/gptbot)"
74.7.227.152 - - [04/May/2026:14:00:02 +0000] "GET /hunar-usa/wp-content/plugins/elementor/assets/images/app/site-editor/?C=M;O=A HTTP/1.1" 200 2467 "https://www.thehunarfoundation.org/hunar-usa/wp-content/plugins/elementor/assets/images/app/site-editor/" "Mozilla/5.0 AppleWebKit/537.36 (KHTML, like Gecko; compatible; GPTBot/1.3; +https://openai.com/gptbot)"
74.7.227.152 - - [04/May/2026:14:00:02 +0000] "GET /hunar-usa/wp-content/plugins/elementor/assets/images/app/site-editor/?C=N;O=A HTTP/1.1" 200 2467 "https://www.thehunarfoundation.org/hunar-usa/wp-content/plugins/elementor/assets/images/app/site-editor/?C=S;O=A" "Mozilla/5.0 AppleWebKit/537.36 (KHTML, like Gecko; compatible; GPTBot/1.3; +https://openai.com/gptbot)"
185.231.100.76 - - [04/May/2026:14:00:03 +0000] "GET /well-known/acme-challenge/k/g/?C=D;O=A HTTP/1.1" 200 2546 "-" "Mozilla/5.0 (compatible; MJ12bot/v1.4.8; http://mj12bot.com/)"
74.7.227.152 - - [04/May/2026:14:00:03 +0000] "GET /hunar-usa/wp-content/plugins/elementor/assets/images/app/site-editor/?C=S;O=D HTTP/1.1" 200 2467 "https://www.thehunarfoundation.org/hunar-usa/wp-content/plugins/elementor/assets/images/app/site-editor/?C=S;O=A" "Mozilla/5.0 AppleWebKit/537.36 (KHTML, like Gecko; compatible; GPTBot/1.3; +https://openai.com/gptbot)"
74.7.227.152 - - [04/May/2026:14:00:03 +0000] "GET /hunar-usa/wp-content/plugins/elementskit-lite/widgets/init/assets/js/?C=D;O=D HTTP/1.1" 200 2295 "https://www.thehunarfoundation.org/hunar-usa/wp-content/plugins/elementskit-lite/widgets/init/assets/js/?C=D;O=A" "Mozilla/5.0 AppleWebKit/537.36 (KHTML, like Gecko; compatible; GPTBot/1.3; +https://openai.com/gptbot)"
74.7.227.152 - - [04/May/2026:14:00:04 +0000] "GET /hunar-usa/wp-content/plugins/elementskit-lite/widgets/init/assets/js/?C=N;O=A HTTP/1.1" 200 2295 "https://www.thehunarfoundation.org/hunar-usa/wp-content/plugins/elementskit-lite/widgets/init/assets/js/?C=D;O=A" "Mozilla/5.0 AppleWebKit/537.36 (KHTML, like Gecko; compatible; GPTBot/1.3; +https://openai.com/gptbot)"
185.231.100.76 - - [04/May/2026:14:00:04 +0000] "GET /well-known/acme-challenge/k/g/?C=M;O=A HTTP/1.1" 200 2546 "-" "Mozilla/5.0 (compatible; MJ12bot/v1.4.8; http://mj12bot.com/)"
74.7.227.152 - - [04/May/2026:14:00:04 +0000] "GET /hunar-usa/wp-content/plugins/elementskit-lite/widgets/init/assets/js/?C=M;O=D HTTP/1.1" 200 2295 "https://www.thehunarfoundation.org/hunar-usa/wp-content/plugins/elementskit-lite/widgets/init/assets/js/?C=M;O=A" "Mozilla/5.0 AppleWebKit/537.36 (KHTML, like Gecko; compatible; GPTBot/1.3; +https://openai.com/gptbot)"
74.7.227.152 - - [04/May/2026:14:00:05 +0000] "GET /hunar-usa/wp-content/plugins/elementor/assets/images/app/site-editor/?C=D;O=D HTTP/1.1" 200 2467 "https://www.thehunarfoundation.org/hunar-usa/wp-content/plugins/elementor/assets/images/app/site-editor/?C=D;O=A" "Mozilla/5.0 AppleWebKit/537.36 (KHTML, like Gecko; compatible; GPTBot/1.3; +https://openai.com/gptbot)"
74.7.227.152 - - [04/May/2026:14:00:05 +0000] "GET /hunar-usa/wp-content/plugins/forminator/library/modules/quizzes/protection/?C=M;O=A HTTP/1.1" 200 1195 "https://www.thehunarfoundation.org/hunar-usa/wp-content/plugins/forminator/library/modules/quizzes/protection/" "Mozilla/5.0 AppleWebKit/537.36 (KHTML, like Gecko; compatible; GPTBot/1.3; +https://openai.com/gptbot)"
74.7.227.152 - - [04/May/2026:14:00:06 +0000] "GET /hunar-usa/wp-content/plugins/elementskit-lite/widgets/init/assets/js/?C=S;O=D HTTP/1.1" 200 2295 "https://www.thehunarfoundation.org/hunar-usa/wp-content/plugins/elementskit-lite/widgets/init/assets/js/?C=S;O=A" "Mozilla/5.0 AppleWebKit/537.36 (KHTML, like Gecko; compatible; GPTBot/1.3; +https://openai.com/gptbot)"
185.231.100.76 - - [04/May/2026:14:00:06 +0000] "GET /well-known/acme-challenge/k/g/?C=N;O=D HTTP/1.1" 200 2546 "-" "Mozilla/5.0 (compatible; MJ12bot/v1.4.8; http://mj12bot.com/)"
74.7.227.152 - - [04/May/2026:14:00:07 +0000] "GET /hunar-usa/wp-content/plugins/forminator/library/modules/quizzes/protection/?C=N;O=D HTTP/1.1" 200 1195 "https://www.thehunarfoundation.org/hunar-usa/wp-content/plugins/forminator/library/modules/quizzes/protection/" "Mozilla/5.0 AppleWebKit/537.36 (KHTML, like Gecko; compatible; GPTBot/1.3; +https://openai.com/gptbot)"
74.7.227.152 - - [04/May/2026:14:00:07 +0000] "GET /hunar-usa/wp-content/plugins/forminator/library/modules/quizzes/protection/?C=S;O=A HTTP/1.1" 200 1195 "https://www.thehunarfoundation.org/hunar-usa/wp-content/plugins/forminator/library/modules/quizzes/protection/" "Mozilla/5.0 AppleWebKit/537.36 (KHTML, like Gecko; compatible; GPTBot/1.3; +https://openai.com/gptbot)"
74.7.227.152 - - [04/May/2026:14:00:08 +0000] "GET /hunar-usa/wp-content/plugins/elementor/assets/images/app/site-editor/?C=M;O=D HTTP/1.1" 200 2467 "https://www.thehunarfoundation.org/hunar-usa/wp-content/plugins/elementor/assets/images/app/site-editor/?C=M;O=A" "Mozilla/5.0 AppleWebKit/537.36 (KHTML, like Gecko; compatible; GPTBot/1.3; +https://openai.com/gptbot)"
185.231.100.76 - - [04/May/2026:14:00:08 +0000] "GET /well-known/acme-challenge/k/g/?C=S;O=A HTTP/1.1" 200 2546 "-" "Mozilla/5.0 (compatible; MJ12bot/v1.4.8; http://mj12bot.com/)"
74.7.227.152 - - [04/May/2026:14:00:08 +0000] "GET /hunar-usa/wp-content/plugins/forminator/library/modules/quizzes/protection/?C=D;O=A HTTP/1.1" 200 1195 "https://www.thehunarfoundation.org/hunar-usa/wp-content/plugins/forminator/library/modules/quizzes/protection/" "Mozilla/5.0 AppleWebKit/537.36 (KHTML, like Gecko; compatible; GPTBot/1.3; +https://openai.com/gptbot)"
74.7.227.152 - - [04/May/2026:14:00:09 +0000] "GET /hunar-canada/wp-content/plugins/forminator/admin/pages/?C=D;O=D HTTP/1.1" 200 1900 "https://www.thehunarfoundation.org/hunar-canada/wp-content/plugins/forminator/admin/pages/?C=D;O=A" "Mozilla/5.0 AppleWebKit/537.36 (KHTML, like Gecko; compatible; GPTBot/1.3; +https://openai.com/gptbot)"
74.7.227.152 - - [04/May/2026:14:00:09 +0000] "GET /hunar-usa/wp-content/plugins/revslider/admin/?C=M;O=A HTTP/1.1" 200 1628 "https://www.thehunarfoundation.org/hunar-usa/wp-content/plugins/revslider/admin/" "Mozilla/5.0 AppleWebKit/537.36 (KHTML, like Gecko; compatible; GPTBot/1.3; +https://openai.com/gptbot)"
185.231.100.76 - - [04/May/2026:14:00:09 +0000] "GET /well-known/acme-challenge/k/h/?C=D;O=A HTTP/1.1" 200 2546 "-" "Mozilla/5.0 (compatible; MJ12bot/v1.4.8; http://mj12bot.com/)"
74.7.227.152 - - [04/May/2026:14:00:10 +0000] "GET /hunar-usa/wp-content/plugins/revslider/admin/?C=S;O=A HTTP/1.1" 200 1628 "https://www.thehunarfoundation.org/hunar-usa/wp-content/plugins/revslider/admin/" "Mozilla/5.0 AppleWebKit/537.36 (KHTML, like Gecko; compatible; GPTBot/1.3; +https://openai.com/gptbot)"
74.7.227.152 - - [04/May/2026:14:00:10 +0000] "GET /hunar-usa/wp-content/plugins/revslider/admin/?C=N;O=D HTTP/1.1" 200 1628 "https://www.thehunarfoundation.org/hunar-usa/wp-content/plugins/revslider/admin/" "Mozilla/5.0 AppleWebKit/537.36 (KHTML, like Gecko; compatible; GPTBot/1.3; +https://openai.com/gptbot)"
74.7.227.152 - - [04/May/2026:14:00:11 +0000] "GET /hunar-usa/wp-content/plugins/revslider/admin/?C=D;O=A HTTP/1.1" 200 1628 "https://www.thehunarfoundation.org/hunar-usa/wp-content/plugins/revslider/admin/" "Mozilla/5.0 AppleWebKit/537.36 (KHTML, like Gecko; compatible; GPTBot/1.3; +https://openai.com/gptbot)"
185.231.100.76 - - [04/May/2026:14:00:11 +0000] "GET /well-known/acme-challenge/k/h/?C=M;O=A HTTP/1.1" 200 2546 "-" "Mozilla/5.0 (compatible; MJ12bot/v1.4.8; http://mj12bot.com/)"
74.7.227.152 - - [04/May/2026:14:00:11 +0000] "GET /hunar-usa/wp-content/plugins/forminator/library/modules/quizzes/protection/?C=M;O=D HTTP/1.1" 200 1195 "https://www.thehunarfoundation.org/hunar-usa/wp-content/plugins/forminator/library/modules/quizzes/protection/?C=M;O=A" "Mozilla/5.0 AppleWebKit/537.36 (KHTML, like Gecko; compatible; GPTBot/1.3; +https://openai.com/gptbot)"
74.7.227.152 - - [04/May/2026:14:00:12 +0000] "GET /hunar-usa/wp-content/plugins/forminator/library/modules/quizzes/protection/?C=N;O=A HTTP/1.1" 200 1195 "https://www.thehunarfoundation.org/hunar-usa/wp-content/plugins/forminator/library/modules/quizzes/protection/?C=M;O=A" "Mozilla/5.0 AppleWebKit/537.36 (KHTML, like Gecko; compatible; GPTBot/1.3; +https://openai.com/gptbot)"
74.7.227.152 - - [04/May/2026:14:00:12 +0000] "GET /hunar-usa/wp-content/plugins/redux-framework/redux-templates/src/components/single-item/?C=M;O=A HTTP/1.1" 200 1383 "https://www.thehunarfoundation.org/hunar-usa/wp-content/plugins/redux-framework/redux-templates/src/components/single-item/" "Mozilla/5.0 AppleWebKit/537.36 (KHTML, like Gecko; compatible; GPTBot/1.3; +https://openai.com/gptbot)"
185.231.100.76 - - [04/May/2026:14:00:13 +0000] "GET /well-known/acme-challenge/k/h/?C=N;O=D HTTP/1.1" 200 2546 "-" "Mozilla/5.0 (compatible; MJ12bot/v1.4.8; http://mj12bot.com/)"
74.7.227.152 - - [04/May/2026:14:00:13 +0000] "GET /hunar-usa/wp-content/plugins/forminator/library/modules/quizzes/protection/?C=S;O=D HTTP/1.1" 200 1195 "https://www.thehunarfoundation.org/hunar-usa/wp-content/plugins/forminator/library/modules/quizzes/protection/?C=S;O=A" "Mozilla/5.0 AppleWebKit/537.36 (KHTML, like Gecko; compatible; GPTBot/1.3; +https://openai.com/gptbot)"
74.7.227.152 - - [04/May/2026:14:00:13 +0000] "GET /hunar-usa/wp-content/plugins/redux-framework/redux-templates/src/components/single-item/?C=N;O=D HTTP/1.1" 200 1383 "https://www.thehunarfoundation.org/hunar-usa/wp-content/plugins/redux-framework/redux-templates/src/components/single-item/" "Mozilla/5.0 AppleWebKit/537.36 (KHTML, like Gecko; compatible; GPTBot/1.3; +https://openai.com/gptbot)"
74.7.227.152 - - [04/May/2026:14:00:14 +0000] "GET /hunar-usa/wp-content/plugins/forminator/library/modules/quizzes/protection/?C=D;O=D HTTP/1.1" 200 1195 "https://www.thehunarfoundation.org/hunar-usa/wp-content/plugins/forminator/library/modules/quizzes/protection/?C=D;O=A" "Mozilla/5.0 AppleWebKit/537.36 (KHTML, like Gecko; compatible; GPTBot/1.3; +https://openai.com/gptbot)"
185.231.100.76 - - [04/May/2026:14:00:15 +0000] "GET /well-known/acme-challenge/k/h/?C=S;O=A HTTP/1.1" 200 2546 "-" "Mozilla/5.0 (compatible; MJ12bot/v1.4.8; http://mj12bot.com/)"
74.7.227.152 - - [04/May/2026:14:00:15 +0000] "GET /hunar-usa/wp-content/plugins/redux-framework/redux-templates/src/components/single-item/?C=S;O=A HTTP/1.1" 200 1383 "https://www.thehunarfoundation.org/hunar-usa/wp-content/plugins/redux-framework/redux-templates/src/components/single-item/" "Mozilla/5.0 AppleWebKit/537.36 (KHTML, like Gecko; compatible; GPTBot/1.3; +https://openai.com/gptbot)"
74.7.227.152 - - [04/May/2026:14:00:15 +0000] "GET /hunar-usa/wp-content/plugins/revslider/admin/?C=M;O=D HTTP/1.1" 200 1628 "https://www.thehunarfoundation.org/hunar-usa/wp-content/plugins/revslider/admin/?C=M;O=A" "Mozilla/5.0 AppleWebKit/537.36 (KHTML, like Gecko; compatible; GPTBot/1.3; +https://openai.com/gptbot)"
74.7.227.152 - - [04/May/2026:14:00:16 +0000] "GET /hunar-usa/wp-content/plugins/revslider/admin/?C=N;O=A HTTP/1.1" 200 1628 "https://www.thehunarfoundation.org/hunar-usa/wp-content/plugins/revslider/admin/?C=M;O=A" "Mozilla/5.0 AppleWebKit/537.36 (KHTML, like Gecko; compatible; GPTBot/1.3; +https://openai.com/gptbot)"
185.231.100.76 - - [04/May/2026:14:00:16 +0000] "GET /well-known/acme-challenge/k/i/?C=D;O=A HTTP/1.1" 200 2546 "-" "Mozilla/5.0 (compatible; MJ12bot/v1.4.8; http://mj12bot.com/)"
74.7.227.152 - - [04/May/2026:14:00:17 +0000] "GET /hunar-usa/wp-content/plugins/revslider/admin/?C=S;O=D HTTP/1.1" 200 1628 "https://www.thehunarfoundation.org/hunar-usa/wp-content/plugins/revslider/admin/?C=S;O=A" "Mozilla/5.0 AppleWebKit/537.36 (KHTML, like Gecko; compatible; GPTBot/1.3; +https://openai.com/gptbot)"
74.7.227.152 - - [04/May/2026:14:00:17 +0000] "GET /hunar-usa/wp-content/plugins/revslider/admin/?C=D;O=D HTTP/1.1" 200 1628 "https://www.thehunarfoundation.org/hunar-usa/wp-content/plugins/revslider/admin/?C=D;O=A" "Mozilla/5.0 AppleWebKit/537.36 (KHTML, like Gecko; compatible; GPTBot/1.3; +https://openai.com/gptbot)"
74.7.227.152 - - [04/May/2026:14:00:18 +0000] "GET /hunar-usa/wp-content/plugins/redux-framework/redux-templates/src/components/single-item/?C=D;O=A HTTP/1.1" 200 1383 "https://www.thehunarfoundation.org/hunar-usa/wp-content/plugins/redux-framework/redux-templates/src/components/single-item/" "Mozilla/5.0 AppleWebKit/537.36 (KHTML, like Gecko; compatible; GPTBot/1.3; +https://openai.com/gptbot)"
185.231.100.76 - - [04/May/2026:14:00:18 +0000] "GET /well-known/acme-challenge/k/i/?C=M;O=A HTTP/1.1" 200 2546 "-" "Mozilla/5.0 (compatible; MJ12bot/v1.4.8; http://mj12bot.com/)"
74.7.227.152 - - [04/May/2026:14:00:18 +0000] "GET /hunar-canada/wp-content/plugins/revslider/admin/views/?C=N;O=D HTTP/1.1" 200 3622 "https://www.thehunarfoundation.org/hunar-canada/wp-content/plugins/revslider/admin/views/" "Mozilla/5.0 AppleWebKit/537.36 (KHTML, like Gecko; compatible; GPTBot/1.3; +https://openai.com/gptbot)"
74.7.227.152 - - [04/May/2026:14:00:19 +0000] "GET /hunar-usa/wp-content/plugins/redux-framework/redux-templates/src/components/single-item/?C=M;O=D HTTP/1.1" 200 1383 "https://www.thehunarfoundation.org/hunar-usa/wp-content/plugins/redux-framework/redux-templates/src/components/single-item/?C=M;O=A" "Mozilla/5.0 AppleWebKit/537.36 (KHTML, like Gecko; compatible; GPTBot/1.3; +https://openai.com/gptbot)"
74.7.227.152 - - [04/May/2026:14:00:19 +0000] "GET /hunar-usa/wp-content/plugins/redux-framework/redux-templates/src/components/single-item/?C=N;O=A HTTP/1.1" 200 1383 "https://www.thehunarfoundation.org/hunar-usa/wp-content/plugins/redux-framework/redux-templates/src/components/single-item/?C=M;O=A" "Mozilla/5.0 AppleWebKit/537.36 (KHTML, like Gecko; compatible; GPTBot/1.3; +https://openai.com/gptbot)"
185.231.100.76 - - [04/May/2026:14:00:20 +0000] "GET /well-known/acme-challenge/k/i/?C=N;O=D HTTP/1.1" 200 2546 "-" "Mozilla/5.0 (compatible; MJ12bot/v1.4.8; http://mj12bot.com/)"
74.7.227.152 - - [04/May/2026:14:00:20 +0000] "GET /hunar-canada/wp-content/plugins/envato-market/inc/admin/?C=D;O=A HTTP/1.1" 200 1752 "https://www.thehunarfoundation.org/hunar-canada/wp-content/plugins/envato-market/inc/admin/" "Mozilla/5.0 AppleWebKit/537.36 (KHTML, like Gecko; compatible; GPTBot/1.3; +https://openai.com/gptbot)"
74.7.227.152 - - [04/May/2026:14:00:20 +0000] "GET /hunar-canada/wp-content/plugins/revslider/admin/views/?C=S;O=A HTTP/1.1" 200 3622 "https://www.thehunarfoundation.org/hunar-canada/wp-content/plugins/revslider/admin/views/" "Mozilla/5.0 AppleWebKit/537.36 (KHTML, like Gecko; compatible; GPTBot/1.3; +https://openai.com/gptbot)"
74.7.227.152 - - [04/May/2026:14:00:21 +0000] "GET /hunar-usa/wp-content/plugins/redux-framework/redux-templates/src/components/single-item/?C=S;O=D HTTP/1.1" 200 1383 "https://www.thehunarfoundation.org/hunar-usa/wp-content/plugins/redux-framework/redux-templates/src/components/single-item/?C=S;O=A" "Mozilla/5.0 AppleWebKit/537.36 (KHTML, like Gecko; compatible; GPTBot/1.3; +https://openai.com/gptbot)"
74.7.227.152 - - [04/May/2026:14:00:21 +0000] "GET /hunar-canada/wp-content/plugins/revslider/admin/views/?C=M;O=A HTTP/1.1" 200 3622 "https://www.thehunarfoundation.org/hunar-canada/wp-content/plugins/revslider/admin/views/" "Mozilla/5.0 AppleWebKit/537.36 (KHTML, like Gecko; compatible; GPTBot/1.3; +https://openai.com/gptbot)"
74.7.227.152 - - [04/May/2026:14:00:22 +0000] "GET /hunar-canada/wp-content/plugins/envato-market/inc/admin/?C=S;O=A HTTP/1.1" 200 1752 "https://www.thehunarfoundation.org/hunar-canada/wp-content/plugins/envato-market/inc/admin/" "Mozilla/5.0 AppleWebKit/537.36 (KHTML, like Gecko; compatible; GPTBot/1.3; +https://openai.com/gptbot)"
74.7.227.152 - - [04/May/2026:14:00:22 +0000] "GET /hunar-canada/wp-content/plugins/revslider/admin/views/?C=D;O=A HTTP/1.1" 200 3622 "https://www.thehunarfoundation.org/hunar-canada/wp-content/plugins/revslider/admin/views/" "Mozilla/5.0 AppleWebKit/537.36 (KHTML, like Gecko; compatible; GPTBot/1.3; +https://openai.com/gptbot)"
74.7.227.152 - - [04/May/2026:14:00:23 +0000] "GET /hunar-usa/wp-content/plugins/revslider/admin/includes/?C=N;O=D HTTP/1.1" 200 3827 "https://www.thehunarfoundation.org/hunar-usa/wp-content/plugins/revslider/admin/includes/" "Mozilla/5.0 AppleWebKit/537.36 (KHTML, like Gecko; compatible; GPTBot/1.3; +https://openai.com/gptbot)"
74.7.227.152 - - [04/May/2026:14:00:23 +0000] "GET /hunar-usa/wp-content/plugins/redux-framework/redux-templates/src/components/single-item/?C=D;O=D HTTP/1.1" 200 1383 "https://www.thehunarfoundation.org/hunar-usa/wp-content/plugins/redux-framework/redux-templates/src/components/single-item/?C=D;O=A" "Mozilla/5.0 AppleWebKit/537.36 (KHTML, like Gecko; compatible; GPTBot/1.3; +https://openai.com/gptbot)"
74.7.227.152 - - [04/May/2026:14:00:24 +0000] "GET /hunar-canada/wp-content/plugins/revslider/admin/views/modals-copyright.php.sorry HTTP/1.1" 500 - "https://www.thehunarfoundation.org/hunar-canada/wp-content/plugins/revslider/admin/views/?C=N;O=D" "Mozilla/5.0 AppleWebKit/537.36 (KHTML, like Gecko; compatible; GPTBot/1.3; +https://openai.com/gptbot)"
74.7.227.152 - - [04/May/2026:14:00:25 +0000] "GET /hunar-canada/wp-content/plugins/revslider/admin/views/modals-builder.php.sorry HTTP/1.1" 500 - "https://www.thehunarfoundation.org/hunar-canada/wp-content/plugins/revslider/admin/views/?C=N;O=D" "Mozilla/5.0 AppleWebKit/537.36 (KHTML, like Gecko; compatible; GPTBot/1.3; +https://openai.com/gptbot)"
