74.7.227.152 - - [04/May/2026:13:07:35 +0000] "GET /hunar-usa/wp-content/plugins/elementor/assets/lib/font-awesome/webfonts/?C=M;O=A HTTP/1.1" 200 3579 "https://www.thehunarfoundation.org/hunar-usa/wp-content/plugins/elementor/assets/lib/font-awesome/webfonts/" "Mozilla/5.0 AppleWebKit/537.36 (KHTML, like Gecko; compatible; GPTBot/1.3; +https://openai.com/gptbot)"
74.7.227.152 - - [04/May/2026:13:07:36 +0000] "GET /hunar-canada/wp-content/plugins/elementor/core/editor/data/globals/?C=S;O=A HTTP/1.1" 200 1147 "https://www.thehunarfoundation.org/hunar-canada/wp-content/plugins/elementor/core/editor/data/globals/" "Mozilla/5.0 AppleWebKit/537.36 (KHTML, like Gecko; compatible; GPTBot/1.3; +https://openai.com/gptbot)"
74.7.227.152 - - [04/May/2026:13:07:36 +0000] "GET /hunar-canada/wp-content/plugins/elementor/core/editor/data/globals/?C=D;O=A HTTP/1.1" 200 1147 "https://www.thehunarfoundation.org/hunar-canada/wp-content/plugins/elementor/core/editor/data/globals/" "Mozilla/5.0 AppleWebKit/537.36 (KHTML, like Gecko; compatible; GPTBot/1.3; +https://openai.com/gptbot)"
74.7.227.152 - - [04/May/2026:13:07:37 +0000] "GET /hunar-canada/wp-content/plugins/elementor/core/editor/data/globals/?C=N;O=D HTTP/1.1" 200 1147 "https://www.thehunarfoundation.org/hunar-canada/wp-content/plugins/elementor/core/editor/data/globals/" "Mozilla/5.0 AppleWebKit/537.36 (KHTML, like Gecko; compatible; GPTBot/1.3; +https://openai.com/gptbot)"
74.7.227.152 - - [04/May/2026:13:07:38 +0000] "GET /hunar-canada/wp-content/plugins/elementor/core/editor/data/globals/?C=M;O=A HTTP/1.1" 200 1147 "https://www.thehunarfoundation.org/hunar-canada/wp-content/plugins/elementor/core/editor/data/globals/" "Mozilla/5.0 AppleWebKit/537.36 (KHTML, like Gecko; compatible; GPTBot/1.3; +https://openai.com/gptbot)"
74.7.227.152 - - [04/May/2026:13:07:38 +0000] "GET /hunar-canada/wp-content/plugins/redux-framework/redux-core/inc/validation/no_special_chars/?C=S;O=D HTTP/1.1" 200 1247 "https://www.thehunarfoundation.org/hunar-canada/wp-content/plugins/redux-framework/redux-core/inc/validation/no_special_chars/?C=S;O=A" "Mozilla/5.0 AppleWebKit/537.36 (KHTML, like Gecko; compatible; GPTBot/1.3; +https://openai.com/gptbot)"
74.7.227.152 - - [04/May/2026:13:07:39 +0000] "GET /hunar-canada/wp-content/plugins/redux-framework/redux-core/inc/extensions/options_object/?C=M;O=D HTTP/1.1" 200 1423 "https://www.thehunarfoundation.org/hunar-canada/wp-content/plugins/redux-framework/redux-core/inc/extensions/options_object/?C=M;O=A" "Mozilla/5.0 AppleWebKit/537.36 (KHTML, like Gecko; compatible; GPTBot/1.3; +https://openai.com/gptbot)"
74.7.227.152 - - [04/May/2026:13:07:39 +0000] "GET /hunar-usa/wp-content/plugins/elementor/assets/lib/font-awesome/webfonts/?C=D;O=A HTTP/1.1" 200 3579 "https://www.thehunarfoundation.org/hunar-usa/wp-content/plugins/elementor/assets/lib/font-awesome/webfonts/" "Mozilla/5.0 AppleWebKit/537.36 (KHTML, like Gecko; compatible; GPTBot/1.3; +https://openai.com/gptbot)"
74.7.227.152 - - [04/May/2026:13:07:40 +0000] "GET /hunar-usa/wp-content/plugins/redux-framework/redux-templates/src/components/multiple-item/?C=S;O=A HTTP/1.1" 200 1204 "https://www.thehunarfoundation.org/hunar-usa/wp-content/plugins/redux-framework/redux-templates/src/components/multiple-item/" "Mozilla/5.0 AppleWebKit/537.36 (KHTML, like Gecko; compatible; GPTBot/1.3; +https://openai.com/gptbot)"
74.7.227.152 - - [04/May/2026:13:07:40 +0000] "GET /hunar-usa/wp-content/plugins/elementor/assets/lib/font-awesome/webfonts/?C=S;O=D HTTP/1.1" 200 3579 "https://www.thehunarfoundation.org/hunar-usa/wp-content/plugins/elementor/assets/lib/font-awesome/webfonts/?C=S;O=A" "Mozilla/5.0 AppleWebKit/537.36 (KHTML, like Gecko; compatible; GPTBot/1.3; +https://openai.com/gptbot)"
74.7.227.152 - - [04/May/2026:13:07:41 +0000] "GET /hunar-usa/wp-content/plugins/elementor/assets/lib/font-awesome/webfonts/?C=N;O=A HTTP/1.1" 200 3579 "https://www.thehunarfoundation.org/hunar-usa/wp-content/plugins/elementor/assets/lib/font-awesome/webfonts/?C=S;O=A" "Mozilla/5.0 AppleWebKit/537.36 (KHTML, like Gecko; compatible; GPTBot/1.3; +https://openai.com/gptbot)"
74.7.227.152 - - [04/May/2026:13:07:41 +0000] "GET /hunar-usa/wp-content/plugins/elementor/assets/lib/font-awesome/webfonts/?C=M;O=D HTTP/1.1" 200 3579 "https://www.thehunarfoundation.org/hunar-usa/wp-content/plugins/elementor/assets/lib/font-awesome/webfonts/?C=M;O=A" "Mozilla/5.0 AppleWebKit/537.36 (KHTML, like Gecko; compatible; GPTBot/1.3; +https://openai.com/gptbot)"
74.7.241.42 - - [04/May/2026:13:07:41 +0000] "GET /hunar-canada/wp-content/plugins/theplus_elementor_addon/includes/vendor/psr/cache/src/CacheException.php.sorry HTTP/1.1" 200 2480 "https://thehunarfoundation.org/hunar-canada/wp-content/plugins/theplus_elementor_addon/includes/vendor/psr/cache/src/" "Mozilla/5.0 AppleWebKit/537.36 (KHTML, like Gecko; compatible; GPTBot/1.3; +https://openai.com/gptbot)"
74.7.227.152 - - [04/May/2026:13:07:42 +0000] "GET /hunar-canada/wp-content/plugins/elementor/core/editor/data/globals/?C=S;O=D HTTP/1.1" 200 1147 "https://www.thehunarfoundation.org/hunar-canada/wp-content/plugins/elementor/core/editor/data/globals/?C=S;O=A" "Mozilla/5.0 AppleWebKit/537.36 (KHTML, like Gecko; compatible; GPTBot/1.3; +https://openai.com/gptbot)"
74.7.227.152 - - [04/May/2026:13:07:42 +0000] "GET /hunar-canada/wp-content/plugins/elementor/core/editor/data/globals/?C=D;O=D HTTP/1.1" 200 1147 "https://www.thehunarfoundation.org/hunar-canada/wp-content/plugins/elementor/core/editor/data/globals/?C=D;O=A" "Mozilla/5.0 AppleWebKit/537.36 (KHTML, like Gecko; compatible; GPTBot/1.3; +https://openai.com/gptbot)"
74.7.227.152 - - [04/May/2026:13:07:43 +0000] "GET /hunar-canada/wp-content/plugins/elementor/core/editor/data/globals/?C=N;O=A HTTP/1.1" 200 1147 "https://www.thehunarfoundation.org/hunar-canada/wp-content/plugins/elementor/core/editor/data/globals/?C=S;O=A" "Mozilla/5.0 AppleWebKit/537.36 (KHTML, like Gecko; compatible; GPTBot/1.3; +https://openai.com/gptbot)"
74.7.227.152 - - [04/May/2026:13:07:43 +0000] "GET /hunar-canada/wp-content/plugins/elementor/core/editor/data/globals/?C=M;O=D HTTP/1.1" 200 1147 "https://www.thehunarfoundation.org/hunar-canada/wp-content/plugins/elementor/core/editor/data/globals/?C=M;O=A" "Mozilla/5.0 AppleWebKit/537.36 (KHTML, like Gecko; compatible; GPTBot/1.3; +https://openai.com/gptbot)"
74.7.227.152 - - [04/May/2026:13:07:44 +0000] "GET /hunar-usa/wp-content/plugins/redux-framework/redux-templates/src/components/multiple-item/?C=D;O=A HTTP/1.1" 200 1204 "https://www.thehunarfoundation.org/hunar-usa/wp-content/plugins/redux-framework/redux-templates/src/components/multiple-item/" "Mozilla/5.0 AppleWebKit/537.36 (KHTML, like Gecko; compatible; GPTBot/1.3; +https://openai.com/gptbot)"
74.7.227.152 - - [04/May/2026:13:07:44 +0000] "GET /hunar-usa/wp-content/plugins/redux-framework/redux-templates/src/components/multiple-item/?C=M;O=A HTTP/1.1" 200 1204 "https://www.thehunarfoundation.org/hunar-usa/wp-content/plugins/redux-framework/redux-templates/src/components/multiple-item/" "Mozilla/5.0 AppleWebKit/537.36 (KHTML, like Gecko; compatible; GPTBot/1.3; +https://openai.com/gptbot)"
74.7.227.152 - - [04/May/2026:13:07:45 +0000] "GET /hunar-usa/wp-content/plugins/elementor/assets/lib/font-awesome/webfonts/?C=D;O=D HTTP/1.1" 200 3579 "https://www.thehunarfoundation.org/hunar-usa/wp-content/plugins/elementor/assets/lib/font-awesome/webfonts/?C=D;O=A" "Mozilla/5.0 AppleWebKit/537.36 (KHTML, like Gecko; compatible; GPTBot/1.3; +https://openai.com/gptbot)"
74.7.227.152 - - [04/May/2026:13:07:45 +0000] "GET /hunar-usa/wp-content/plugins/redux-framework/redux-templates/src/components/multiple-item/?C=S;O=D HTTP/1.1" 200 1204 "https://www.thehunarfoundation.org/hunar-usa/wp-content/plugins/redux-framework/redux-templates/src/components/multiple-item/?C=S;O=A" "Mozilla/5.0 AppleWebKit/537.36 (KHTML, like Gecko; compatible; GPTBot/1.3; +https://openai.com/gptbot)"
74.7.227.152 - - [04/May/2026:13:07:46 +0000] "GET /hunar-usa/wp-content/plugins/redux-framework/redux-templates/src/components/multiple-item/?C=N;O=A HTTP/1.1" 200 1204 "https://www.thehunarfoundation.org/hunar-usa/wp-content/plugins/redux-framework/redux-templates/src/components/multiple-item/?C=S;O=A" "Mozilla/5.0 AppleWebKit/537.36 (KHTML, like Gecko; compatible; GPTBot/1.3; +https://openai.com/gptbot)"
74.7.227.152 - - [04/May/2026:13:07:46 +0000] "GET /hunar-usa/wp-content/plugins/redux-framework/redux-templates/src/components/multiple-item/?C=N;O=D HTTP/1.1" 200 1204 "https://www.thehunarfoundation.org/hunar-usa/wp-content/plugins/redux-framework/redux-templates/src/components/multiple-item/" "Mozilla/5.0 AppleWebKit/537.36 (KHTML, like Gecko; compatible; GPTBot/1.3; +https://openai.com/gptbot)"
74.7.227.152 - - [04/May/2026:13:07:47 +0000] "GET /hunar-canada/wp-content/plugins/theplus_elementor_addon/assets/js/main/header-extras/?C=D;O=A HTTP/1.1" 200 1229 "https://www.thehunarfoundation.org/hunar-canada/wp-content/plugins/theplus_elementor_addon/assets/js/main/header-extras/" "Mozilla/5.0 AppleWebKit/537.36 (KHTML, like Gecko; compatible; GPTBot/1.3; +https://openai.com/gptbot)"
74.7.227.152 - - [04/May/2026:13:07:47 +0000] "GET /hunar-canada/wp-content/plugins/theplus_elementor_addon/assets/js/main/woo-swatches/?C=D;O=A HTTP/1.1" 200 1230 "https://www.thehunarfoundation.org/hunar-canada/wp-content/plugins/theplus_elementor_addon/assets/js/main/woo-swatches/" "Mozilla/5.0 AppleWebKit/537.36 (KHTML, like Gecko; compatible; GPTBot/1.3; +https://openai.com/gptbot)"
74.7.227.152 - - [04/May/2026:13:07:48 +0000] "GET /hunar-canada/wp-content/plugins/theplus_elementor_addon/assets/js/main/accordion/?C=D;O=A HTTP/1.1" 200 1210 "https://www.thehunarfoundation.org/hunar-canada/wp-content/plugins/theplus_elementor_addon/assets/js/main/accordion/" "Mozilla/5.0 AppleWebKit/537.36 (KHTML, like Gecko; compatible; GPTBot/1.3; +https://openai.com/gptbot)"
74.7.227.152 - - [04/May/2026:13:07:49 +0000] "GET /hunar-canada/wp-content/plugins/theplus_elementor_addon/assets/js/main/header-extras/?C=M;O=A HTTP/1.1" 200 1229 "https://www.thehunarfoundation.org/hunar-canada/wp-content/plugins/theplus_elementor_addon/assets/js/main/header-extras/" "Mozilla/5.0 AppleWebKit/537.36 (KHTML, like Gecko; compatible; GPTBot/1.3; +https://openai.com/gptbot)"
74.7.227.152 - - [04/May/2026:13:07:49 +0000] "GET /hunar-canada/wp-content/plugins/theplus_elementor_addon/assets/js/main/smooth-scroll/?C=D;O=A HTTP/1.1" 200 1229 "https://www.thehunarfoundation.org/hunar-canada/wp-content/plugins/theplus_elementor_addon/assets/js/main/smooth-scroll/" "Mozilla/5.0 AppleWebKit/537.36 (KHTML, like Gecko; compatible; GPTBot/1.3; +https://openai.com/gptbot)"
74.7.227.152 - - [04/May/2026:13:07:50 +0000] "GET /hunar-usa/wp-content/plugins/redux-framework/redux-templates/src/components/multiple-item/?C=D;O=D HTTP/1.1" 200 1204 "https://www.thehunarfoundation.org/hunar-usa/wp-content/plugins/redux-framework/redux-templates/src/components/multiple-item/?C=D;O=A" "Mozilla/5.0 AppleWebKit/537.36 (KHTML, like Gecko; compatible; GPTBot/1.3; +https://openai.com/gptbot)"
74.7.227.152 - - [04/May/2026:13:07:51 +0000] "GET /hunar-usa/wp-content/plugins/redux-framework/redux-templates/src/components/multiple-item/?C=M;O=D HTTP/1.1" 200 1204 "https://www.thehunarfoundation.org/hunar-usa/wp-content/plugins/redux-framework/redux-templates/src/components/multiple-item/?C=M;O=A" "Mozilla/5.0 AppleWebKit/537.36 (KHTML, like Gecko; compatible; GPTBot/1.3; +https://openai.com/gptbot)"
74.7.227.152 - - [04/May/2026:13:07:51 +0000] "GET /hunar-canada/wp-content/plugins/theplus_elementor_addon/assets/js/main/smooth-scroll/?C=N;O=D HTTP/1.1" 200 1229 "https://www.thehunarfoundation.org/hunar-canada/wp-content/plugins/theplus_elementor_addon/assets/js/main/smooth-scroll/" "Mozilla/5.0 AppleWebKit/537.36 (KHTML, like Gecko; compatible; GPTBot/1.3; +https://openai.com/gptbot)"
74.7.227.152 - - [04/May/2026:13:07:52 +0000] "GET /hunar-canada/wp-content/plugins/theplus_elementor_addon/assets/js/main/mouse-cursor/?C=D;O=A HTTP/1.1" 200 1225 "https://www.thehunarfoundation.org/hunar-canada/wp-content/plugins/theplus_elementor_addon/assets/js/main/mouse-cursor/" "Mozilla/5.0 AppleWebKit/537.36 (KHTML, like Gecko; compatible; GPTBot/1.3; +https://openai.com/gptbot)"
74.7.227.152 - - [04/May/2026:13:07:52 +0000] "GET /hunar-canada/wp-content/plugins/theplus_elementor_addon/assets/js/main/shape-divider/?C=D;O=A HTTP/1.1" 200 1229 "https://www.thehunarfoundation.org/hunar-canada/wp-content/plugins/theplus_elementor_addon/assets/js/main/shape-divider/" "Mozilla/5.0 AppleWebKit/537.36 (KHTML, like Gecko; compatible; GPTBot/1.3; +https://openai.com/gptbot)"
74.7.227.152 - - [04/May/2026:13:07:53 +0000] "GET /hunar-usa/wp-content/plugins/theplus_elementor_addon/assets/js/main/cascading-image/?C=D;O=A HTTP/1.1" 200 1228 "https://www.thehunarfoundation.org/hunar-usa/wp-content/plugins/theplus_elementor_addon/assets/js/main/cascading-image/" "Mozilla/5.0 AppleWebKit/537.36 (KHTML, like Gecko; compatible; GPTBot/1.3; +https://openai.com/gptbot)"
74.7.227.152 - - [04/May/2026:13:07:53 +0000] "GET /hunar-canada/wp-content/plugins/theplus_elementor_addon/assets/js/main/header-extras/?C=N;O=A HTTP/1.1" 200 1229 "https://www.thehunarfoundation.org/hunar-canada/wp-content/plugins/theplus_elementor_addon/assets/js/main/header-extras/?C=D;O=A" "Mozilla/5.0 AppleWebKit/537.36 (KHTML, like Gecko; compatible; GPTBot/1.3; +https://openai.com/gptbot)"
74.7.227.152 - - [04/May/2026:13:07:54 +0000] "GET /hunar-canada/wp-content/plugins/theplus_elementor_addon/assets/js/main/woo-swatches/?C=N;O=A HTTP/1.1" 200 1230 "https://www.thehunarfoundation.org/hunar-canada/wp-content/plugins/theplus_elementor_addon/assets/js/main/woo-swatches/?C=D;O=A" "Mozilla/5.0 AppleWebKit/537.36 (KHTML, like Gecko; compatible; GPTBot/1.3; +https://openai.com/gptbot)"
74.7.227.152 - - [04/May/2026:13:07:54 +0000] "GET /hunar-canada/wp-content/plugins/theplus_elementor_addon/assets/js/main/accordion/?C=D;O=D HTTP/1.1" 200 1210 "https://www.thehunarfoundation.org/hunar-canada/wp-content/plugins/theplus_elementor_addon/assets/js/main/accordion/?C=D;O=A" "Mozilla/5.0 AppleWebKit/537.36 (KHTML, like Gecko; compatible; GPTBot/1.3; +https://openai.com/gptbot)"
74.7.227.152 - - [04/May/2026:13:07:55 +0000] "GET /hunar-canada/wp-content/plugins/theplus_elementor_addon/assets/js/main/accordion/?C=N;O=A HTTP/1.1" 200 1210 "https://www.thehunarfoundation.org/hunar-canada/wp-content/plugins/theplus_elementor_addon/assets/js/main/accordion/?C=D;O=A" "Mozilla/5.0 AppleWebKit/537.36 (KHTML, like Gecko; compatible; GPTBot/1.3; +https://openai.com/gptbot)"
74.7.227.152 - - [04/May/2026:13:07:55 +0000] "GET /hunar-canada/wp-content/plugins/theplus_elementor_addon/assets/js/main/smooth-scroll/?C=D;O=D HTTP/1.1" 200 1229 "https://www.thehunarfoundation.org/hunar-canada/wp-content/plugins/theplus_elementor_addon/assets/js/main/smooth-scroll/?C=D;O=A" "Mozilla/5.0 AppleWebKit/537.36 (KHTML, like Gecko; compatible; GPTBot/1.3; +https://openai.com/gptbot)"
74.7.227.152 - - [04/May/2026:13:07:56 +0000] "GET /hunar-canada/wp-content/plugins/theplus_elementor_addon/assets/js/main/header-extras/?C=D;O=D HTTP/1.1" 200 1229 "https://www.thehunarfoundation.org/hunar-canada/wp-content/plugins/theplus_elementor_addon/assets/js/main/header-extras/?C=D;O=A" "Mozilla/5.0 AppleWebKit/537.36 (KHTML, like Gecko; compatible; GPTBot/1.3; +https://openai.com/gptbot)"
74.7.227.152 - - [04/May/2026:13:07:56 +0000] "GET /hunar-canada/wp-content/plugins/theplus_elementor_addon/assets/js/main/smooth-scroll/?C=M;O=A HTTP/1.1" 200 1229 "https://www.thehunarfoundation.org/hunar-canada/wp-content/plugins/theplus_elementor_addon/assets/js/main/smooth-scroll/" "Mozilla/5.0 AppleWebKit/537.36 (KHTML, like Gecko; compatible; GPTBot/1.3; +https://openai.com/gptbot)"
74.7.227.152 - - [04/May/2026:13:07:57 +0000] "GET /hunar-usa/wp-content/plugins/theplus_elementor_addon/assets/js/main/carousel-remote/?C=D;O=A HTTP/1.1" 200 1228 "https://www.thehunarfoundation.org/hunar-usa/wp-content/plugins/theplus_elementor_addon/assets/js/main/carousel-remote/" "Mozilla/5.0 AppleWebKit/537.36 (KHTML, like Gecko; compatible; GPTBot/1.3; +https://openai.com/gptbot)"
74.7.227.152 - - [04/May/2026:13:07:57 +0000] "GET /hunar-canada/wp-content/plugins/theplus_elementor_addon/assets/js/main/mouse-cursor/?C=N;O=A HTTP/1.1" 200 1225 "https://www.thehunarfoundation.org/hunar-canada/wp-content/plugins/theplus_elementor_addon/assets/js/main/mouse-cursor/?C=D;O=A" "Mozilla/5.0 AppleWebKit/537.36 (KHTML, like Gecko; compatible; GPTBot/1.3; +https://openai.com/gptbot)"
74.7.227.152 - - [04/May/2026:13:07:58 +0000] "GET /hunar-canada/wp-content/plugins/theplus_elementor_addon/assets/js/main/shape-divider/?C=N;O=A HTTP/1.1" 200 1229 "https://www.thehunarfoundation.org/hunar-canada/wp-content/plugins/theplus_elementor_addon/assets/js/main/shape-divider/?C=D;O=A" "Mozilla/5.0 AppleWebKit/537.36 (KHTML, like Gecko; compatible; GPTBot/1.3; +https://openai.com/gptbot)"
74.7.227.152 - - [04/May/2026:13:07:58 +0000] "GET /hunar-usa/wp-content/plugins/theplus_elementor_addon/assets/js/main/cascading-image/?C=N;O=A HTTP/1.1" 200 1228 "https://www.thehunarfoundation.org/hunar-usa/wp-content/plugins/theplus_elementor_addon/assets/js/main/cascading-image/?C=D;O=A" "Mozilla/5.0 AppleWebKit/537.36 (KHTML, like Gecko; compatible; GPTBot/1.3; +https://openai.com/gptbot)"
74.7.227.152 - - [04/May/2026:13:07:59 +0000] "GET /hunar-canada/wp-content/plugins/theplus_elementor_addon/assets/js/main/mouse-cursor/?C=D;O=D HTTP/1.1" 200 1225 "https://www.thehunarfoundation.org/hunar-canada/wp-content/plugins/theplus_elementor_addon/assets/js/main/mouse-cursor/?C=D;O=A" "Mozilla/5.0 AppleWebKit/537.36 (KHTML, like Gecko; compatible; GPTBot/1.3; +https://openai.com/gptbot)"
74.7.227.152 - - [04/May/2026:13:08:00 +0000] "GET /hunar-canada/wp-content/plugins/theplus_elementor_addon/assets/js/main/shape-divider/?C=D;O=D HTTP/1.1" 200 1229 "https://www.thehunarfoundation.org/hunar-canada/wp-content/plugins/theplus_elementor_addon/assets/js/main/shape-divider/?C=D;O=A" "Mozilla/5.0 AppleWebKit/537.36 (KHTML, like Gecko; compatible; GPTBot/1.3; +https://openai.com/gptbot)"
74.7.227.152 - - [04/May/2026:13:08:00 +0000] "GET /hunar-canada/wp-content/plugins/theplus_elementor_addon/assets/js/main/woo-swatches/?C=D;O=D HTTP/1.1" 200 1230 "https://www.thehunarfoundation.org/hunar-canada/wp-content/plugins/theplus_elementor_addon/assets/js/main/woo-swatches/?C=D;O=A" "Mozilla/5.0 AppleWebKit/537.36 (KHTML, like Gecko; compatible; GPTBot/1.3; +https://openai.com/gptbot)"
74.7.227.152 - - [04/May/2026:13:08:01 +0000] "GET /hunar-usa/wp-content/plugins/theplus_elementor_addon/assets/js/main/cascading-image/?C=D;O=D HTTP/1.1" 200 1228 "https://www.thehunarfoundation.org/hunar-usa/wp-content/plugins/theplus_elementor_addon/assets/js/main/cascading-image/?C=D;O=A" "Mozilla/5.0 AppleWebKit/537.36 (KHTML, like Gecko; compatible; GPTBot/1.3; +https://openai.com/gptbot)"
74.7.227.152 - - [04/May/2026:13:08:01 +0000] "GET /hunar-canada/wp-content/plugins/theplus_elementor_addon/assets/js/main/smooth-scroll/?C=N;O=A HTTP/1.1" 200 1229 "https://www.thehunarfoundation.org/hunar-canada/wp-content/plugins/theplus_elementor_addon/assets/js/main/smooth-scroll/?C=D;O=A" "Mozilla/5.0 AppleWebKit/537.36 (KHTML, like Gecko; compatible; GPTBot/1.3; +https://openai.com/gptbot)"
74.7.227.152 - - [04/May/2026:13:08:02 +0000] "GET /hunar-usa/wp-includes/ID3/?C=S;O=A HTTP/1.1" 200 4406 "https://www.thehunarfoundation.org/hunar-usa/wp-includes/ID3/" "Mozilla/5.0 AppleWebKit/537.36 (KHTML, like Gecko; compatible; GPTBot/1.3; +https://openai.com/gptbot)"
74.7.227.152 - - [04/May/2026:13:08:02 +0000] "GET /hunar-usa/wp-includes/ID3/?C=N;O=D HTTP/1.1" 200 4406 "https://www.thehunarfoundation.org/hunar-usa/wp-includes/ID3/" "Mozilla/5.0 AppleWebKit/537.36 (KHTML, like Gecko; compatible; GPTBot/1.3; +https://openai.com/gptbot)"
74.7.227.152 - - [04/May/2026:13:08:03 +0000] "GET /hunar-usa/wp-content/plugins/theplus_elementor_addon/assets/js/main/carousel-remote/?C=N;O=A HTTP/1.1" 200 1228 "https://www.thehunarfoundation.org/hunar-usa/wp-content/plugins/theplus_elementor_addon/assets/js/main/carousel-remote/?C=D;O=A" "Mozilla/5.0 AppleWebKit/537.36 (KHTML, like Gecko; compatible; GPTBot/1.3; +https://openai.com/gptbot)"
74.7.227.152 - - [04/May/2026:13:08:03 +0000] "GET /hunar-usa/wp-includes/ID3/?C=M;O=A HTTP/1.1" 200 4406 "https://www.thehunarfoundation.org/hunar-usa/wp-includes/ID3/" "Mozilla/5.0 AppleWebKit/537.36 (KHTML, like Gecko; compatible; GPTBot/1.3; +https://openai.com/gptbot)"
74.7.227.152 - - [04/May/2026:13:08:04 +0000] "GET /hunar-usa/wp-includes/ID3/?C=D;O=A HTTP/1.1" 200 4406 "https://www.thehunarfoundation.org/hunar-usa/wp-includes/ID3/" "Mozilla/5.0 AppleWebKit/537.36 (KHTML, like Gecko; compatible; GPTBot/1.3; +https://openai.com/gptbot)"
74.7.227.152 - - [04/May/2026:13:08:04 +0000] "GET /hunar-usa/wp-content/themes/educavo/inc/footer/?C=S;O=A HTTP/1.1" 200 1493 "https://www.thehunarfoundation.org/hunar-usa/wp-content/themes/educavo/inc/footer/" "Mozilla/5.0 AppleWebKit/537.36 (KHTML, like Gecko; compatible; GPTBot/1.3; +https://openai.com/gptbot)"
74.7.227.152 - - [04/May/2026:13:08:05 +0000] "GET /hunar-canada/wp-content/plugins/theplus_elementor_addon/includes/vendor/psr/http-message/?C=D;O=A HTTP/1.1" 200 1562 "https://www.thehunarfoundation.org/hunar-canada/wp-content/plugins/theplus_elementor_addon/includes/vendor/psr/http-message/" "Mozilla/5.0 AppleWebKit/537.36 (KHTML, like Gecko; compatible; GPTBot/1.3; +https://openai.com/gptbot)"
74.7.227.152 - - [04/May/2026:13:08:05 +0000] "GET /hunar-canada/wp-content/plugins/theplus_elementor_addon/includes/vendor/psr/http-message/?C=S;O=A HTTP/1.1" 200 1562 "https://www.thehunarfoundation.org/hunar-canada/wp-content/plugins/theplus_elementor_addon/includes/vendor/psr/http-message/" "Mozilla/5.0 AppleWebKit/537.36 (KHTML, like Gecko; compatible; GPTBot/1.3; +https://openai.com/gptbot)"
74.7.227.152 - - [04/May/2026:13:08:06 +0000] "GET /hunar-canada/wp-content/plugins/theplus_elementor_addon/includes/vendor/psr/http-message/?C=M;O=A HTTP/1.1" 200 1562 "https://www.thehunarfoundation.org/hunar-canada/wp-content/plugins/theplus_elementor_addon/includes/vendor/psr/http-message/" "Mozilla/5.0 AppleWebKit/537.36 (KHTML, like Gecko; compatible; GPTBot/1.3; +https://openai.com/gptbot)"
74.7.227.152 - - [04/May/2026:13:08:06 +0000] "GET /hunar-canada/wp-content/plugins/theplus_elementor_addon/includes/vendor/psr/http-message/?C=N;O=D HTTP/1.1" 200 1562 "https://www.thehunarfoundation.org/hunar-canada/wp-content/plugins/theplus_elementor_addon/includes/vendor/psr/http-message/" "Mozilla/5.0 AppleWebKit/537.36 (KHTML, like Gecko; compatible; GPTBot/1.3; +https://openai.com/gptbot)"
74.7.227.152 - - [04/May/2026:13:08:07 +0000] "GET /hunar-canada/wp-content/plugins/redux-framework/redux-core/inc/validation/js/?C=S;O=A HTTP/1.1" 200 1205 "https://www.thehunarfoundation.org/hunar-canada/wp-content/plugins/redux-framework/redux-core/inc/validation/js/" "Mozilla/5.0 AppleWebKit/537.36 (KHTML, like Gecko; compatible; GPTBot/1.3; +https://openai.com/gptbot)"
74.7.227.152 - - [04/May/2026:13:08:07 +0000] "GET /hunar-usa/wp-includes/ID3/module.tag.id3v2.php.sorry HTTP/1.1" 500 - "https://www.thehunarfoundation.org/hunar-usa/wp-includes/ID3/?C=S;O=A" "Mozilla/5.0 AppleWebKit/537.36 (KHTML, like Gecko; compatible; GPTBot/1.3; +https://openai.com/gptbot)"
74.7.227.152 - - [04/May/2026:13:08:09 +0000] "GET /hunar-usa/wp-includes/ID3/module.tag.id3v1.php.sorry HTTP/1.1" 500 - "https://www.thehunarfoundation.org/hunar-usa/wp-includes/ID3/?C=S;O=A" "Mozilla/5.0 AppleWebKit/537.36 (KHTML, like Gecko; compatible; GPTBot/1.3; +https://openai.com/gptbot)"
74.7.227.152 - - [04/May/2026:13:08:10 +0000] "GET /hunar-usa/wp-includes/ID3/module.audio-video.riff.php.sorry HTTP/1.1" 500 - "https://www.thehunarfoundation.org/hunar-usa/wp-includes/ID3/?C=S;O=A" "Mozilla/5.0 AppleWebKit/537.36 (KHTML, like Gecko; compatible; GPTBot/1.3; +https://openai.com/gptbot)"
74.7.227.152 - - [04/May/2026:13:08:15 +0000] "GET /hunar-usa/wp-includes/ID3/module.audio-video.asf.php.sorry HTTP/1.1" 500 - "https://www.thehunarfoundation.org/hunar-usa/wp-includes/ID3/?C=S;O=A" "Mozilla/5.0 AppleWebKit/537.36 (KHTML, like Gecko; compatible; GPTBot/1.3; +https://openai.com/gptbot)"
74.7.227.152 - - [04/May/2026:13:08:30 +0000] "GET /hunar-usa/wp-includes/ID3/module.audio.flac.php.sorry HTTP/1.1" 500 - "https://www.thehunarfoundation.org/hunar-usa/wp-includes/ID3/?C=S;O=A" "Mozilla/5.0 AppleWebKit/537.36 (KHTML, like Gecko; compatible; GPTBot/1.3; +https://openai.com/gptbot)"
74.7.241.42 - - [04/May/2026:13:08:41 +0000] "GET /hunar-canada/wp-content/plugins/one-click-demo-import/vendor/awesomemotive/ HTTP/1.1" 200 990 "https://thehunarfoundation.org/hunar-canada/wp-content/plugins/one-click-demo-import/vendor/" "Mozilla/5.0 AppleWebKit/537.36 (KHTML, like Gecko; compatible; GPTBot/1.3; +https://openai.com/gptbot)"
74.7.227.152 - - [04/May/2026:13:09:12 +0000] "GET /hunar-usa/wp-content/themes/educavo/inc/footer/footer-subscribe.php.sorry HTTP/1.1" 500 - "https://www.thehunarfoundation.org/hunar-usa/wp-content/themes/educavo/inc/footer/?C=S;O=A" "Mozilla/5.0 AppleWebKit/537.36 (KHTML, like Gecko; compatible; GPTBot/1.3; +https://openai.com/gptbot)"
74.7.241.42 - - [04/May/2026:13:09:37 +0000] "GET /hunar-canada/wp-content/plugins/theplus_elementor_addon/includes/custom-nav-item/ HTTP/1.1" 200 1423 "https://thehunarfoundation.org/hunar-canada/wp-content/plugins/theplus_elementor_addon/includes/" "Mozilla/5.0 AppleWebKit/537.36 (KHTML, like Gecko; compatible; GPTBot/1.3; +https://openai.com/gptbot)"
74.7.227.152 - - [04/May/2026:13:10:18 +0000] "GET /hunar-usa/wp-includes/ID3/module.audio.ogg.php.sorry HTTP/1.1" 500 - "https://www.thehunarfoundation.org/hunar-usa/wp-includes/ID3/?C=S;O=A" "Mozilla/5.0 AppleWebKit/537.36 (KHTML, like Gecko; compatible; GPTBot/1.3; +https://openai.com/gptbot)"
74.7.241.42 - - [04/May/2026:13:10:27 +0000] "GET /hunar-canada/wp-content/plugins/theplus_elementor_addon/includes/dynamic-listing/dl-category-style-2.php.sorry HTTP/1.1" 200 2621 "https://thehunarfoundation.org/hunar-canada/wp-content/plugins/theplus_elementor_addon/includes/dynamic-listing/" "Mozilla/5.0 AppleWebKit/537.36 (KHTML, like Gecko; compatible; GPTBot/1.3; +https://openai.com/gptbot)"
74.7.241.42 - - [04/May/2026:13:11:11 +0000] "GET /hunar-canada/wp-content/plugins/theplus_elementor_addon/includes/dynamic-listing/dl-category-style-1.php.sorry HTTP/1.1" 200 2892 "https://thehunarfoundation.org/hunar-canada/wp-content/plugins/theplus_elementor_addon/includes/dynamic-listing/" "Mozilla/5.0 AppleWebKit/537.36 (KHTML, like Gecko; compatible; GPTBot/1.3; +https://openai.com/gptbot)"
74.7.227.152 - - [04/May/2026:13:11:22 +0000] "GET /hunar-usa/wp-includes/ID3/module.audio.mp3.php.sorry HTTP/1.1" 500 - "https://www.thehunarfoundation.org/hunar-usa/wp-includes/ID3/?C=S;O=A" "Mozilla/5.0 AppleWebKit/537.36 (KHTML, like Gecko; compatible; GPTBot/1.3; +https://openai.com/gptbot)"
74.7.241.42 - - [04/May/2026:13:11:52 +0000] "GET /hunar-canada/wp-content/plugins/theplus_elementor_addon/modules/enqueue/WPML/Tp_Info_Box.php.sorry HTTP/1.1" 200 3695 "https://thehunarfoundation.org/hunar-canada/wp-content/plugins/theplus_elementor_addon/modules/enqueue/WPML/" "Mozilla/5.0 AppleWebKit/537.36 (KHTML, like Gecko; compatible; GPTBot/1.3; +https://openai.com/gptbot)"
74.7.227.152 - - [04/May/2026:13:12:23 +0000] "GET /hunar-usa/wp-includes/ID3/module.audio-video.matroska.php.sorry HTTP/1.1" 500 - "https://www.thehunarfoundation.org/hunar-usa/wp-includes/ID3/?C=S;O=A" "Mozilla/5.0 AppleWebKit/537.36 (KHTML, like Gecko; compatible; GPTBot/1.3; +https://openai.com/gptbot)"
74.7.241.42 - - [04/May/2026:13:12:30 +0000] "GET /hunar-canada/wp-content/plugins/theplus_elementor_addon/modules/widgets/tp_social_icon.php.sorry HTTP/1.1" 500 - "https://thehunarfoundation.org/hunar-canada/wp-content/plugins/theplus_elementor_addon/modules/widgets/" "Mozilla/5.0 AppleWebKit/537.36 (KHTML, like Gecko; compatible; GPTBot/1.3; +https://openai.com/gptbot)"
74.7.241.42 - - [04/May/2026:13:13:02 +0000] "GET /hunar-canada/wp-content/plugins/theplus_elementor_addon/modules/widgets/tp_post_search.php.sorry HTTP/1.1" 500 - "https://thehunarfoundation.org/hunar-canada/wp-content/plugins/theplus_elementor_addon/modules/widgets/" "Mozilla/5.0 AppleWebKit/537.36 (KHTML, like Gecko; compatible; GPTBot/1.3; +https://openai.com/gptbot)"
74.7.227.152 - - [04/May/2026:13:13:27 +0000] "GET /hunar-usa/wp-includes/ID3/getid3.lib.php.sorry HTTP/1.1" 500 - "https://www.thehunarfoundation.org/hunar-usa/wp-includes/ID3/?C=S;O=A" "Mozilla/5.0 AppleWebKit/537.36 (KHTML, like Gecko; compatible; GPTBot/1.3; +https://openai.com/gptbot)"
74.7.241.42 - - [04/May/2026:13:14:03 +0000] "GET /hunar-canada/wp-content/plugins/theplus_elementor_addon/includes/vendor/google/apiclient/src/Google/?C=S;O=A HTTP/1.1" 200 3050 "https://thehunarfoundation.org/hunar-canada/wp-content/plugins/theplus_elementor_addon/includes/vendor/google/apiclient/src/Google/" "Mozilla/5.0 AppleWebKit/537.36 (KHTML, like Gecko; compatible; GPTBot/1.3; +https://openai.com/gptbot)"
74.7.227.152 - - [04/May/2026:13:14:30 +0000] "GET /hunar-usa/wp-includes/ID3/module.audio-video.quicktime.php.sorry HTTP/1.1" 500 - "https://www.thehunarfoundation.org/hunar-usa/wp-includes/ID3/?C=S;O=A" "Mozilla/5.0 AppleWebKit/537.36 (KHTML, like Gecko; compatible; GPTBot/1.3; +https://openai.com/gptbot)"
74.7.241.42 - - [04/May/2026:13:15:09 +0000] "GET /hunar-canada/wp-content/plugins/theplus_elementor_addon/modules/widgets/tp_design_tool.php.sorry HTTP/1.1" 200 11804 "https://thehunarfoundation.org/hunar-canada/wp-content/plugins/theplus_elementor_addon/modules/widgets/" "Mozilla/5.0 AppleWebKit/537.36 (KHTML, like Gecko; compatible; GPTBot/1.3; +https://openai.com/gptbot)"
74.7.227.152 - - [04/May/2026:13:15:35 +0000] "GET /hunar-usa/wp-includes/ID3/?C=D;O=D HTTP/1.1" 200 4406 "https://www.thehunarfoundation.org/hunar-usa/wp-includes/ID3/?C=D;O=A" "Mozilla/5.0 AppleWebKit/537.36 (KHTML, like Gecko; compatible; GPTBot/1.3; +https://openai.com/gptbot)"
74.7.241.42 - - [04/May/2026:13:16:03 +0000] "GET /hunar-canada/wp-content/plugins/theplus_elementor_addon/modules/widgets/tp_mobile_menu.php.sorry HTTP/1.1" 500 - "https://thehunarfoundation.org/hunar-canada/wp-content/plugins/theplus_elementor_addon/modules/widgets/" "Mozilla/5.0 AppleWebKit/537.36 (KHTML, like Gecko; compatible; GPTBot/1.3; +https://openai.com/gptbot)"
74.7.227.152 - - [04/May/2026:13:16:38 +0000] "GET /hunar-usa/wp-includes/ID3/?C=S;O=D HTTP/1.1" 200 4406 "https://www.thehunarfoundation.org/hunar-usa/wp-includes/ID3/?C=S;O=A" "Mozilla/5.0 AppleWebKit/537.36 (KHTML, like Gecko; compatible; GPTBot/1.3; +https://openai.com/gptbot)"
74.7.241.42 - - [04/May/2026:13:16:53 +0000] "GET /hunar-canada/wp-content/plugins/theplus_elementor_addon/modules/widgets/tp_social_feed.php.sorry HTTP/1.1" 500 - "https://thehunarfoundation.org/hunar-canada/wp-content/plugins/theplus_elementor_addon/modules/widgets/" "Mozilla/5.0 AppleWebKit/537.36 (KHTML, like Gecko; compatible; GPTBot/1.3; +https://openai.com/gptbot)"
74.7.227.152 - - [04/May/2026:13:17:35 +0000] "GET /hunar-usa/wp-includes/ID3/?C=M;O=D HTTP/1.1" 200 4406 "https://www.thehunarfoundation.org/hunar-usa/wp-includes/ID3/?C=M;O=A" "Mozilla/5.0 AppleWebKit/537.36 (KHTML, like Gecko; compatible; GPTBot/1.3; +https://openai.com/gptbot)"
74.7.241.42 - - [04/May/2026:13:17:56 +0000] "GET /hunar-canada/wp-content/plugins/theplus_elementor_addon/modules/widgets/tp_page_scroll.php.sorry HTTP/1.1" 500 - "https://thehunarfoundation.org/hunar-canada/wp-content/plugins/theplus_elementor_addon/modules/widgets/" "Mozilla/5.0 AppleWebKit/537.36 (KHTML, like Gecko; compatible; GPTBot/1.3; +https://openai.com/gptbot)"
74.7.227.152 - - [04/May/2026:13:18:28 +0000] "GET /hunar-usa/wp-includes/ID3/?C=N;O=A HTTP/1.1" 200 4406 "https://www.thehunarfoundation.org/hunar-usa/wp-includes/ID3/?C=S;O=A" "Mozilla/5.0 AppleWebKit/537.36 (KHTML, like Gecko; compatible; GPTBot/1.3; +https://openai.com/gptbot)"
74.7.241.42 - - [04/May/2026:13:18:57 +0000] "GET /hunar-canada/wp-content/plugins/theplus_elementor_addon/includes/custom-nav-item/plus-navigation-fields.php.sorry HTTP/1.1" 200 16181 "https://thehunarfoundation.org/hunar-canada/wp-content/plugins/theplus_elementor_addon/includes/custom-nav-item/" "Mozilla/5.0 AppleWebKit/537.36 (KHTML, like Gecko; compatible; GPTBot/1.3; +https://openai.com/gptbot)"
74.7.227.152 - - [04/May/2026:13:19:13 +0000] "GET /hunar-canada/wp-content/plugins/theplus_elementor_addon/includes/vendor/psr/http-message/?C=D;O=D HTTP/1.1" 200 1562 "https://www.thehunarfoundation.org/hunar-canada/wp-content/plugins/theplus_elementor_addon/includes/vendor/psr/http-message/?C=D;O=A" "Mozilla/5.0 AppleWebKit/537.36 (KHTML, like Gecko; compatible; GPTBot/1.3; +https://openai.com/gptbot)"
74.7.227.152 - - [04/May/2026:13:19:54 +0000] "GET /hunar-canada/wp-content/plugins/theplus_elementor_addon/includes/vendor/psr/http-message/?C=S;O=D HTTP/1.1" 200 1562 "https://www.thehunarfoundation.org/hunar-canada/wp-content/plugins/theplus_elementor_addon/includes/vendor/psr/http-message/?C=S;O=A" "Mozilla/5.0 AppleWebKit/537.36 (KHTML, like Gecko; compatible; GPTBot/1.3; +https://openai.com/gptbot)"
74.7.241.42 - - [04/May/2026:13:19:58 +0000] "GET /hunar-canada/wp-content/plugins/theplus_elementor_addon/includes/custom-nav-item/menu-item-custom-fields.php.sorry HTTP/1.1" 200 3370 "https://thehunarfoundation.org/hunar-canada/wp-content/plugins/theplus_elementor_addon/includes/custom-nav-item/" "Mozilla/5.0 AppleWebKit/537.36 (KHTML, like Gecko; compatible; GPTBot/1.3; +https://openai.com/gptbot)"
74.7.227.152 - - [04/May/2026:13:20:32 +0000] "GET /hunar-canada/wp-content/plugins/theplus_elementor_addon/includes/vendor/psr/http-message/?C=M;O=D HTTP/1.1" 200 1562 "https://www.thehunarfoundation.org/hunar-canada/wp-content/plugins/theplus_elementor_addon/includes/vendor/psr/http-message/?C=M;O=A" "Mozilla/5.0 AppleWebKit/537.36 (KHTML, like Gecko; compatible; GPTBot/1.3; +https://openai.com/gptbot)"
74.7.241.42 - - [04/May/2026:13:20:56 +0000] "GET /hunar-canada/wp-content/plugins/theplus_elementor_addon/includes/custom-nav-item/walker-nav-menu-edit.php.sorry HTTP/1.1" 200 4781 "https://thehunarfoundation.org/hunar-canada/wp-content/plugins/theplus_elementor_addon/includes/custom-nav-item/" "Mozilla/5.0 AppleWebKit/537.36 (KHTML, like Gecko; compatible; GPTBot/1.3; +https://openai.com/gptbot)"
74.7.227.152 - - [04/May/2026:13:21:06 +0000] "GET /hunar-canada/wp-content/plugins/theplus_elementor_addon/includes/vendor/psr/http-message/?C=N;O=A HTTP/1.1" 200 1562 "https://www.thehunarfoundation.org/hunar-canada/wp-content/plugins/theplus_elementor_addon/includes/vendor/psr/http-message/?C=D;O=A" "Mozilla/5.0 AppleWebKit/537.36 (KHTML, like Gecko; compatible; GPTBot/1.3; +https://openai.com/gptbot)"
74.7.227.152 - - [04/May/2026:13:21:36 +0000] "GET /hunar-usa/wp-content/plugins/redux-framework/redux-core/inc/fields/color_gradient/?C=M;O=A HTTP/1.1" 200 2410 "https://www.thehunarfoundation.org/hunar-usa/wp-content/plugins/redux-framework/redux-core/inc/fields/color_gradient/" "Mozilla/5.0 AppleWebKit/537.36 (KHTML, like Gecko; compatible; GPTBot/1.3; +https://openai.com/gptbot)"
74.7.241.42 - - [04/May/2026:13:21:49 +0000] "GET /hunar-canada/wp-content/plugins/theplus_elementor_addon/modules/widgets/tp_wp_login_register.php.sorry HTTP/1.1" 500 - "https://thehunarfoundation.org/hunar-canada/wp-content/plugins/theplus_elementor_addon/modules/widgets/" "Mozilla/5.0 AppleWebKit/537.36 (KHTML, like Gecko; compatible; GPTBot/1.3; +https://openai.com/gptbot)"
74.7.228.30 - - [04/May/2026:13:21:50 +0000] "GET /robots.txt HTTP/1.1" 200 11529 "-" "Mozilla/5.0 (Macintosh; Intel Mac OS X 10_15_7) AppleWebKit/537.36 (KHTML, like Gecko) Chrome/131.0.0.0 Safari/537.36; compatible; OAI-SearchBot/1.3; robots.txt; +https://openai.com/searchbot"
74.7.227.152 - - [04/May/2026:13:22:02 +0000] "GET /hunar-canada/wp-content/plugins/redux-framework/redux-core/inc/validation/js/?C=N;O=A HTTP/1.1" 200 1205 "https://www.thehunarfoundation.org/hunar-canada/wp-content/plugins/redux-framework/redux-core/inc/validation/js/?C=S;O=A" "Mozilla/5.0 AppleWebKit/537.36 (KHTML, like Gecko; compatible; GPTBot/1.3; +https://openai.com/gptbot)"
74.7.227.152 - - [04/May/2026:13:22:27 +0000] "GET /hunar-canada/wp-content/plugins/redux-framework/redux-core/inc/validation/js/?C=N;O=D HTTP/1.1" 200 1205 "https://www.thehunarfoundation.org/hunar-canada/wp-content/plugins/redux-framework/redux-core/inc/validation/js/" "Mozilla/5.0 AppleWebKit/537.36 (KHTML, like Gecko; compatible; GPTBot/1.3; +https://openai.com/gptbot)"
74.7.241.42 - - [04/May/2026:13:22:33 +0000] "GET /hunar-canada/wp-content/plugins/theplus_elementor_addon/modules/widgets/tp_circle_menu.php.sorry HTTP/1.1" 200 89580 "https://thehunarfoundation.org/hunar-canada/wp-content/plugins/theplus_elementor_addon/modules/widgets/" "Mozilla/5.0 AppleWebKit/537.36 (KHTML, like Gecko; compatible; GPTBot/1.3; +https://openai.com/gptbot)"
74.7.227.152 - - [04/May/2026:13:22:49 +0000] "GET /hunar-canada/wp-content/plugins/redux-framework/redux-core/inc/validation/js/?C=S;O=D HTTP/1.1" 200 1205 "https://www.thehunarfoundation.org/hunar-canada/wp-content/plugins/redux-framework/redux-core/inc/validation/js/?C=S;O=A" "Mozilla/5.0 AppleWebKit/537.36 (KHTML, like Gecko; compatible; GPTBot/1.3; +https://openai.com/gptbot)"
74.7.227.152 - - [04/May/2026:13:23:09 +0000] "GET /hunar-usa/wp-content/plugins/redux-framework/redux-core/inc/fields/color_gradient/?C=D;O=A HTTP/1.1" 200 2410 "https://www.thehunarfoundation.org/hunar-usa/wp-content/plugins/redux-framework/redux-core/inc/fields/color_gradient/" "Mozilla/5.0 AppleWebKit/537.36 (KHTML, like Gecko; compatible; GPTBot/1.3; +https://openai.com/gptbot)"
74.7.227.152 - - [04/May/2026:13:23:26 +0000] "GET /hunar-canada/wp-content/plugins/redux-framework/redux-core/inc/validation/no_html/?C=D;O=A HTTP/1.1" 200 1220 "https://www.thehunarfoundation.org/hunar-canada/wp-content/plugins/redux-framework/redux-core/inc/validation/no_html/" "Mozilla/5.0 AppleWebKit/537.36 (KHTML, like Gecko; compatible; GPTBot/1.3; +https://openai.com/gptbot)"
74.7.241.42 - - [04/May/2026:13:23:34 +0000] "GET /hunar-canada/wp-content/plugins/theplus_elementor_addon/modules/widgets/tp_post_author.php.sorry HTTP/1.1" 500 - "https://thehunarfoundation.org/hunar-canada/wp-content/plugins/theplus_elementor_addon/modules/widgets/" "Mozilla/5.0 AppleWebKit/537.36 (KHTML, like Gecko; compatible; GPTBot/1.3; +https://openai.com/gptbot)"
74.7.227.152 - - [04/May/2026:13:23:42 +0000] "GET /hunar-usa/wp-content/plugins/redux-framework/redux-core/inc/fields/color_gradient/?C=S;O=A HTTP/1.1" 200 2410 "https://www.thehunarfoundation.org/hunar-usa/wp-content/plugins/redux-framework/redux-core/inc/fields/color_gradient/" "Mozilla/5.0 AppleWebKit/537.36 (KHTML, like Gecko; compatible; GPTBot/1.3; +https://openai.com/gptbot)"
74.7.227.152 - - [04/May/2026:13:23:57 +0000] "GET /hunar-canada/wp-content/plugins/redux-framework/redux-core/inc/validation/no_html/?C=N;O=D HTTP/1.1" 200 1220 "https://www.thehunarfoundation.org/hunar-canada/wp-content/plugins/redux-framework/redux-core/inc/validation/no_html/" "Mozilla/5.0 AppleWebKit/537.36 (KHTML, like Gecko; compatible; GPTBot/1.3; +https://openai.com/gptbot)"
74.7.227.152 - - [04/May/2026:13:24:10 +0000] "GET /hunar-canada/wp-content/plugins/redux-framework/redux-core/inc/validation/no_html/?C=M;O=A HTTP/1.1" 200 1220 "https://www.thehunarfoundation.org/hunar-canada/wp-content/plugins/redux-framework/redux-core/inc/validation/no_html/" "Mozilla/5.0 AppleWebKit/537.36 (KHTML, like Gecko; compatible; GPTBot/1.3; +https://openai.com/gptbot)"
74.7.227.152 - - [04/May/2026:13:24:21 +0000] "GET /hunar-usa/wp-content/plugins/redux-framework/redux-core/inc/fields/color_gradient/?C=N;O=D HTTP/1.1" 200 2410 "https://www.thehunarfoundation.org/hunar-usa/wp-content/plugins/redux-framework/redux-core/inc/fields/color_gradient/" "Mozilla/5.0 AppleWebKit/537.36 (KHTML, like Gecko; compatible; GPTBot/1.3; +https://openai.com/gptbot)"
74.7.241.42 - - [04/May/2026:13:24:29 +0000] "GET /hunar-canada/wp-content/plugins/theplus_elementor_addon/modules/enqueue/WPML/Tp_Flip_Box.php.sorry HTTP/1.1" 200 3681 "https://thehunarfoundation.org/hunar-canada/wp-content/plugins/theplus_elementor_addon/modules/enqueue/WPML/" "Mozilla/5.0 AppleWebKit/537.36 (KHTML, like Gecko; compatible; GPTBot/1.3; +https://openai.com/gptbot)"
74.7.227.152 - - [04/May/2026:13:24:31 +0000] "GET /hunar-canada/wp-content/plugins/redux-framework/redux-core/inc/validation/js/?C=M;O=A HTTP/1.1" 200 1205 "https://www.thehunarfoundation.org/hunar-canada/wp-content/plugins/redux-framework/redux-core/inc/validation/js/" "Mozilla/5.0 AppleWebKit/537.36 (KHTML, like Gecko; compatible; GPTBot/1.3; +https://openai.com/gptbot)"
74.7.227.152 - - [04/May/2026:13:24:41 +0000] "GET /hunar-usa/wp-content/plugins/redux-framework/redux-core/inc/fields/color_gradient/class-redux-color-gradient.php.sorry HTTP/1.1" 500 - "https://www.thehunarfoundation.org/hunar-usa/wp-content/plugins/redux-framework/redux-core/inc/fields/color_gradient/?C=M;O=A" "Mozilla/5.0 AppleWebKit/537.36 (KHTML, like Gecko; compatible; GPTBot/1.3; +https://openai.com/gptbot)"
74.7.227.152 - - [04/May/2026:13:24:49 +0000] "GET /hunar-usa/wp-content/plugins/redux-framework/redux-core/inc/fields/color_gradient/?C=N;O=A HTTP/1.1" 200 2410 "https://www.thehunarfoundation.org/hunar-usa/wp-content/plugins/redux-framework/redux-core/inc/fields/color_gradient/?C=M;O=A" "Mozilla/5.0 AppleWebKit/537.36 (KHTML, like Gecko; compatible; GPTBot/1.3; +https://openai.com/gptbot)"
74.7.227.152 - - [04/May/2026:13:25:14 +0000] "GET /hunar-usa/wp-content/plugins/redux-framework/redux-core/inc/fields/color_gradient/?C=M;O=D HTTP/1.1" 200 2410 "https://www.thehunarfoundation.org/hunar-usa/wp-content/plugins/redux-framework/redux-core/inc/fields/color_gradient/?C=M;O=A" "Mozilla/5.0 AppleWebKit/537.36 (KHTML, like Gecko; compatible; GPTBot/1.3; +https://openai.com/gptbot)"
74.7.241.42 - - [04/May/2026:13:25:29 +0000] "GET /hunar-canada/wp-content/plugins/theplus_elementor_addon/includes/vendor/google/apiclient-services/src/Google/ HTTP/1.1" 200 1084 "https://thehunarfoundation.org/hunar-canada/wp-content/plugins/theplus_elementor_addon/includes/vendor/google/apiclient-services/src/" "Mozilla/5.0 AppleWebKit/537.36 (KHTML, like Gecko; compatible; GPTBot/1.3; +https://openai.com/gptbot)"
74.7.227.152 - - [04/May/2026:13:25:38 +0000] "GET /hunar-canada/wp-content/plugins/redux-framework/redux-core/inc/validation/js/?C=D;O=A HTTP/1.1" 200 1205 "https://www.thehunarfoundation.org/hunar-canada/wp-content/plugins/redux-framework/redux-core/inc/validation/js/" "Mozilla/5.0 AppleWebKit/537.36 (KHTML, like Gecko; compatible; GPTBot/1.3; +https://openai.com/gptbot)"
74.7.227.152 - - [04/May/2026:13:25:58 +0000] "GET /hunar-usa/wp-content/plugins/redux-framework/redux-core/inc/fields/color_gradient/?C=D;O=D HTTP/1.1" 200 2410 "https://www.thehunarfoundation.org/hunar-usa/wp-content/plugins/redux-framework/redux-core/inc/fields/color_gradient/?C=D;O=A" "Mozilla/5.0 AppleWebKit/537.36 (KHTML, like Gecko; compatible; GPTBot/1.3; +https://openai.com/gptbot)"
74.7.227.152 - - [04/May/2026:13:26:18 +0000] "GET /hunar-canada/wp-content/plugins/redux-framework/redux-core/inc/validation/no_html/?C=D;O=D HTTP/1.1" 200 1220 "https://www.thehunarfoundation.org/hunar-canada/wp-content/plugins/redux-framework/redux-core/inc/validation/no_html/?C=D;O=A" "Mozilla/5.0 AppleWebKit/537.36 (KHTML, like Gecko; compatible; GPTBot/1.3; +https://openai.com/gptbot)"
74.7.241.42 - - [04/May/2026:13:26:27 +0000] "GET /hunar-canada/wp-content/plugins/theplus_elementor_addon/modules/widgets/tp_woo_thank_you.php.sorry HTTP/1.1" 200 74135 "https://thehunarfoundation.org/hunar-canada/wp-content/plugins/theplus_elementor_addon/modules/widgets/" "Mozilla/5.0 AppleWebKit/537.36 (KHTML, like Gecko; compatible; GPTBot/1.3; +https://openai.com/gptbot)"
74.7.227.152 - - [04/May/2026:13:26:34 +0000] "GET /hunar-canada/wp-content/plugins/redux-framework/redux-core/inc/validation/no_html/?C=N;O=A HTTP/1.1" 200 1220 "https://www.thehunarfoundation.org/hunar-canada/wp-content/plugins/redux-framework/redux-core/inc/validation/no_html/?C=D;O=A" "Mozilla/5.0 AppleWebKit/537.36 (KHTML, like Gecko; compatible; GPTBot/1.3; +https://openai.com/gptbot)"
74.7.227.152 - - [04/May/2026:13:26:50 +0000] "GET /hunar-usa/wp-content/plugins/redux-framework/redux-core/inc/fields/color_gradient/?C=S;O=D HTTP/1.1" 200 2410 "https://www.thehunarfoundation.org/hunar-usa/wp-content/plugins/redux-framework/redux-core/inc/fields/color_gradient/?C=S;O=A" "Mozilla/5.0 AppleWebKit/537.36 (KHTML, like Gecko; compatible; GPTBot/1.3; +https://openai.com/gptbot)"
74.7.227.152 - - [04/May/2026:13:27:03 +0000] "GET /hunar-canada/wp-content/plugins/redux-framework/redux-core/inc/validation/no_html/?C=M;O=D HTTP/1.1" 200 1220 "https://www.thehunarfoundation.org/hunar-canada/wp-content/plugins/redux-framework/redux-core/inc/validation/no_html/?C=M;O=A" "Mozilla/5.0 AppleWebKit/537.36 (KHTML, like Gecko; compatible; GPTBot/1.3; +https://openai.com/gptbot)"
74.7.227.152 - - [04/May/2026:13:27:15 +0000] "GET /hunar-canada/wp-content/plugins/redux-framework/redux-core/inc/validation/no_html/?C=S;O=A HTTP/1.1" 200 1220 "https://www.thehunarfoundation.org/hunar-canada/wp-content/plugins/redux-framework/redux-core/inc/validation/no_html/" "Mozilla/5.0 AppleWebKit/537.36 (KHTML, like Gecko; compatible; GPTBot/1.3; +https://openai.com/gptbot)"
74.7.241.42 - - [04/May/2026:13:27:19 +0000] "GET /hunar-canada/wp-content/plugins/one-click-demo-import/languages/ HTTP/1.1" 200 972 "https://thehunarfoundation.org/hunar-canada/wp-content/plugins/one-click-demo-import/" "Mozilla/5.0 AppleWebKit/537.36 (KHTML, like Gecko; compatible; GPTBot/1.3; +https://openai.com/gptbot)"
74.7.227.152 - - [04/May/2026:13:27:27 +0000] "GET /hunar-canada/wp-content/plugins/redux-framework/redux-core/inc/validation/js/?C=M;O=D HTTP/1.1" 200 1205 "https://www.thehunarfoundation.org/hunar-canada/wp-content/plugins/redux-framework/redux-core/inc/validation/js/?C=M;O=A" "Mozilla/5.0 AppleWebKit/537.36 (KHTML, like Gecko; compatible; GPTBot/1.3; +https://openai.com/gptbot)"
74.7.227.152 - - [04/May/2026:13:27:37 +0000] "GET /hunar-canada/wp-content/plugins/redux-framework/redux-templates/src/components/single-item/?C=S;O=A HTTP/1.1" 200 1392 "https://www.thehunarfoundation.org/hunar-canada/wp-content/plugins/redux-framework/redux-templates/src/components/single-item/" "Mozilla/5.0 AppleWebKit/537.36 (KHTML, like Gecko; compatible; GPTBot/1.3; +https://openai.com/gptbot)"
74.7.227.152 - - [04/May/2026:13:27:46 +0000] "GET /hunar-canada/wp-content/plugins/redux-framework/redux-templates/src/components/single-item/?C=D;O=A HTTP/1.1" 200 1392 "https://www.thehunarfoundation.org/hunar-canada/wp-content/plugins/redux-framework/redux-templates/src/components/single-item/" "Mozilla/5.0 AppleWebKit/537.36 (KHTML, like Gecko; compatible; GPTBot/1.3; +https://openai.com/gptbot)"
74.7.227.152 - - [04/May/2026:13:27:54 +0000] "GET /hunar-canada/wp-content/plugins/redux-framework/redux-templates/src/components/single-item/?C=N;O=D HTTP/1.1" 200 1392 "https://www.thehunarfoundation.org/hunar-canada/wp-content/plugins/redux-framework/redux-templates/src/components/single-item/" "Mozilla/5.0 AppleWebKit/537.36 (KHTML, like Gecko; compatible; GPTBot/1.3; +https://openai.com/gptbot)"
74.7.227.152 - - [04/May/2026:13:28:01 +0000] "GET /hunar-canada/wp-content/plugins/redux-framework/redux-core/inc/validation/js/?C=D;O=D HTTP/1.1" 200 1205 "https://www.thehunarfoundation.org/hunar-canada/wp-content/plugins/redux-framework/redux-core/inc/validation/js/?C=D;O=A" "Mozilla/5.0 AppleWebKit/537.36 (KHTML, like Gecko; compatible; GPTBot/1.3; +https://openai.com/gptbot)"
74.7.241.42 - - [04/May/2026:13:28:07 +0000] "GET /hunar-canada/wp-content/plugins/theplus_elementor_addon/includes/vendor/google/auth/src/CacheTrait.php.sorry HTTP/1.1" 200 4503 "https://thehunarfoundation.org/hunar-canada/wp-content/plugins/theplus_elementor_addon/includes/vendor/google/auth/src/" "Mozilla/5.0 AppleWebKit/537.36 (KHTML, like Gecko; compatible; GPTBot/1.3; +https://openai.com/gptbot)"
74.7.227.152 - - [04/May/2026:13:28:07 +0000] "GET /hunar-canada/wp-content/plugins/redux-framework/redux-templates/src/components/single-item/?C=M;O=A HTTP/1.1" 200 1392 "https://www.thehunarfoundation.org/hunar-canada/wp-content/plugins/redux-framework/redux-templates/src/components/single-item/" "Mozilla/5.0 AppleWebKit/537.36 (KHTML, like Gecko; compatible; GPTBot/1.3; +https://openai.com/gptbot)"
74.7.227.152 - - [04/May/2026:13:28:18 +0000] "GET /hunar-usa/wp-content/plugins/theplus_elementor_addon/assets/js/main/table-content/?C=N;O=D HTTP/1.1" 200 1220 "https://www.thehunarfoundation.org/hunar-usa/wp-content/plugins/theplus_elementor_addon/assets/js/main/table-content/" "Mozilla/5.0 AppleWebKit/537.36 (KHTML, like Gecko; compatible; GPTBot/1.3; +https://openai.com/gptbot)"
74.7.227.152 - - [04/May/2026:13:28:23 +0000] "GET /hunar-usa/wp-content/plugins/theplus_elementor_addon/assets/js/main/table-content/?C=D;O=A HTTP/1.1" 200 1220 "https://www.thehunarfoundation.org/hunar-usa/wp-content/plugins/theplus_elementor_addon/assets/js/main/table-content/" "Mozilla/5.0 AppleWebKit/537.36 (KHTML, like Gecko; compatible; GPTBot/1.3; +https://openai.com/gptbot)"
