74.7.241.42 - - [04/May/2026:13:48:06 +0000] "GET /hunar-canada/wp-content/plugins/the-plus-addons-for-elementor-page-builder/modules/widgets/tp_everest_form.php.sorry HTTP/1.1" 500 - "https://thehunarfoundation.org/hunar-canada/wp-content/plugins/the-plus-addons-for-elementor-page-builder/modules/widgets/" "Mozilla/5.0 AppleWebKit/537.36 (KHTML, like Gecko; compatible; GPTBot/1.3; +https://openai.com/gptbot)"
74.7.241.42 - - [04/May/2026:13:49:01 +0000] "GET /hunar-canada/wp-content/plugins/the-plus-addons-for-elementor-page-builder/modules/widgets/tp_blockquote.php.sorry HTTP/1.1" 200 21535 "https://thehunarfoundation.org/hunar-canada/wp-content/plugins/the-plus-addons-for-elementor-page-builder/modules/widgets/" "Mozilla/5.0 AppleWebKit/537.36 (KHTML, like Gecko; compatible; GPTBot/1.3; +https://openai.com/gptbot)"
74.7.227.152 - - [04/May/2026:13:49:11 +0000] "GET /hunar-canada/wp-content/plugins/forminator/addons/pro/trello/lib/?C=N;O=A HTTP/1.1" 200 1442 "https://www.thehunarfoundation.org/hunar-canada/wp-content/plugins/forminator/addons/pro/trello/lib/?C=D;O=A" "Mozilla/5.0 AppleWebKit/537.36 (KHTML, like Gecko; compatible; GPTBot/1.3; +https://openai.com/gptbot)"
74.7.241.42 - - [04/May/2026:13:50:02 +0000] "GET /hunar-canada/wp-content/plugins/the-plus-addons-for-elementor-page-builder/modules/widgets/tp_accordion.php.sorry HTTP/1.1" 200 37998 "https://thehunarfoundation.org/hunar-canada/wp-content/plugins/the-plus-addons-for-elementor-page-builder/modules/widgets/" "Mozilla/5.0 AppleWebKit/537.36 (KHTML, like Gecko; compatible; GPTBot/1.3; +https://openai.com/gptbot)"
74.7.227.152 - - [04/May/2026:13:50:13 +0000] "GET /hunar-usa/wp-content/plugins/forminator/addons/pro/hubspot/views/?C=S;O=A HTTP/1.1" 200 1495 "https://www.thehunarfoundation.org/hunar-usa/wp-content/plugins/forminator/addons/pro/hubspot/views/" "Mozilla/5.0 AppleWebKit/537.36 (KHTML, like Gecko; compatible; GPTBot/1.3; +https://openai.com/gptbot)"
74.7.241.42 - - [04/May/2026:13:50:58 +0000] "GET /hunar-canada/wp-content/plugins/the-plus-addons-for-elementor-page-builder/modules/widgets/tp_post_author.php.sorry HTTP/1.1" 200 25429 "https://thehunarfoundation.org/hunar-canada/wp-content/plugins/the-plus-addons-for-elementor-page-builder/modules/widgets/" "Mozilla/5.0 AppleWebKit/537.36 (KHTML, like Gecko; compatible; GPTBot/1.3; +https://openai.com/gptbot)"
74.7.227.152 - - [04/May/2026:13:51:09 +0000] "GET /hunar-usa/wp-content/plugins/forminator/addons/pro/aweber/assets/?C=S;O=A HTTP/1.1" 200 1122 "https://www.thehunarfoundation.org/hunar-usa/wp-content/plugins/forminator/addons/pro/aweber/assets/" "Mozilla/5.0 AppleWebKit/537.36 (KHTML, like Gecko; compatible; GPTBot/1.3; +https://openai.com/gptbot)"
74.7.241.42 - - [04/May/2026:13:51:47 +0000] "GET /hunar-canada/wp-content/plugins/the-plus-addons-for-elementor-page-builder/modules/widgets/tp_hovercard.php.sorry HTTP/1.1" 500 - "https://thehunarfoundation.org/hunar-canada/wp-content/plugins/the-plus-addons-for-elementor-page-builder/modules/widgets/" "Mozilla/5.0 AppleWebKit/537.36 (KHTML, like Gecko; compatible; GPTBot/1.3; +https://openai.com/gptbot)"
185.231.100.76 - - [04/May/2026:13:51:52 +0000] "GET /robots.txt HTTP/1.1" 200 11535 "-" "Mozilla/5.0 (compatible; MJ12bot/v1.4.8; http://mj12bot.com/)"
185.231.100.76 - - [04/May/2026:13:51:54 +0000] "GET /hunar-canada/wp-content/themes/?C=M;O=D HTTP/1.1" 200 1581 "-" "Mozilla/5.0 (compatible; MJ12bot/v1.4.8; http://mj12bot.com/)"
185.231.100.76 - - [04/May/2026:13:51:56 +0000] "GET /hunar-canada/wp-includes/ID3/module.audio-video.asf.php.sorry HTTP/1.1" 500 - "-" "Mozilla/5.0 (compatible; MJ12bot/v1.4.8; http://mj12bot.com/)"
185.231.100.76 - - [04/May/2026:13:51:58 +0000] "GET /hunar-canada/wp-includes/ID3/module.audio-video.flv.php.sorry HTTP/1.1" 500 - "-" "Mozilla/5.0 (compatible; MJ12bot/v1.4.8; http://mj12bot.com/)"
74.7.227.152 - - [04/May/2026:13:51:58 +0000] "GET /hunar-usa/wp-content/plugins/forminator/addons/pro/hubspot/views/?C=D;O=A HTTP/1.1" 200 1495 "https://www.thehunarfoundation.org/hunar-usa/wp-content/plugins/forminator/addons/pro/hubspot/views/" "Mozilla/5.0 AppleWebKit/537.36 (KHTML, like Gecko; compatible; GPTBot/1.3; +https://openai.com/gptbot)"
185.231.100.76 - - [04/May/2026:13:52:00 +0000] "GET /hunar-canada/wp-includes/ID3/module.audio-video.matroska.php.sorry HTTP/1.1" 500 - "-" "Mozilla/5.0 (compatible; MJ12bot/v1.4.8; http://mj12bot.com/)"
185.231.100.76 - - [04/May/2026:13:52:02 +0000] "GET /hunar-canada/wp-includes/ID3/module.audio-video.quicktime.php.sorry HTTP/1.1" 500 - "-" "Mozilla/5.0 (compatible; MJ12bot/v1.4.8; http://mj12bot.com/)"
185.231.100.76 - - [04/May/2026:13:52:05 +0000] "GET /hunar-canada/wp-includes/ID3/module.audio-video.riff.php.sorry HTTP/1.1" 500 - "-" "Mozilla/5.0 (compatible; MJ12bot/v1.4.8; http://mj12bot.com/)"
185.231.100.76 - - [04/May/2026:13:52:07 +0000] "GET /hunar-canada/wp-includes/ID3/module.audio.ac3.php.sorry HTTP/1.1" 500 - "-" "Mozilla/5.0 (compatible; MJ12bot/v1.4.8; http://mj12bot.com/)"
185.231.100.76 - - [04/May/2026:13:52:09 +0000] "GET /hunar-canada/wp-includes/ID3/module.audio.dts.php.sorry HTTP/1.1" 200 13223 "-" "Mozilla/5.0 (compatible; MJ12bot/v1.4.8; http://mj12bot.com/)"
185.231.100.76 - - [04/May/2026:13:52:11 +0000] "GET /hunar-canada/wp-includes/ID3/module.audio.flac.php.sorry HTTP/1.1" 200 22006 "-" "Mozilla/5.0 (compatible; MJ12bot/v1.4.8; http://mj12bot.com/)"
185.231.100.76 - - [04/May/2026:13:52:13 +0000] "GET /hunar-canada/wp-includes/ID3/module.tag.lyrics3.php.sorry HTTP/1.1" 200 14068 "-" "Mozilla/5.0 (compatible; MJ12bot/v1.4.8; http://mj12bot.com/)"
185.231.100.76 - - [04/May/2026:13:52:15 +0000] "GET /hunar-canada/wp-includes/IXR/?C=N;O=D HTTP/1.1" 200 2661 "-" "Mozilla/5.0 (compatible; MJ12bot/v1.4.8; http://mj12bot.com/)"
185.231.100.76 - - [04/May/2026:13:52:16 +0000] "GET /hunar-canada/wp-includes/IXR/class-IXR-base64.php.sorry HTTP/1.1" 200 2751 "-" "Mozilla/5.0 (compatible; MJ12bot/v1.4.8; http://mj12bot.com/)"
185.231.100.76 - - [04/May/2026:13:52:18 +0000] "GET /hunar-canada/wp-includes/PHPMailer/PHPMailer.php.sorry HTTP/1.1" 500 - "-" "Mozilla/5.0 (compatible; MJ12bot/v1.4.8; http://mj12bot.com/)"
185.231.100.76 - - [04/May/2026:13:52:20 +0000] "GET /hunar-canada/wp-includes/PHPMailer/SMTP.php.sorry HTTP/1.1" 500 - "-" "Mozilla/5.0 (compatible; MJ12bot/v1.4.8; http://mj12bot.com/)"
185.231.100.76 - - [04/May/2026:13:52:23 +0000] "GET /hunar-canada/wp-includes/Requests/?C=D;O=A HTTP/1.1" 200 4306 "-" "Mozilla/5.0 (compatible; MJ12bot/v1.4.8; http://mj12bot.com/)"
185.231.100.76 - - [04/May/2026:13:52:24 +0000] "GET /hunar-canada/wp-includes/Requests/?C=M;O=A HTTP/1.1" 200 4306 "-" "Mozilla/5.0 (compatible; MJ12bot/v1.4.8; http://mj12bot.com/)"
185.231.100.76 - - [04/May/2026:13:52:26 +0000] "GET /hunar-canada/wp-includes/Requests/?C=N;O=D HTTP/1.1" 200 4306 "-" "Mozilla/5.0 (compatible; MJ12bot/v1.4.8; http://mj12bot.com/)"
185.231.100.76 - - [04/May/2026:13:52:28 +0000] "GET /hunar-canada/wp-includes/Requests/?C=S;O=A HTTP/1.1" 200 4306 "-" "Mozilla/5.0 (compatible; MJ12bot/v1.4.8; http://mj12bot.com/)"
185.231.100.76 - - [04/May/2026:13:52:29 +0000] "GET /hunar-canada/wp-includes/block-patterns/query-small-posts.php.sorry HTTP/1.1" 200 3542 "-" "Mozilla/5.0 (compatible; MJ12bot/v1.4.8; http://mj12bot.com/)"
185.231.100.76 - - [04/May/2026:13:52:31 +0000] "GET /hunar-canada/wp-includes/random_compat/random_bytes_com_dotnet.php.sorry HTTP/1.1" 200 5240 "-" "Mozilla/5.0 (compatible; MJ12bot/v1.4.8; http://mj12bot.com/)"
185.231.100.76 - - [04/May/2026:13:52:33 +0000] "GET /hunar-usa/wp-content/themes/?C=N;O=A HTTP/1.1" 200 1572 "-" "Mozilla/5.0 (compatible; MJ12bot/v1.4.8; http://mj12bot.com/)"
185.231.100.76 - - [04/May/2026:13:52:34 +0000] "GET /hunar-usa/wp-content/upgrade/?C=S;O=D HTTP/1.1" 200 667 "-" "Mozilla/5.0 (compatible; MJ12bot/v1.4.8; http://mj12bot.com/)"
74.7.241.42 - - [04/May/2026:13:52:34 +0000] "GET /hunar-canada/wp-content/plugins/the-plus-addons-for-elementor-page-builder/modules/widgets/tp_messagebox.php.sorry HTTP/1.1" 200 31639 "https://thehunarfoundation.org/hunar-canada/wp-content/plugins/the-plus-addons-for-elementor-page-builder/modules/widgets/" "Mozilla/5.0 AppleWebKit/537.36 (KHTML, like Gecko; compatible; GPTBot/1.3; +https://openai.com/gptbot)"
185.231.100.76 - - [04/May/2026:13:52:36 +0000] "GET /vendor/box/spout/?C=M;O=D HTTP/1.1" 200 1541 "-" "Mozilla/5.0 (compatible; MJ12bot/v1.4.8; http://mj12bot.com/)"
185.231.100.76 - - [04/May/2026:13:52:38 +0000] "GET /well-known/acme-challenge/c/b/?C=D;O=A HTTP/1.1" 200 2546 "-" "Mozilla/5.0 (compatible; MJ12bot/v1.4.8; http://mj12bot.com/)"
185.231.100.76 - - [04/May/2026:13:52:39 +0000] "GET /well-known/acme-challenge/c/b/?C=M;O=A HTTP/1.1" 200 2546 "-" "Mozilla/5.0 (compatible; MJ12bot/v1.4.8; http://mj12bot.com/)"
185.231.100.76 - - [04/May/2026:13:52:41 +0000] "GET /well-known/acme-challenge/c/b/?C=N;O=D HTTP/1.1" 200 2546 "-" "Mozilla/5.0 (compatible; MJ12bot/v1.4.8; http://mj12bot.com/)"
185.231.100.76 - - [04/May/2026:13:52:43 +0000] "GET /well-known/acme-challenge/c/b/?C=S;O=A HTTP/1.1" 200 2546 "-" "Mozilla/5.0 (compatible; MJ12bot/v1.4.8; http://mj12bot.com/)"
185.231.100.76 - - [04/May/2026:13:52:44 +0000] "GET /well-known/acme-challenge/c/c/?C=D;O=A HTTP/1.1" 200 2546 "-" "Mozilla/5.0 (compatible; MJ12bot/v1.4.8; http://mj12bot.com/)"
74.7.227.152 - - [04/May/2026:13:52:44 +0000] "GET /hunar-canada/wp-content/plugins/forminator/addons/pro/trello/lib/?C=S;O=A HTTP/1.1" 200 1442 "https://www.thehunarfoundation.org/hunar-canada/wp-content/plugins/forminator/addons/pro/trello/lib/" "Mozilla/5.0 AppleWebKit/537.36 (KHTML, like Gecko; compatible; GPTBot/1.3; +https://openai.com/gptbot)"
185.231.100.76 - - [04/May/2026:13:52:46 +0000] "GET /well-known/acme-challenge/c/c/?C=M;O=A HTTP/1.1" 200 2546 "-" "Mozilla/5.0 (compatible; MJ12bot/v1.4.8; http://mj12bot.com/)"
185.231.100.76 - - [04/May/2026:13:52:48 +0000] "GET /well-known/acme-challenge/c/c/?C=N;O=D HTTP/1.1" 200 2546 "-" "Mozilla/5.0 (compatible; MJ12bot/v1.4.8; http://mj12bot.com/)"
185.231.100.76 - - [04/May/2026:13:52:49 +0000] "GET /well-known/acme-challenge/c/c/?C=S;O=A HTTP/1.1" 200 2546 "-" "Mozilla/5.0 (compatible; MJ12bot/v1.4.8; http://mj12bot.com/)"
185.231.100.76 - - [04/May/2026:13:52:51 +0000] "GET /well-known/acme-challenge/c/d/?C=D;O=A HTTP/1.1" 200 2546 "-" "Mozilla/5.0 (compatible; MJ12bot/v1.4.8; http://mj12bot.com/)"
185.231.100.76 - - [04/May/2026:13:52:53 +0000] "GET /well-known/acme-challenge/c/d/?C=M;O=A HTTP/1.1" 200 2546 "-" "Mozilla/5.0 (compatible; MJ12bot/v1.4.8; http://mj12bot.com/)"
185.231.100.76 - - [04/May/2026:13:52:54 +0000] "GET /well-known/acme-challenge/c/d/?C=N;O=D HTTP/1.1" 200 2546 "-" "Mozilla/5.0 (compatible; MJ12bot/v1.4.8; http://mj12bot.com/)"
185.231.100.76 - - [04/May/2026:13:52:56 +0000] "GET /well-known/acme-challenge/c/d/?C=S;O=A HTTP/1.1" 200 2546 "-" "Mozilla/5.0 (compatible; MJ12bot/v1.4.8; http://mj12bot.com/)"
185.231.100.76 - - [04/May/2026:13:52:58 +0000] "GET /well-known/acme-challenge/c/e/?C=D;O=A HTTP/1.1" 200 2546 "-" "Mozilla/5.0 (compatible; MJ12bot/v1.4.8; http://mj12bot.com/)"
185.231.100.76 - - [04/May/2026:13:52:59 +0000] "GET /well-known/acme-challenge/c/e/?C=M;O=A HTTP/1.1" 200 2546 "-" "Mozilla/5.0 (compatible; MJ12bot/v1.4.8; http://mj12bot.com/)"
185.231.100.76 - - [04/May/2026:13:53:01 +0000] "GET /well-known/acme-challenge/c/e/?C=N;O=D HTTP/1.1" 200 2546 "-" "Mozilla/5.0 (compatible; MJ12bot/v1.4.8; http://mj12bot.com/)"
185.231.100.76 - - [04/May/2026:13:53:03 +0000] "GET /well-known/acme-challenge/c/e/?C=S;O=A HTTP/1.1" 200 2546 "-" "Mozilla/5.0 (compatible; MJ12bot/v1.4.8; http://mj12bot.com/)"
185.231.100.76 - - [04/May/2026:13:53:04 +0000] "GET /well-known/acme-challenge/c/f/?C=D;O=A HTTP/1.1" 200 2546 "-" "Mozilla/5.0 (compatible; MJ12bot/v1.4.8; http://mj12bot.com/)"
185.231.100.76 - - [04/May/2026:13:53:06 +0000] "GET /well-known/acme-challenge/c/f/?C=M;O=A HTTP/1.1" 200 2546 "-" "Mozilla/5.0 (compatible; MJ12bot/v1.4.8; http://mj12bot.com/)"
185.231.100.76 - - [04/May/2026:13:53:07 +0000] "GET /well-known/acme-challenge/c/f/?C=N;O=D HTTP/1.1" 200 2546 "-" "Mozilla/5.0 (compatible; MJ12bot/v1.4.8; http://mj12bot.com/)"
185.231.100.76 - - [04/May/2026:13:53:09 +0000] "GET /well-known/acme-challenge/c/f/?C=S;O=A HTTP/1.1" 200 2546 "-" "Mozilla/5.0 (compatible; MJ12bot/v1.4.8; http://mj12bot.com/)"
185.231.100.76 - - [04/May/2026:13:53:11 +0000] "GET /well-known/acme-challenge/c/g/?C=D;O=A HTTP/1.1" 200 2546 "-" "Mozilla/5.0 (compatible; MJ12bot/v1.4.8; http://mj12bot.com/)"
185.231.100.76 - - [04/May/2026:13:53:12 +0000] "GET /well-known/acme-challenge/c/g/?C=M;O=A HTTP/1.1" 200 2546 "-" "Mozilla/5.0 (compatible; MJ12bot/v1.4.8; http://mj12bot.com/)"
185.231.100.76 - - [04/May/2026:13:53:14 +0000] "GET /well-known/acme-challenge/c/g/?C=N;O=D HTTP/1.1" 200 2546 "-" "Mozilla/5.0 (compatible; MJ12bot/v1.4.8; http://mj12bot.com/)"
185.231.100.76 - - [04/May/2026:13:53:16 +0000] "GET /well-known/acme-challenge/c/g/?C=S;O=A HTTP/1.1" 200 2546 "-" "Mozilla/5.0 (compatible; MJ12bot/v1.4.8; http://mj12bot.com/)"
185.231.100.76 - - [04/May/2026:13:53:17 +0000] "GET /well-known/acme-challenge/c/h/?C=D;O=A HTTP/1.1" 200 2546 "-" "Mozilla/5.0 (compatible; MJ12bot/v1.4.8; http://mj12bot.com/)"
185.231.100.76 - - [04/May/2026:13:53:19 +0000] "GET /well-known/acme-challenge/c/h/?C=M;O=A HTTP/1.1" 200 2546 "-" "Mozilla/5.0 (compatible; MJ12bot/v1.4.8; http://mj12bot.com/)"
185.231.100.76 - - [04/May/2026:13:53:21 +0000] "GET /well-known/acme-challenge/c/h/?C=N;O=D HTTP/1.1" 200 2546 "-" "Mozilla/5.0 (compatible; MJ12bot/v1.4.8; http://mj12bot.com/)"
185.231.100.76 - - [04/May/2026:13:53:23 +0000] "GET /well-known/acme-challenge/c/h/?C=S;O=A HTTP/1.1" 200 2546 "-" "Mozilla/5.0 (compatible; MJ12bot/v1.4.8; http://mj12bot.com/)"
185.231.100.76 - - [04/May/2026:13:53:24 +0000] "GET /well-known/acme-challenge/c/i/?C=D;O=A HTTP/1.1" 200 2546 "-" "Mozilla/5.0 (compatible; MJ12bot/v1.4.8; http://mj12bot.com/)"
74.7.227.152 - - [04/May/2026:13:53:25 +0000] "GET /hunar-usa/wp-content/plugins/forminator/addons/pro/hubspot/views/?C=N;O=D HTTP/1.1" 200 1495 "https://www.thehunarfoundation.org/hunar-usa/wp-content/plugins/forminator/addons/pro/hubspot/views/" "Mozilla/5.0 AppleWebKit/537.36 (KHTML, like Gecko; compatible; GPTBot/1.3; +https://openai.com/gptbot)"
185.231.100.76 - - [04/May/2026:13:53:26 +0000] "GET /well-known/acme-challenge/c/i/?C=M;O=A HTTP/1.1" 200 2546 "-" "Mozilla/5.0 (compatible; MJ12bot/v1.4.8; http://mj12bot.com/)"
185.231.100.76 - - [04/May/2026:13:53:27 +0000] "GET /well-known/acme-challenge/c/i/?C=N;O=D HTTP/1.1" 200 2546 "-" "Mozilla/5.0 (compatible; MJ12bot/v1.4.8; http://mj12bot.com/)"
185.231.100.76 - - [04/May/2026:13:53:29 +0000] "GET /well-known/acme-challenge/c/i/?C=S;O=A HTTP/1.1" 200 2546 "-" "Mozilla/5.0 (compatible; MJ12bot/v1.4.8; http://mj12bot.com/)"
185.231.100.76 - - [04/May/2026:13:53:31 +0000] "GET /well-known/acme-challenge/c/j/?C=D;O=A HTTP/1.1" 200 2546 "-" "Mozilla/5.0 (compatible; MJ12bot/v1.4.8; http://mj12bot.com/)"
185.231.100.76 - - [04/May/2026:13:53:32 +0000] "GET /well-known/acme-challenge/c/j/?C=M;O=A HTTP/1.1" 200 2546 "-" "Mozilla/5.0 (compatible; MJ12bot/v1.4.8; http://mj12bot.com/)"
185.231.100.76 - - [04/May/2026:13:53:34 +0000] "GET /well-known/acme-challenge/c/j/?C=N;O=D HTTP/1.1" 200 2546 "-" "Mozilla/5.0 (compatible; MJ12bot/v1.4.8; http://mj12bot.com/)"
185.231.100.76 - - [04/May/2026:13:53:36 +0000] "GET /well-known/acme-challenge/c/j/?C=S;O=A HTTP/1.1" 200 2546 "-" "Mozilla/5.0 (compatible; MJ12bot/v1.4.8; http://mj12bot.com/)"
74.7.241.42 - - [04/May/2026:13:53:38 +0000] "GET /hunar-canada/wp-content/plugins/the-plus-addons-for-elementor-page-builder/modules/widgets/tp_post_content.php.sorry HTTP/1.1" 200 12200 "https://thehunarfoundation.org/hunar-canada/wp-content/plugins/the-plus-addons-for-elementor-page-builder/modules/widgets/" "Mozilla/5.0 AppleWebKit/537.36 (KHTML, like Gecko; compatible; GPTBot/1.3; +https://openai.com/gptbot)"
185.231.100.76 - - [04/May/2026:13:53:48 +0000] "GET /well-known/acme-challenge/c/k/?C=D;O=A HTTP/1.1" 200 2546 "-" "Mozilla/5.0 (compatible; MJ12bot/v1.4.8; http://mj12bot.com/)"
185.231.100.76 - - [04/May/2026:13:53:50 +0000] "GET /well-known/acme-challenge/c/k/?C=M;O=A HTTP/1.1" 200 2546 "-" "Mozilla/5.0 (compatible; MJ12bot/v1.4.8; http://mj12bot.com/)"
185.231.100.76 - - [04/May/2026:13:53:52 +0000] "GET /well-known/acme-challenge/c/k/?C=N;O=D HTTP/1.1" 200 2546 "-" "Mozilla/5.0 (compatible; MJ12bot/v1.4.8; http://mj12bot.com/)"
185.231.100.76 - - [04/May/2026:13:53:53 +0000] "GET /well-known/acme-challenge/c/k/?C=S;O=A HTTP/1.1" 200 2546 "-" "Mozilla/5.0 (compatible; MJ12bot/v1.4.8; http://mj12bot.com/)"
185.231.100.76 - - [04/May/2026:13:53:55 +0000] "GET /well-known/acme-challenge/d/?C=D;O=D HTTP/1.1" 200 2540 "-" "Mozilla/5.0 (compatible; MJ12bot/v1.4.8; http://mj12bot.com/)"
185.231.100.76 - - [04/May/2026:13:53:57 +0000] "GET /well-known/acme-challenge/d/a/?C=D;O=A HTTP/1.1" 200 2546 "-" "Mozilla/5.0 (compatible; MJ12bot/v1.4.8; http://mj12bot.com/)"
185.231.100.76 - - [04/May/2026:13:53:58 +0000] "GET /well-known/acme-challenge/d/a/?C=M;O=A HTTP/1.1" 200 2546 "-" "Mozilla/5.0 (compatible; MJ12bot/v1.4.8; http://mj12bot.com/)"
185.231.100.76 - - [04/May/2026:13:54:00 +0000] "GET /well-known/acme-challenge/d/a/?C=N;O=D HTTP/1.1" 200 2546 "-" "Mozilla/5.0 (compatible; MJ12bot/v1.4.8; http://mj12bot.com/)"
185.231.100.76 - - [04/May/2026:13:54:01 +0000] "GET /well-known/acme-challenge/d/a/?C=S;O=A HTTP/1.1" 200 2546 "-" "Mozilla/5.0 (compatible; MJ12bot/v1.4.8; http://mj12bot.com/)"
74.7.227.152 - - [04/May/2026:13:54:02 +0000] "GET /hunar-usa/wp-content/plugins/forminator/addons/pro/aweber/assets/?C=D;O=A HTTP/1.1" 200 1122 "https://www.thehunarfoundation.org/hunar-usa/wp-content/plugins/forminator/addons/pro/aweber/assets/" "Mozilla/5.0 AppleWebKit/537.36 (KHTML, like Gecko; compatible; GPTBot/1.3; +https://openai.com/gptbot)"
185.231.100.76 - - [04/May/2026:13:54:03 +0000] "GET /well-known/acme-challenge/d/b/?C=D;O=A HTTP/1.1" 200 2546 "-" "Mozilla/5.0 (compatible; MJ12bot/v1.4.8; http://mj12bot.com/)"
185.231.100.76 - - [04/May/2026:13:54:05 +0000] "GET /well-known/acme-challenge/d/b/?C=M;O=A HTTP/1.1" 200 2546 "-" "Mozilla/5.0 (compatible; MJ12bot/v1.4.8; http://mj12bot.com/)"
185.231.100.76 - - [04/May/2026:13:54:07 +0000] "GET /well-known/acme-challenge/d/b/?C=N;O=D HTTP/1.1" 200 2546 "-" "Mozilla/5.0 (compatible; MJ12bot/v1.4.8; http://mj12bot.com/)"
185.231.100.76 - - [04/May/2026:13:54:08 +0000] "GET /well-known/acme-challenge/d/b/?C=S;O=A HTTP/1.1" 200 2546 "-" "Mozilla/5.0 (compatible; MJ12bot/v1.4.8; http://mj12bot.com/)"
185.231.100.76 - - [04/May/2026:13:54:10 +0000] "GET /well-known/acme-challenge/d/c/?C=D;O=A HTTP/1.1" 200 2546 "-" "Mozilla/5.0 (compatible; MJ12bot/v1.4.8; http://mj12bot.com/)"
185.231.100.76 - - [04/May/2026:13:54:12 +0000] "GET /well-known/acme-challenge/d/c/?C=M;O=A HTTP/1.1" 200 2546 "-" "Mozilla/5.0 (compatible; MJ12bot/v1.4.8; http://mj12bot.com/)"
185.231.100.76 - - [04/May/2026:13:54:13 +0000] "GET /well-known/acme-challenge/d/c/?C=N;O=D HTTP/1.1" 200 2546 "-" "Mozilla/5.0 (compatible; MJ12bot/v1.4.8; http://mj12bot.com/)"
185.231.100.76 - - [04/May/2026:13:54:15 +0000] "GET /well-known/acme-challenge/d/c/?C=S;O=A HTTP/1.1" 200 2546 "-" "Mozilla/5.0 (compatible; MJ12bot/v1.4.8; http://mj12bot.com/)"
185.231.100.76 - - [04/May/2026:13:54:17 +0000] "GET /well-known/acme-challenge/d/d/?C=D;O=A HTTP/1.1" 200 2546 "-" "Mozilla/5.0 (compatible; MJ12bot/v1.4.8; http://mj12bot.com/)"
185.231.100.76 - - [04/May/2026:13:54:18 +0000] "GET /well-known/acme-challenge/d/d/?C=M;O=A HTTP/1.1" 200 2546 "-" "Mozilla/5.0 (compatible; MJ12bot/v1.4.8; http://mj12bot.com/)"
185.231.100.76 - - [04/May/2026:13:54:20 +0000] "GET /well-known/acme-challenge/d/d/?C=N;O=D HTTP/1.1" 200 2546 "-" "Mozilla/5.0 (compatible; MJ12bot/v1.4.8; http://mj12bot.com/)"
185.231.100.76 - - [04/May/2026:13:54:22 +0000] "GET /well-known/acme-challenge/d/d/?C=S;O=A HTTP/1.1" 200 2546 "-" "Mozilla/5.0 (compatible; MJ12bot/v1.4.8; http://mj12bot.com/)"
185.231.100.76 - - [04/May/2026:13:54:23 +0000] "GET /well-known/acme-challenge/d/e/?C=D;O=A HTTP/1.1" 200 2546 "-" "Mozilla/5.0 (compatible; MJ12bot/v1.4.8; http://mj12bot.com/)"
185.231.100.76 - - [04/May/2026:13:54:25 +0000] "GET /well-known/acme-challenge/d/e/?C=M;O=A HTTP/1.1" 200 2546 "-" "Mozilla/5.0 (compatible; MJ12bot/v1.4.8; http://mj12bot.com/)"
185.231.100.76 - - [04/May/2026:13:54:27 +0000] "GET /well-known/acme-challenge/d/e/?C=N;O=D HTTP/1.1" 200 2546 "-" "Mozilla/5.0 (compatible; MJ12bot/v1.4.8; http://mj12bot.com/)"
185.231.100.76 - - [04/May/2026:13:54:28 +0000] "GET /well-known/acme-challenge/d/e/?C=S;O=A HTTP/1.1" 200 2546 "-" "Mozilla/5.0 (compatible; MJ12bot/v1.4.8; http://mj12bot.com/)"
185.231.100.76 - - [04/May/2026:13:54:30 +0000] "GET /well-known/acme-challenge/d/f/?C=D;O=A HTTP/1.1" 200 2546 "-" "Mozilla/5.0 (compatible; MJ12bot/v1.4.8; http://mj12bot.com/)"
185.231.100.76 - - [04/May/2026:13:54:32 +0000] "GET /well-known/acme-challenge/d/f/?C=M;O=A HTTP/1.1" 200 2546 "-" "Mozilla/5.0 (compatible; MJ12bot/v1.4.8; http://mj12bot.com/)"
185.231.100.76 - - [04/May/2026:13:54:33 +0000] "GET /well-known/acme-challenge/d/f/?C=N;O=D HTTP/1.1" 200 2546 "-" "Mozilla/5.0 (compatible; MJ12bot/v1.4.8; http://mj12bot.com/)"
74.7.241.42 - - [04/May/2026:13:54:34 +0000] "GET /hunar-canada/wp-content/plugins/the-plus-addons-for-elementor-page-builder/modules/widgets/tp_progress_bar.php.sorry HTTP/1.1" 500 - "https://thehunarfoundation.org/hunar-canada/wp-content/plugins/the-plus-addons-for-elementor-page-builder/modules/widgets/" "Mozilla/5.0 AppleWebKit/537.36 (KHTML, like Gecko; compatible; GPTBot/1.3; +https://openai.com/gptbot)"
185.231.100.76 - - [04/May/2026:13:54:35 +0000] "GET /well-known/acme-challenge/d/f/?C=S;O=A HTTP/1.1" 200 2546 "-" "Mozilla/5.0 (compatible; MJ12bot/v1.4.8; http://mj12bot.com/)"
74.7.227.152 - - [04/May/2026:13:54:36 +0000] "GET /hunar-canada/wp-content/plugins/forminator/addons/pro/trello/lib/?C=M;O=A HTTP/1.1" 200 1442 "https://www.thehunarfoundation.org/hunar-canada/wp-content/plugins/forminator/addons/pro/trello/lib/" "Mozilla/5.0 AppleWebKit/537.36 (KHTML, like Gecko; compatible; GPTBot/1.3; +https://openai.com/gptbot)"
185.231.100.76 - - [04/May/2026:13:54:37 +0000] "GET /well-known/acme-challenge/d/g/?C=D;O=A HTTP/1.1" 200 2546 "-" "Mozilla/5.0 (compatible; MJ12bot/v1.4.8; http://mj12bot.com/)"
185.231.100.76 - - [04/May/2026:13:54:38 +0000] "GET /well-known/acme-challenge/d/g/?C=M;O=A HTTP/1.1" 200 2546 "-" "Mozilla/5.0 (compatible; MJ12bot/v1.4.8; http://mj12bot.com/)"
185.231.100.76 - - [04/May/2026:13:54:40 +0000] "GET /well-known/acme-challenge/d/g/?C=N;O=D HTTP/1.1" 200 2546 "-" "Mozilla/5.0 (compatible; MJ12bot/v1.4.8; http://mj12bot.com/)"
185.231.100.76 - - [04/May/2026:13:54:41 +0000] "GET /well-known/acme-challenge/d/g/?C=S;O=A HTTP/1.1" 200 2546 "-" "Mozilla/5.0 (compatible; MJ12bot/v1.4.8; http://mj12bot.com/)"
185.231.100.76 - - [04/May/2026:13:54:43 +0000] "GET /well-known/acme-challenge/d/h/?C=D;O=A HTTP/1.1" 200 2546 "-" "Mozilla/5.0 (compatible; MJ12bot/v1.4.8; http://mj12bot.com/)"
185.231.100.76 - - [04/May/2026:13:54:45 +0000] "GET /well-known/acme-challenge/d/h/?C=M;O=A HTTP/1.1" 200 2546 "-" "Mozilla/5.0 (compatible; MJ12bot/v1.4.8; http://mj12bot.com/)"
74.7.227.152 - - [04/May/2026:13:55:07 +0000] "GET /hunar-canada/wp-content/plugins/forminator/addons/pro/zapier/lib/?C=N;O=D HTTP/1.1" 200 1442 "https://www.thehunarfoundation.org/hunar-canada/wp-content/plugins/forminator/addons/pro/zapier/lib/" "Mozilla/5.0 AppleWebKit/537.36 (KHTML, like Gecko; compatible; GPTBot/1.3; +https://openai.com/gptbot)"
185.231.100.76 - - [04/May/2026:13:55:12 +0000] "GET /well-known/acme-challenge/d/h/?C=N;O=D HTTP/1.1" 200 2546 "-" "Mozilla/5.0 (compatible; MJ12bot/v1.4.8; http://mj12bot.com/)"
185.231.100.76 - - [04/May/2026:13:55:14 +0000] "GET /well-known/acme-challenge/d/h/?C=S;O=A HTTP/1.1" 200 2546 "-" "Mozilla/5.0 (compatible; MJ12bot/v1.4.8; http://mj12bot.com/)"
185.231.100.76 - - [04/May/2026:13:55:16 +0000] "GET /well-known/acme-challenge/d/i/?C=D;O=A HTTP/1.1" 200 2546 "-" "Mozilla/5.0 (compatible; MJ12bot/v1.4.8; http://mj12bot.com/)"
185.231.100.76 - - [04/May/2026:13:55:17 +0000] "GET /well-known/acme-challenge/d/i/?C=M;O=A HTTP/1.1" 200 2546 "-" "Mozilla/5.0 (compatible; MJ12bot/v1.4.8; http://mj12bot.com/)"
185.231.100.76 - - [04/May/2026:13:55:19 +0000] "GET /well-known/acme-challenge/d/i/?C=N;O=D HTTP/1.1" 200 2546 "-" "Mozilla/5.0 (compatible; MJ12bot/v1.4.8; http://mj12bot.com/)"
185.231.100.76 - - [04/May/2026:13:55:21 +0000] "GET /well-known/acme-challenge/d/i/?C=S;O=A HTTP/1.1" 200 2546 "-" "Mozilla/5.0 (compatible; MJ12bot/v1.4.8; http://mj12bot.com/)"
185.231.100.76 - - [04/May/2026:13:55:23 +0000] "GET /well-known/acme-challenge/d/j/?C=D;O=A HTTP/1.1" 200 2546 "-" "Mozilla/5.0 (compatible; MJ12bot/v1.4.8; http://mj12bot.com/)"
185.231.100.76 - - [04/May/2026:13:55:24 +0000] "GET /well-known/acme-challenge/d/j/?C=M;O=A HTTP/1.1" 200 2546 "-" "Mozilla/5.0 (compatible; MJ12bot/v1.4.8; http://mj12bot.com/)"
185.231.100.76 - - [04/May/2026:13:55:26 +0000] "GET /well-known/acme-challenge/d/j/?C=N;O=D HTTP/1.1" 200 2546 "-" "Mozilla/5.0 (compatible; MJ12bot/v1.4.8; http://mj12bot.com/)"
74.7.241.42 - - [04/May/2026:13:55:27 +0000] "GET /hunar-canada/wp-content/plugins/the-plus-addons-for-elementor-page-builder/modules/widgets/tp_page_scroll.php.sorry HTTP/1.1" 500 - "https://thehunarfoundation.org/hunar-canada/wp-content/plugins/the-plus-addons-for-elementor-page-builder/modules/widgets/" "Mozilla/5.0 AppleWebKit/537.36 (KHTML, like Gecko; compatible; GPTBot/1.3; +https://openai.com/gptbot)"
185.231.100.76 - - [04/May/2026:13:55:28 +0000] "GET /well-known/acme-challenge/d/j/?C=S;O=A HTTP/1.1" 200 2546 "-" "Mozilla/5.0 (compatible; MJ12bot/v1.4.8; http://mj12bot.com/)"
185.231.100.76 - - [04/May/2026:13:55:30 +0000] "GET /well-known/acme-challenge/d/k/?C=D;O=A HTTP/1.1" 200 2546 "-" "Mozilla/5.0 (compatible; MJ12bot/v1.4.8; http://mj12bot.com/)"
185.231.100.76 - - [04/May/2026:13:55:31 +0000] "GET /well-known/acme-challenge/d/k/?C=M;O=A HTTP/1.1" 200 2546 "-" "Mozilla/5.0 (compatible; MJ12bot/v1.4.8; http://mj12bot.com/)"
185.231.100.76 - - [04/May/2026:13:55:33 +0000] "GET /well-known/acme-challenge/d/k/?C=N;O=D HTTP/1.1" 200 2546 "-" "Mozilla/5.0 (compatible; MJ12bot/v1.4.8; http://mj12bot.com/)"
185.231.100.76 - - [04/May/2026:13:55:35 +0000] "GET /well-known/acme-challenge/d/k/?C=S;O=A HTTP/1.1" 200 2546 "-" "Mozilla/5.0 (compatible; MJ12bot/v1.4.8; http://mj12bot.com/)"
74.7.227.152 - - [04/May/2026:13:55:35 +0000] "GET /hunar-usa/wp-content/plugins/forminator/addons/pro/aweber/assets/?C=N;O=D HTTP/1.1" 200 1122 "https://www.thehunarfoundation.org/hunar-usa/wp-content/plugins/forminator/addons/pro/aweber/assets/" "Mozilla/5.0 AppleWebKit/537.36 (KHTML, like Gecko; compatible; GPTBot/1.3; +https://openai.com/gptbot)"
185.231.100.76 - - [04/May/2026:13:55:37 +0000] "GET /well-known/acme-challenge/e/?C=D;O=D HTTP/1.1" 200 2540 "-" "Mozilla/5.0 (compatible; MJ12bot/v1.4.8; http://mj12bot.com/)"
185.231.100.76 - - [04/May/2026:13:55:39 +0000] "GET /well-known/acme-challenge/e/a/?C=D;O=A HTTP/1.1" 200 2546 "-" "Mozilla/5.0 (compatible; MJ12bot/v1.4.8; http://mj12bot.com/)"
185.231.100.76 - - [04/May/2026:13:55:41 +0000] "GET /well-known/acme-challenge/e/a/?C=M;O=A HTTP/1.1" 200 2546 "-" "Mozilla/5.0 (compatible; MJ12bot/v1.4.8; http://mj12bot.com/)"
185.231.100.76 - - [04/May/2026:13:55:42 +0000] "GET /well-known/acme-challenge/e/a/?C=N;O=D HTTP/1.1" 200 2546 "-" "Mozilla/5.0 (compatible; MJ12bot/v1.4.8; http://mj12bot.com/)"
185.231.100.76 - - [04/May/2026:13:55:44 +0000] "GET /well-known/acme-challenge/e/a/?C=S;O=A HTTP/1.1" 200 2546 "-" "Mozilla/5.0 (compatible; MJ12bot/v1.4.8; http://mj12bot.com/)"
185.231.100.76 - - [04/May/2026:13:55:46 +0000] "GET /well-known/acme-challenge/e/b/?C=D;O=A HTTP/1.1" 200 2546 "-" "Mozilla/5.0 (compatible; MJ12bot/v1.4.8; http://mj12bot.com/)"
185.231.100.76 - - [04/May/2026:13:55:48 +0000] "GET /well-known/acme-challenge/e/b/?C=M;O=A HTTP/1.1" 200 2546 "-" "Mozilla/5.0 (compatible; MJ12bot/v1.4.8; http://mj12bot.com/)"
185.231.100.76 - - [04/May/2026:13:55:49 +0000] "GET /well-known/acme-challenge/e/b/?C=N;O=D HTTP/1.1" 200 2546 "-" "Mozilla/5.0 (compatible; MJ12bot/v1.4.8; http://mj12bot.com/)"
185.231.100.76 - - [04/May/2026:13:55:51 +0000] "GET /well-known/acme-challenge/e/b/?C=S;O=A HTTP/1.1" 200 2546 "-" "Mozilla/5.0 (compatible; MJ12bot/v1.4.8; http://mj12bot.com/)"
185.231.100.76 - - [04/May/2026:13:55:53 +0000] "GET /well-known/acme-challenge/e/c/?C=D;O=A HTTP/1.1" 200 2546 "-" "Mozilla/5.0 (compatible; MJ12bot/v1.4.8; http://mj12bot.com/)"
185.231.100.76 - - [04/May/2026:13:55:54 +0000] "GET /well-known/acme-challenge/e/c/?C=M;O=A HTTP/1.1" 200 2546 "-" "Mozilla/5.0 (compatible; MJ12bot/v1.4.8; http://mj12bot.com/)"
185.231.100.76 - - [04/May/2026:13:55:56 +0000] "GET /well-known/acme-challenge/e/c/?C=N;O=D HTTP/1.1" 200 2546 "-" "Mozilla/5.0 (compatible; MJ12bot/v1.4.8; http://mj12bot.com/)"
185.231.100.76 - - [04/May/2026:13:55:58 +0000] "GET /well-known/acme-challenge/e/c/?C=S;O=A HTTP/1.1" 200 2546 "-" "Mozilla/5.0 (compatible; MJ12bot/v1.4.8; http://mj12bot.com/)"
74.7.227.152 - - [04/May/2026:13:55:59 +0000] "GET /hunar-canada/wp-content/plugins/forminator/addons/pro/aweber/lib/?C=S;O=A HTTP/1.1" 200 1652 "https://www.thehunarfoundation.org/hunar-canada/wp-content/plugins/forminator/addons/pro/aweber/lib/" "Mozilla/5.0 AppleWebKit/537.36 (KHTML, like Gecko; compatible; GPTBot/1.3; +https://openai.com/gptbot)"
185.231.100.76 - - [04/May/2026:13:55:59 +0000] "GET /well-known/acme-challenge/e/d/?C=D;O=A HTTP/1.1" 200 2546 "-" "Mozilla/5.0 (compatible; MJ12bot/v1.4.8; http://mj12bot.com/)"
74.7.227.152 - - [04/May/2026:13:56:21 +0000] "GET /hunar-canada/wp-content/plugins/forminator/addons/pro/zapier/lib/?C=M;O=A HTTP/1.1" 200 1442 "https://www.thehunarfoundation.org/hunar-canada/wp-content/plugins/forminator/addons/pro/zapier/lib/" "Mozilla/5.0 AppleWebKit/537.36 (KHTML, like Gecko; compatible; GPTBot/1.3; +https://openai.com/gptbot)"
185.231.100.76 - - [04/May/2026:13:56:24 +0000] "GET /well-known/acme-challenge/e/d/?C=M;O=A HTTP/1.1" 200 2546 "-" "Mozilla/5.0 (compatible; MJ12bot/v1.4.8; http://mj12bot.com/)"
185.231.100.76 - - [04/May/2026:13:56:25 +0000] "GET /well-known/acme-challenge/e/d/?C=N;O=D HTTP/1.1" 200 2546 "-" "Mozilla/5.0 (compatible; MJ12bot/v1.4.8; http://mj12bot.com/)"
185.231.100.76 - - [04/May/2026:13:56:27 +0000] "GET /well-known/acme-challenge/e/d/?C=S;O=A HTTP/1.1" 200 2546 "-" "Mozilla/5.0 (compatible; MJ12bot/v1.4.8; http://mj12bot.com/)"
185.231.100.76 - - [04/May/2026:13:56:28 +0000] "GET /well-known/acme-challenge/e/e/?C=D;O=A HTTP/1.1" 200 2546 "-" "Mozilla/5.0 (compatible; MJ12bot/v1.4.8; http://mj12bot.com/)"
74.7.241.42 - - [04/May/2026:13:56:29 +0000] "GET /hunar-canada/wp-content/plugins/the-plus-addons-for-elementor-page-builder/modules/widgets/tp_post_comment.php.sorry HTTP/1.1" 500 - "https://thehunarfoundation.org/hunar-canada/wp-content/plugins/the-plus-addons-for-elementor-page-builder/modules/widgets/" "Mozilla/5.0 AppleWebKit/537.36 (KHTML, like Gecko; compatible; GPTBot/1.3; +https://openai.com/gptbot)"
185.231.100.76 - - [04/May/2026:13:56:30 +0000] "GET /well-known/acme-challenge/e/e/?C=M;O=A HTTP/1.1" 200 2546 "-" "Mozilla/5.0 (compatible; MJ12bot/v1.4.8; http://mj12bot.com/)"
185.231.100.76 - - [04/May/2026:13:56:32 +0000] "GET /well-known/acme-challenge/e/e/?C=N;O=D HTTP/1.1" 200 2546 "-" "Mozilla/5.0 (compatible; MJ12bot/v1.4.8; http://mj12bot.com/)"
185.231.100.76 - - [04/May/2026:13:56:33 +0000] "GET /well-known/acme-challenge/e/e/?C=S;O=A HTTP/1.1" 200 2546 "-" "Mozilla/5.0 (compatible; MJ12bot/v1.4.8; http://mj12bot.com/)"
185.231.100.76 - - [04/May/2026:13:56:35 +0000] "GET /well-known/acme-challenge/e/f/?C=D;O=A HTTP/1.1" 200 2546 "-" "Mozilla/5.0 (compatible; MJ12bot/v1.4.8; http://mj12bot.com/)"
185.231.100.76 - - [04/May/2026:13:56:37 +0000] "GET /well-known/acme-challenge/e/f/?C=M;O=A HTTP/1.1" 200 2546 "-" "Mozilla/5.0 (compatible; MJ12bot/v1.4.8; http://mj12bot.com/)"
185.231.100.76 - - [04/May/2026:13:56:38 +0000] "GET /well-known/acme-challenge/e/f/?C=N;O=D HTTP/1.1" 200 2546 "-" "Mozilla/5.0 (compatible; MJ12bot/v1.4.8; http://mj12bot.com/)"
185.231.100.76 - - [04/May/2026:13:56:40 +0000] "GET /well-known/acme-challenge/e/f/?C=S;O=A HTTP/1.1" 200 2546 "-" "Mozilla/5.0 (compatible; MJ12bot/v1.4.8; http://mj12bot.com/)"
74.7.227.152 - - [04/May/2026:13:56:41 +0000] "GET /hunar-usa/wp-content/plugins/forminator/addons/pro/aweber/assets/?C=M;O=A HTTP/1.1" 200 1122 "https://www.thehunarfoundation.org/hunar-usa/wp-content/plugins/forminator/addons/pro/aweber/assets/" "Mozilla/5.0 AppleWebKit/537.36 (KHTML, like Gecko; compatible; GPTBot/1.3; +https://openai.com/gptbot)"
185.231.100.76 - - [04/May/2026:13:56:42 +0000] "GET /well-known/acme-challenge/e/g/?C=D;O=A HTTP/1.1" 200 2546 "-" "Mozilla/5.0 (compatible; MJ12bot/v1.4.8; http://mj12bot.com/)"
185.231.100.76 - - [04/May/2026:13:56:43 +0000] "GET /well-known/acme-challenge/e/g/?C=M;O=A HTTP/1.1" 200 2546 "-" "Mozilla/5.0 (compatible; MJ12bot/v1.4.8; http://mj12bot.com/)"
185.231.100.76 - - [04/May/2026:13:56:45 +0000] "GET /well-known/acme-challenge/e/g/?C=N;O=D HTTP/1.1" 200 2546 "-" "Mozilla/5.0 (compatible; MJ12bot/v1.4.8; http://mj12bot.com/)"
185.231.100.76 - - [04/May/2026:13:56:47 +0000] "GET /well-known/acme-challenge/e/g/?C=S;O=A HTTP/1.1" 200 2546 "-" "Mozilla/5.0 (compatible; MJ12bot/v1.4.8; http://mj12bot.com/)"
185.231.100.76 - - [04/May/2026:13:56:48 +0000] "GET /well-known/acme-challenge/e/h/?C=D;O=A HTTP/1.1" 200 2546 "-" "Mozilla/5.0 (compatible; MJ12bot/v1.4.8; http://mj12bot.com/)"
185.231.100.76 - - [04/May/2026:13:56:50 +0000] "GET /well-known/acme-challenge/e/h/?C=M;O=A HTTP/1.1" 200 2546 "-" "Mozilla/5.0 (compatible; MJ12bot/v1.4.8; http://mj12bot.com/)"
185.231.100.76 - - [04/May/2026:13:56:52 +0000] "GET /well-known/acme-challenge/e/h/?C=N;O=D HTTP/1.1" 200 2546 "-" "Mozilla/5.0 (compatible; MJ12bot/v1.4.8; http://mj12bot.com/)"
185.231.100.76 - - [04/May/2026:13:56:54 +0000] "GET /well-known/acme-challenge/e/h/?C=S;O=A HTTP/1.1" 200 2546 "-" "Mozilla/5.0 (compatible; MJ12bot/v1.4.8; http://mj12bot.com/)"
185.231.100.76 - - [04/May/2026:13:56:55 +0000] "GET /well-known/acme-challenge/e/i/?C=D;O=A HTTP/1.1" 200 2546 "-" "Mozilla/5.0 (compatible; MJ12bot/v1.4.8; http://mj12bot.com/)"
185.231.100.76 - - [04/May/2026:13:56:57 +0000] "GET /well-known/acme-challenge/e/i/?C=M;O=A HTTP/1.1" 200 2546 "-" "Mozilla/5.0 (compatible; MJ12bot/v1.4.8; http://mj12bot.com/)"
185.231.100.76 - - [04/May/2026:13:56:59 +0000] "GET /well-known/acme-challenge/e/i/?C=N;O=D HTTP/1.1" 200 2546 "-" "Mozilla/5.0 (compatible; MJ12bot/v1.4.8; http://mj12bot.com/)"
74.7.227.152 - - [04/May/2026:13:56:59 +0000] "GET /hunar-usa/wp-content/plugins/forminator/addons/pro/aweber/assets/?C=S;O=D HTTP/1.1" 200 1122 "https://www.thehunarfoundation.org/hunar-usa/wp-content/plugins/forminator/addons/pro/aweber/assets/?C=S;O=A" "Mozilla/5.0 AppleWebKit/537.36 (KHTML, like Gecko; compatible; GPTBot/1.3; +https://openai.com/gptbot)"
185.231.100.76 - - [04/May/2026:13:57:00 +0000] "GET /well-known/acme-challenge/e/i/?C=S;O=A HTTP/1.1" 200 2546 "-" "Mozilla/5.0 (compatible; MJ12bot/v1.4.8; http://mj12bot.com/)"
185.231.100.76 - - [04/May/2026:13:57:02 +0000] "GET /well-known/acme-challenge/e/j/?C=D;O=A HTTP/1.1" 200 2546 "-" "Mozilla/5.0 (compatible; MJ12bot/v1.4.8; http://mj12bot.com/)"
185.231.100.76 - - [04/May/2026:13:57:04 +0000] "GET /well-known/acme-challenge/e/j/?C=M;O=A HTTP/1.1" 200 2546 "-" "Mozilla/5.0 (compatible; MJ12bot/v1.4.8; http://mj12bot.com/)"
185.231.100.76 - - [04/May/2026:13:57:05 +0000] "GET /well-known/acme-challenge/e/j/?C=N;O=D HTTP/1.1" 200 2546 "-" "Mozilla/5.0 (compatible; MJ12bot/v1.4.8; http://mj12bot.com/)"
185.231.100.76 - - [04/May/2026:13:57:07 +0000] "GET /well-known/acme-challenge/e/j/?C=S;O=A HTTP/1.1" 200 2546 "-" "Mozilla/5.0 (compatible; MJ12bot/v1.4.8; http://mj12bot.com/)"
185.231.100.76 - - [04/May/2026:13:57:09 +0000] "GET /well-known/acme-challenge/f/?C=D;O=D HTTP/1.1" 200 2540 "-" "Mozilla/5.0 (compatible; MJ12bot/v1.4.8; http://mj12bot.com/)"
185.231.100.76 - - [04/May/2026:13:57:10 +0000] "GET /well-known/acme-challenge/f/?C=M;O=D HTTP/1.1" 200 2540 "-" "Mozilla/5.0 (compatible; MJ12bot/v1.4.8; http://mj12bot.com/)"
185.231.100.76 - - [04/May/2026:13:57:12 +0000] "GET /well-known/acme-challenge/f/?C=S;O=D HTTP/1.1" 200 2540 "-" "Mozilla/5.0 (compatible; MJ12bot/v1.4.8; http://mj12bot.com/)"
185.231.100.76 - - [04/May/2026:13:57:14 +0000] "GET /well-known/acme-challenge/g/?C=D;O=D HTTP/1.1" 200 2540 "-" "Mozilla/5.0 (compatible; MJ12bot/v1.4.8; http://mj12bot.com/)"
74.7.227.152 - - [04/May/2026:13:57:15 +0000] "GET /hunar-usa/wp-content/plugins/forminator/addons/pro/hubspot/views/?C=D;O=D HTTP/1.1" 200 1495 "https://www.thehunarfoundation.org/hunar-usa/wp-content/plugins/forminator/addons/pro/hubspot/views/?C=D;O=A" "Mozilla/5.0 AppleWebKit/537.36 (KHTML, like Gecko; compatible; GPTBot/1.3; +https://openai.com/gptbot)"
185.231.100.76 - - [04/May/2026:13:57:15 +0000] "GET /well-known/acme-challenge/g/?C=M;O=D HTTP/1.1" 200 2540 "-" "Mozilla/5.0 (compatible; MJ12bot/v1.4.8; http://mj12bot.com/)"
185.231.100.76 - - [04/May/2026:13:57:17 +0000] "GET /well-known/acme-challenge/g/?C=S;O=D HTTP/1.1" 200 2540 "-" "Mozilla/5.0 (compatible; MJ12bot/v1.4.8; http://mj12bot.com/)"
185.231.100.76 - - [04/May/2026:13:57:18 +0000] "GET /well-known/acme-challenge/g/i/?C=D;O=A HTTP/1.1" 200 2546 "-" "Mozilla/5.0 (compatible; MJ12bot/v1.4.8; http://mj12bot.com/)"
185.231.100.76 - - [04/May/2026:13:57:20 +0000] "GET /well-known/acme-challenge/g/i/?C=M;O=A HTTP/1.1" 200 2546 "-" "Mozilla/5.0 (compatible; MJ12bot/v1.4.8; http://mj12bot.com/)"
185.231.100.76 - - [04/May/2026:13:57:22 +0000] "GET /well-known/acme-challenge/g/i/?C=N;O=D HTTP/1.1" 200 2546 "-" "Mozilla/5.0 (compatible; MJ12bot/v1.4.8; http://mj12bot.com/)"
185.231.100.76 - - [04/May/2026:13:57:24 +0000] "GET /well-known/acme-challenge/g/i/?C=S;O=A HTTP/1.1" 200 2546 "-" "Mozilla/5.0 (compatible; MJ12bot/v1.4.8; http://mj12bot.com/)"
185.231.100.76 - - [04/May/2026:13:57:25 +0000] "GET /well-known/acme-challenge/g/j/?C=D;O=A HTTP/1.1" 200 2546 "-" "Mozilla/5.0 (compatible; MJ12bot/v1.4.8; http://mj12bot.com/)"
185.231.100.76 - - [04/May/2026:13:57:27 +0000] "GET /well-known/acme-challenge/g/j/?C=M;O=A HTTP/1.1" 200 2546 "-" "Mozilla/5.0 (compatible; MJ12bot/v1.4.8; http://mj12bot.com/)"
74.7.227.152 - - [04/May/2026:13:57:29 +0000] "GET /hunar-canada/wp-content/plugins/forminator/addons/pro/trello/lib/?C=S;O=D HTTP/1.1" 200 1442 "https://www.thehunarfoundation.org/hunar-canada/wp-content/plugins/forminator/addons/pro/trello/lib/?C=S;O=A" "Mozilla/5.0 AppleWebKit/537.36 (KHTML, like Gecko; compatible; GPTBot/1.3; +https://openai.com/gptbot)"
74.7.241.42 - - [04/May/2026:13:57:30 +0000] "GET /hunar-canada/wp-content/plugins/the-plus-addons-for-elementor-page-builder/modules/widgets/tp_blog_listout.php.sorry HTTP/1.1" 500 - "https://thehunarfoundation.org/hunar-canada/wp-content/plugins/the-plus-addons-for-elementor-page-builder/modules/widgets/" "Mozilla/5.0 AppleWebKit/537.36 (KHTML, like Gecko; compatible; GPTBot/1.3; +https://openai.com/gptbot)"
185.231.100.76 - - [04/May/2026:13:57:40 +0000] "GET /well-known/acme-challenge/g/j/?C=N;O=D HTTP/1.1" 200 2546 "-" "Mozilla/5.0 (compatible; MJ12bot/v1.4.8; http://mj12bot.com/)"
185.231.100.76 - - [04/May/2026:13:57:41 +0000] "GET /well-known/acme-challenge/g/j/?C=S;O=A HTTP/1.1" 200 2546 "-" "Mozilla/5.0 (compatible; MJ12bot/v1.4.8; http://mj12bot.com/)"
74.7.227.152 - - [04/May/2026:13:57:42 +0000] "GET /hunar-usa/wp-content/plugins/forminator/addons/pro/aweber/assets/?C=N;O=A HTTP/1.1" 200 1122 "https://www.thehunarfoundation.org/hunar-usa/wp-content/plugins/forminator/addons/pro/aweber/assets/?C=S;O=A" "Mozilla/5.0 AppleWebKit/537.36 (KHTML, like Gecko; compatible; GPTBot/1.3; +https://openai.com/gptbot)"
185.231.100.76 - - [04/May/2026:13:57:43 +0000] "GET /well-known/acme-challenge/g/k/?C=D;O=A HTTP/1.1" 200 2546 "-" "Mozilla/5.0 (compatible; MJ12bot/v1.4.8; http://mj12bot.com/)"
185.231.100.76 - - [04/May/2026:13:57:45 +0000] "GET /well-known/acme-challenge/g/k/?C=M;O=A HTTP/1.1" 200 2546 "-" "Mozilla/5.0 (compatible; MJ12bot/v1.4.8; http://mj12bot.com/)"
185.231.100.76 - - [04/May/2026:13:57:46 +0000] "GET /well-known/acme-challenge/g/k/?C=N;O=D HTTP/1.1" 200 2546 "-" "Mozilla/5.0 (compatible; MJ12bot/v1.4.8; http://mj12bot.com/)"
185.231.100.76 - - [04/May/2026:13:57:48 +0000] "GET /well-known/acme-challenge/g/k/?C=S;O=A HTTP/1.1" 200 2546 "-" "Mozilla/5.0 (compatible; MJ12bot/v1.4.8; http://mj12bot.com/)"
185.231.100.76 - - [04/May/2026:13:57:50 +0000] "GET /well-known/acme-challenge/h/?C=D;O=D HTTP/1.1" 200 2540 "-" "Mozilla/5.0 (compatible; MJ12bot/v1.4.8; http://mj12bot.com/)"
185.231.100.76 - - [04/May/2026:13:57:51 +0000] "GET /well-known/acme-challenge/h/?C=M;O=D HTTP/1.1" 200 2540 "-" "Mozilla/5.0 (compatible; MJ12bot/v1.4.8; http://mj12bot.com/)"
185.231.100.76 - - [04/May/2026:13:57:53 +0000] "GET /well-known/acme-challenge/h/?C=S;O=D HTTP/1.1" 200 2540 "-" "Mozilla/5.0 (compatible; MJ12bot/v1.4.8; http://mj12bot.com/)"
74.7.227.152 - - [04/May/2026:13:57:54 +0000] "GET /hunar-usa/wp-content/plugins/forminator/addons/pro/mailchimp/lib/?C=N;O=A HTTP/1.1" 200 1451 "https://www.thehunarfoundation.org/hunar-usa/wp-content/plugins/forminator/addons/pro/mailchimp/lib/?C=S;O=A" "Mozilla/5.0 AppleWebKit/537.36 (KHTML, like Gecko; compatible; GPTBot/1.3; +https://openai.com/gptbot)"
185.231.100.76 - - [04/May/2026:13:57:55 +0000] "GET /well-known/acme-challenge/h/a/?C=D;O=A HTTP/1.1" 200 2546 "-" "Mozilla/5.0 (compatible; MJ12bot/v1.4.8; http://mj12bot.com/)"
185.231.100.76 - - [04/May/2026:13:57:56 +0000] "GET /well-known/acme-challenge/h/a/?C=M;O=A HTTP/1.1" 200 2546 "-" "Mozilla/5.0 (compatible; MJ12bot/v1.4.8; http://mj12bot.com/)"
185.231.100.76 - - [04/May/2026:13:57:58 +0000] "GET /well-known/acme-challenge/h/a/?C=N;O=D HTTP/1.1" 200 2546 "-" "Mozilla/5.0 (compatible; MJ12bot/v1.4.8; http://mj12bot.com/)"
185.231.100.76 - - [04/May/2026:13:58:00 +0000] "GET /well-known/acme-challenge/h/a/?C=S;O=A HTTP/1.1" 200 2546 "-" "Mozilla/5.0 (compatible; MJ12bot/v1.4.8; http://mj12bot.com/)"
185.231.100.76 - - [04/May/2026:13:58:01 +0000] "GET /well-known/acme-challenge/j/?C=M;O=D HTTP/1.1" 200 2540 "-" "Mozilla/5.0 (compatible; MJ12bot/v1.4.8; http://mj12bot.com/)"
185.231.100.76 - - [04/May/2026:13:58:03 +0000] "GET /well-known/acme-challenge/j/?C=S;O=D HTTP/1.1" 200 2540 "-" "Mozilla/5.0 (compatible; MJ12bot/v1.4.8; http://mj12bot.com/)"
185.231.100.76 - - [04/May/2026:13:58:04 +0000] "GET /well-known/acme-challenge/j/a/?C=D;O=A HTTP/1.1" 200 2546 "-" "Mozilla/5.0 (compatible; MJ12bot/v1.4.8; http://mj12bot.com/)"
74.7.227.152 - - [04/May/2026:13:58:05 +0000] "GET /hunar-canada/wp-content/plugins/forminator/addons/pro/trello/lib/?C=M;O=D HTTP/1.1" 200 1442 "https://www.thehunarfoundation.org/hunar-canada/wp-content/plugins/forminator/addons/pro/trello/lib/?C=M;O=A" "Mozilla/5.0 AppleWebKit/537.36 (KHTML, like Gecko; compatible; GPTBot/1.3; +https://openai.com/gptbot)"
185.231.100.76 - - [04/May/2026:13:58:06 +0000] "GET /well-known/acme-challenge/j/a/?C=M;O=A HTTP/1.1" 200 2546 "-" "Mozilla/5.0 (compatible; MJ12bot/v1.4.8; http://mj12bot.com/)"
185.231.100.76 - - [04/May/2026:13:58:08 +0000] "GET /well-known/acme-challenge/j/a/?C=N;O=D HTTP/1.1" 200 2546 "-" "Mozilla/5.0 (compatible; MJ12bot/v1.4.8; http://mj12bot.com/)"
185.231.100.76 - - [04/May/2026:13:58:09 +0000] "GET /well-known/acme-challenge/j/a/?C=S;O=A HTTP/1.1" 200 2546 "-" "Mozilla/5.0 (compatible; MJ12bot/v1.4.8; http://mj12bot.com/)"
185.231.100.76 - - [04/May/2026:13:58:11 +0000] "GET /well-known/acme-challenge/j/b/?C=D;O=A HTTP/1.1" 200 2546 "-" "Mozilla/5.0 (compatible; MJ12bot/v1.4.8; http://mj12bot.com/)"
185.231.100.76 - - [04/May/2026:13:58:13 +0000] "GET /well-known/acme-challenge/j/b/?C=M;O=A HTTP/1.1" 200 2546 "-" "Mozilla/5.0 (compatible; MJ12bot/v1.4.8; http://mj12bot.com/)"
74.7.227.152 - - [04/May/2026:13:58:14 +0000] "GET /hunar-canada/wp-content/plugins/forminator/addons/pro/aweber/lib/?C=M;O=D HTTP/1.1" 200 1652 "https://www.thehunarfoundation.org/hunar-canada/wp-content/plugins/forminator/addons/pro/aweber/lib/?C=M;O=A" "Mozilla/5.0 AppleWebKit/537.36 (KHTML, like Gecko; compatible; GPTBot/1.3; +https://openai.com/gptbot)"
185.231.100.76 - - [04/May/2026:13:58:14 +0000] "GET /well-known/acme-challenge/j/b/?C=N;O=D HTTP/1.1" 200 2546 "-" "Mozilla/5.0 (compatible; MJ12bot/v1.4.8; http://mj12bot.com/)"
185.231.100.76 - - [04/May/2026:13:58:16 +0000] "GET /well-known/acme-challenge/j/b/?C=S;O=A HTTP/1.1" 200 2546 "-" "Mozilla/5.0 (compatible; MJ12bot/v1.4.8; http://mj12bot.com/)"
185.231.100.76 - - [04/May/2026:13:58:18 +0000] "GET /well-known/acme-challenge/j/c/?C=D;O=A HTTP/1.1" 200 2546 "-" "Mozilla/5.0 (compatible; MJ12bot/v1.4.8; http://mj12bot.com/)"
185.231.100.76 - - [04/May/2026:13:58:20 +0000] "GET /well-known/acme-challenge/j/c/?C=M;O=A HTTP/1.1" 200 2546 "-" "Mozilla/5.0 (compatible; MJ12bot/v1.4.8; http://mj12bot.com/)"
185.231.100.76 - - [04/May/2026:13:58:21 +0000] "GET /well-known/acme-challenge/j/c/?C=N;O=D HTTP/1.1" 200 2546 "-" "Mozilla/5.0 (compatible; MJ12bot/v1.4.8; http://mj12bot.com/)"
74.7.227.152 - - [04/May/2026:13:58:23 +0000] "GET /hunar-canada/wp-content/plugins/forminator/addons/pro/trello/lib/?C=N;O=D HTTP/1.1" 200 1442 "https://www.thehunarfoundation.org/hunar-canada/wp-content/plugins/forminator/addons/pro/trello/lib/" "Mozilla/5.0 AppleWebKit/537.36 (KHTML, like Gecko; compatible; GPTBot/1.3; +https://openai.com/gptbot)"
185.231.100.76 - - [04/May/2026:13:58:23 +0000] "GET /well-known/acme-challenge/j/c/?C=S;O=A HTTP/1.1" 200 2546 "-" "Mozilla/5.0 (compatible; MJ12bot/v1.4.8; http://mj12bot.com/)"
185.231.100.76 - - [04/May/2026:13:58:25 +0000] "GET /well-known/acme-challenge/j/d/?C=D;O=A HTTP/1.1" 200 2546 "-" "Mozilla/5.0 (compatible; MJ12bot/v1.4.8; http://mj12bot.com/)"
185.231.100.76 - - [04/May/2026:13:58:26 +0000] "GET /well-known/acme-challenge/j/d/?C=M;O=A HTTP/1.1" 200 2546 "-" "Mozilla/5.0 (compatible; MJ12bot/v1.4.8; http://mj12bot.com/)"
185.231.100.76 - - [04/May/2026:13:58:28 +0000] "GET /well-known/acme-challenge/j/d/?C=N;O=D HTTP/1.1" 200 2546 "-" "Mozilla/5.0 (compatible; MJ12bot/v1.4.8; http://mj12bot.com/)"
185.231.100.76 - - [04/May/2026:13:58:30 +0000] "GET /well-known/acme-challenge/j/d/?C=S;O=A HTTP/1.1" 200 2546 "-" "Mozilla/5.0 (compatible; MJ12bot/v1.4.8; http://mj12bot.com/)"
74.7.227.152 - - [04/May/2026:13:58:30 +0000] "GET /hunar-canada/wp-content/plugins/forminator/addons/pro/zapier/lib/?C=M;O=D HTTP/1.1" 200 1442 "https://www.thehunarfoundation.org/hunar-canada/wp-content/plugins/forminator/addons/pro/zapier/lib/?C=M;O=A" "Mozilla/5.0 AppleWebKit/537.36 (KHTML, like Gecko; compatible; GPTBot/1.3; +https://openai.com/gptbot)"
185.231.100.76 - - [04/May/2026:13:58:31 +0000] "GET /well-known/acme-challenge/j/e/?C=D;O=A HTTP/1.1" 200 2546 "-" "Mozilla/5.0 (compatible; MJ12bot/v1.4.8; http://mj12bot.com/)"
185.231.100.76 - - [04/May/2026:13:58:33 +0000] "GET /well-known/acme-challenge/j/e/?C=M;O=A HTTP/1.1" 200 2546 "-" "Mozilla/5.0 (compatible; MJ12bot/v1.4.8; http://mj12bot.com/)"
185.231.100.76 - - [04/May/2026:13:58:34 +0000] "GET /well-known/acme-challenge/j/e/?C=N;O=D HTTP/1.1" 200 2546 "-" "Mozilla/5.0 (compatible; MJ12bot/v1.4.8; http://mj12bot.com/)"
74.7.241.42 - - [04/May/2026:13:58:35 +0000] "GET /hunar-canada/wp-content/plugins/the-plus-addons-for-elementor-page-builder/modules/widgets/tp_social_icon.php.sorry HTTP/1.1" 500 - "https://thehunarfoundation.org/hunar-canada/wp-content/plugins/the-plus-addons-for-elementor-page-builder/modules/widgets/" "Mozilla/5.0 AppleWebKit/537.36 (KHTML, like Gecko; compatible; GPTBot/1.3; +https://openai.com/gptbot)"
185.231.100.76 - - [04/May/2026:13:58:36 +0000] "GET /well-known/acme-challenge/j/e/?C=S;O=A HTTP/1.1" 200 2546 "-" "Mozilla/5.0 (compatible; MJ12bot/v1.4.8; http://mj12bot.com/)"
74.7.227.152 - - [04/May/2026:13:58:37 +0000] "GET /hunar-usa/wp-content/plugins/forminator/addons/pro/hubspot/views/?C=S;O=D HTTP/1.1" 200 1495 "https://www.thehunarfoundation.org/hunar-usa/wp-content/plugins/forminator/addons/pro/hubspot/views/?C=S;O=A" "Mozilla/5.0 AppleWebKit/537.36 (KHTML, like Gecko; compatible; GPTBot/1.3; +https://openai.com/gptbot)"
185.231.100.76 - - [04/May/2026:13:58:38 +0000] "GET /well-known/acme-challenge/j/f/?C=D;O=A HTTP/1.1" 200 2546 "-" "Mozilla/5.0 (compatible; MJ12bot/v1.4.8; http://mj12bot.com/)"
185.231.100.76 - - [04/May/2026:13:58:39 +0000] "GET /well-known/acme-challenge/j/f/?C=M;O=A HTTP/1.1" 200 2546 "-" "Mozilla/5.0 (compatible; MJ12bot/v1.4.8; http://mj12bot.com/)"
185.231.100.76 - - [04/May/2026:13:58:41 +0000] "GET /well-known/acme-challenge/j/f/?C=N;O=D HTTP/1.1" 200 2546 "-" "Mozilla/5.0 (compatible; MJ12bot/v1.4.8; http://mj12bot.com/)"
185.231.100.76 - - [04/May/2026:13:58:43 +0000] "GET /well-known/acme-challenge/j/f/?C=S;O=A HTTP/1.1" 200 2546 "-" "Mozilla/5.0 (compatible; MJ12bot/v1.4.8; http://mj12bot.com/)"
74.7.227.152 - - [04/May/2026:13:58:43 +0000] "GET /hunar-usa/wp-content/plugins/forminator/addons/pro/aweber/assets/?C=M;O=D HTTP/1.1" 200 1122 "https://www.thehunarfoundation.org/hunar-usa/wp-content/plugins/forminator/addons/pro/aweber/assets/?C=M;O=A" "Mozilla/5.0 AppleWebKit/537.36 (KHTML, like Gecko; compatible; GPTBot/1.3; +https://openai.com/gptbot)"
